Last updated on 2023-06-05 00:55:39 CEST.
Flavor | Version | Tinstall | Tcheck | Ttotal | Status | Flags |
---|---|---|---|---|---|---|
r-devel-linux-x86_64-debian-clang | 0.3.1 | 19.19 | 280.99 | 300.18 | OK | |
r-devel-linux-x86_64-debian-gcc | 0.3.1 | 16.13 | 211.21 | 227.34 | OK | |
r-devel-linux-x86_64-fedora-clang | 0.3.1 | 365.99 | NOTE | |||
r-devel-linux-x86_64-fedora-gcc | 0.3.1 | 359.88 | NOTE | |||
r-devel-windows-x86_64 | 0.3.1 | 20.00 | 244.00 | 264.00 | OK | |
r-patched-linux-x86_64 | 0.3.1 | 28.16 | 262.53 | 290.69 | OK | |
r-release-linux-x86_64 | 0.3.1 | 18.21 | 262.67 | 280.88 | OK | |
r-release-macos-arm64 | 0.3.1 | 106.00 | OK | |||
r-release-macos-x86_64 | 0.3.0 | 156.00 | OK | |||
r-release-windows-x86_64 | 0.3.1 | 25.00 | 320.00 | 345.00 | OK | |
r-oldrel-macos-arm64 | 0.3.1 | 112.00 | OK | |||
r-oldrel-macos-x86_64 | 0.3.1 | 125.00 | OK | |||
r-oldrel-windows-x86_64 | 0.3.1 | 25.00 | 290.00 | 315.00 | OK |
Version: 0.3.1
Check: data for non-ASCII characters
Result: NOTE
Note: found 52 marked UTF-8 strings
Flavors: r-devel-linux-x86_64-fedora-clang, r-devel-linux-x86_64-fedora-gcc