CRAN Package Check Results for Package vivo

Last updated on 2019-12-15 19:48:58 CET.

Flavor Version Tinstall Tcheck Ttotal Status Flags
r-devel-linux-x86_64-debian-clang 0.1.1 4.15 55.57 59.72 OK
r-devel-linux-x86_64-debian-gcc 0.1.1 3.76 44.53 48.29 OK
r-devel-linux-x86_64-fedora-clang 0.1.1 77.10 NOTE
r-devel-linux-x86_64-fedora-gcc 0.1.1 69.75 NOTE
r-devel-windows-ix86+x86_64 0.1.1 13.00 104.00 117.00 OK
r-devel-windows-ix86+x86_64-gcc8 0.1.1 13.00 101.00 114.00 OK
r-patched-linux-x86_64 0.1.1 3.95 50.47 54.42 OK
r-patched-solaris-x86 0.1.1 98.60 NOTE
r-release-linux-x86_64 0.1.1 3.92 50.60 54.52 OK
r-release-windows-ix86+x86_64 0.1.1 9.00 71.00 80.00 OK
r-release-osx-x86_64 0.1.1 NOTE
r-oldrel-windows-ix86+x86_64 0.1.1 6.00 69.00 75.00 OK
r-oldrel-osx-x86_64 0.1.1 NOTE

Check Details

Version: 0.1.1
Check: dependencies in R code
Result: NOTE
    Namespace in Imports field not imported from: ‘ingredients’
     All declared Imports should be used.
Flavors: r-devel-linux-x86_64-fedora-clang, r-devel-linux-x86_64-fedora-gcc, r-patched-solaris-x86, r-release-osx-x86_64, r-oldrel-osx-x86_64