CRAN Package Check Results for Package vivo

Last updated on 2022-11-28 05:52:39 CET.

Flavor Version Tinstall Tcheck Ttotal Status Flags
r-devel-linux-x86_64-debian-clang 0.2.1 5.64 98.39 104.03 NOTE
r-devel-linux-x86_64-debian-gcc 0.2.1 4.62 72.60 77.22 NOTE
r-devel-linux-x86_64-fedora-clang 0.2.1 139.67 NOTE
r-devel-linux-x86_64-fedora-gcc 0.2.1 134.49 NOTE
r-devel-windows-x86_64 0.2.1 10.00 136.00 146.00 NOTE
r-patched-linux-x86_64 0.2.1 4.34 91.48 95.82 NOTE
r-release-linux-x86_64 0.2.1 4.33 90.58 94.91 NOTE
r-release-macos-arm64 0.2.1 61.00 NOTE
r-release-macos-x86_64 0.2.1 72.00 NOTE
r-release-windows-x86_64 0.2.1 20.00 160.00 180.00 NOTE
r-oldrel-macos-arm64 0.2.1 66.00 NOTE
r-oldrel-macos-x86_64 0.2.1 75.00 NOTE
r-oldrel-windows-ix86+x86_64 0.2.1 16.00 125.00 141.00 NOTE

Check Details

Version: 0.2.1
Check: LazyData
Result: NOTE
     'LazyData' is specified without a 'data' directory
Flavors: r-devel-linux-x86_64-debian-clang, r-devel-linux-x86_64-debian-gcc, r-devel-linux-x86_64-fedora-clang, r-devel-linux-x86_64-fedora-gcc, r-devel-windows-x86_64, r-patched-linux-x86_64, r-release-linux-x86_64, r-release-macos-arm64, r-release-macos-x86_64, r-release-windows-x86_64, r-oldrel-macos-arm64, r-oldrel-macos-x86_64, r-oldrel-windows-ix86+x86_64