CRAN Package Check Results for Package volleystat

Last updated on 2020-02-20 11:49:50 CET.

Flavor Version Tinstall Tcheck Ttotal Status Flags
r-devel-linux-x86_64-debian-clang 0.2.0 2.69 59.51 62.20 OK
r-devel-linux-x86_64-debian-gcc 0.2.0 2.27 43.57 45.84 OK
r-devel-linux-x86_64-fedora-clang 0.2.0 75.95 NOTE
r-devel-linux-x86_64-fedora-gcc 0.2.0 71.50 NOTE
r-devel-windows-ix86+x86_64 0.2.0 6.00 78.00 84.00 OK
r-devel-windows-ix86+x86_64-gcc8 0.2.0 10.00 69.00 79.00 OK
r-patched-linux-x86_64 0.2.0 2.25 30.67 32.92 OK
r-patched-solaris-x86 0.2.0 66.00 NOTE
r-release-linux-x86_64 0.2.0 2.16 33.17 35.33 OK
r-release-windows-ix86+x86_64 0.2.0 6.00 46.00 52.00 OK
r-release-osx-x86_64 0.2.0 NOTE
r-oldrel-windows-ix86+x86_64 0.2.0 4.00 40.00 44.00 OK
r-oldrel-osx-x86_64 0.2.0 NOTE

Check Details

Version: 0.2.0
Check: data for non-ASCII characters
Result: NOTE
     Note: found 4954 marked UTF-8 strings
Flavors: r-devel-linux-x86_64-fedora-clang, r-devel-linux-x86_64-fedora-gcc, r-patched-solaris-x86, r-release-osx-x86_64, r-oldrel-osx-x86_64