CRAN Package Check Results for Package volleystat

Last updated on 2020-09-24 04:57:35 CEST.

Flavor Version Tinstall Tcheck Ttotal Status Flags
r-devel-linux-x86_64-debian-clang 0.2.0 2.70 34.80 37.50 OK
r-devel-linux-x86_64-debian-gcc 0.2.0 2.08 28.32 30.40 OK
r-devel-linux-x86_64-fedora-clang 0.2.0 63.94 NOTE
r-devel-linux-x86_64-fedora-gcc 0.2.0 47.30 NOTE
r-devel-windows-ix86+x86_64 0.2.0 6.00 44.00 50.00 OK
r-patched-linux-x86_64 0.2.0 2.44 34.58 37.02 OK
r-patched-solaris-x86 0.2.0 69.90 NOTE
r-release-linux-x86_64 0.2.0 2.30 35.62 37.92 OK
r-release-macos-x86_64 0.2.0 NOTE
r-release-windows-ix86+x86_64 0.2.0 5.00 57.00 62.00 OK
r-oldrel-macos-x86_64 0.2.0 NOTE
r-oldrel-windows-ix86+x86_64 0.2.0 4.00 58.00 62.00 OK

Check Details

Version: 0.2.0
Check: data for non-ASCII characters
Result: NOTE
     Note: found 4954 marked UTF-8 strings
Flavors: r-devel-linux-x86_64-fedora-clang, r-devel-linux-x86_64-fedora-gcc, r-patched-solaris-x86, r-release-macos-x86_64, r-oldrel-macos-x86_64