CRAN Package Check Results for Package votesmart

Last updated on 2021-04-11 00:47:06 CEST.

Flavor Version Tinstall Tcheck Ttotal Status Flags
r-devel-linux-x86_64-debian-clang 0.1.0 5.09 50.36 55.45 OK
r-devel-linux-x86_64-debian-gcc 0.1.0 3.97 37.47 41.44 OK
r-devel-linux-x86_64-fedora-clang 0.1.0 72.17 NOTE
r-devel-linux-x86_64-fedora-gcc 0.1.0 61.33 NOTE
r-devel-windows-ix86+x86_64 0.1.0 8.00 50.00 58.00 OK
r-devel-windows-x86_64-gcc10-UCRT 0.1.0 NOTE
r-patched-linux-x86_64 0.1.0 5.18 45.96 51.14 OK
r-patched-solaris-x86 0.1.0 96.10 NOTE
r-release-linux-x86_64 0.1.0 5.01 45.71 50.72 OK
r-release-macos-x86_64 0.1.0 NOTE
r-release-windows-ix86+x86_64 0.1.0 26.00 67.00 93.00 OK
r-oldrel-macos-x86_64 0.1.0 NOTE
r-oldrel-windows-ix86+x86_64 0.1.0 10.00 49.00 59.00 OK

Check Details

Version: 0.1.0
Check: dependencies in R code
Result: NOTE
    Namespace in Imports field not imported from: ‘glue’
     All declared Imports should be used.
Flavors: r-devel-linux-x86_64-fedora-clang, r-devel-linux-x86_64-fedora-gcc, r-devel-windows-x86_64-gcc10-UCRT, r-patched-solaris-x86, r-release-macos-x86_64, r-oldrel-macos-x86_64