CRAN Package Check Results for Package votesys

Last updated on 2021-12-04 04:52:45 CET.

Flavor Version Tinstall Tcheck Ttotal Status Flags
r-devel-linux-x86_64-debian-clang 0.1.1 8.92 72.04 80.96 NOTE
r-devel-linux-x86_64-debian-gcc 0.1.1 6.26 53.82 60.08 NOTE
r-devel-linux-x86_64-fedora-clang 0.1.1 112.08 NOTE
r-devel-linux-x86_64-fedora-gcc 0.1.1 95.81 NOTE
r-devel-windows-x86_64-new-UL 0.1.1 19.00 105.00 124.00 NOTE
r-devel-windows-x86_64-new-TK 0.1.1 NOTE
r-devel-windows-x86_64-old 0.1.1 14.00 68.00 82.00 NOTE
r-patched-linux-x86_64 0.1.1 9.01 67.24 76.25 NOTE
r-release-linux-x86_64 0.1.1 8.71 67.99 76.70 NOTE
r-release-macos-arm64 0.1.1 NOTE
r-release-macos-x86_64 0.1.1 NOTE
r-release-windows-ix86+x86_64 0.1.1 19.00 91.00 110.00 NOTE
r-oldrel-macos-x86_64 0.1.1 OK
r-oldrel-windows-ix86+x86_64 0.1.1 20.00 89.00 109.00 OK

Check Details

Version: 0.1.1
Check: LazyData
Result: NOTE
     'LazyData' is specified without a 'data' directory
Flavors: r-devel-linux-x86_64-debian-clang, r-devel-linux-x86_64-debian-gcc, r-devel-linux-x86_64-fedora-clang, r-devel-linux-x86_64-fedora-gcc, r-devel-windows-x86_64-new-UL, r-devel-windows-x86_64-new-TK, r-devel-windows-x86_64-old, r-patched-linux-x86_64, r-release-linux-x86_64, r-release-macos-arm64, r-release-macos-x86_64, r-release-windows-ix86+x86_64