CRAN Package Check Results for Package vowels

Last updated on 2017-12-17 23:53:33 CET.

Flavor Version Tinstall Tcheck Ttotal Status Flags
r-devel-linux-x86_64-debian-clang 1.2-1 0.81 20.23 21.04 NOTE
r-devel-linux-x86_64-debian-gcc NOTE
r-devel-linux-x86_64-fedora-clang 1.2-1 26.92 NOTE
r-devel-linux-x86_64-fedora-gcc 1.2-1 25.97 NOTE
r-devel-windows-ix86+x86_64 1.2-1 3.00 31.00 34.00 NOTE
r-patched-linux-x86_64 1.2-1 0.77 22.03 22.80 NOTE
r-patched-solaris-x86 1.2-1 34.30 NOTE
r-release-linux-x86_64 1.2-1 0.78 21.63 22.41 NOTE
r-release-windows-ix86+x86_64 1.2-1 2.00 31.00 33.00 NOTE
r-release-osx-x86_64 1.2-1 NOTE
r-oldrel-windows-ix86+x86_64 1.2-1 2.00 29.00 31.00 NOTE
r-oldrel-osx-x86_64 1.2-1 NOTE

Check Details

Version: 1.2-1
Check: R code for possible problems
Result: NOTE
    add.spread.vowelplot: no visible global function definition for
     ‘points’
    add.spread.vowelplot: no visible binding for global variable ‘mtext’
    add.spread.vowelplot: no visible global function definition for ‘lines’
    add.spread.vowelplot: no visible global function definition for
     ‘prcomp’
    add.spread.vowelplot: no visible global function definition for
     ‘arrows’
    add.spread.vowelplot: no visible global function definition for
     ‘legend’
    add.spread.vowelplot: no visible global function definition for ‘text’
    add.vowelplot: no visible global function definition for ‘points’
    add.vowelplot: no visible binding for global variable ‘mtext’
    add.vowelplot: no visible global function definition for ‘arrows’
    add.vowelplot: no visible global function definition for ‘text’
    compute.medians: no visible global function definition for ‘median’
    compute.sds: no visible global function definition for ‘sd’
    load.vowels: no visible global function definition for ‘read.table’
    norm.lobanov: no visible global function definition for ‘sd’
    vowelplot: no visible global function definition for ‘plot’
    vowelplot: no visible global function definition for ‘legend’
    vowelplot: no visible global function definition for ‘arrows’
    vowelplot: no visible global function definition for ‘text’
    Undefined global functions or variables:
     arrows legend lines median mtext plot points prcomp read.table sd
     text
    Consider adding
     importFrom("graphics", "arrows", "legend", "lines", "mtext", "plot",
     "points", "text")
     importFrom("stats", "median", "prcomp", "sd")
     importFrom("utils", "read.table")
    to your NAMESPACE file.
Flavors: r-devel-linux-x86_64-debian-clang, r-devel-linux-x86_64-debian-gcc, r-devel-linux-x86_64-fedora-clang, r-devel-linux-x86_64-fedora-gcc, r-devel-windows-ix86+x86_64, r-patched-linux-x86_64, r-patched-solaris-x86, r-release-linux-x86_64, r-release-windows-ix86+x86_64, r-release-osx-x86_64, r-oldrel-windows-ix86+x86_64, r-oldrel-osx-x86_64