CRAN Package Check Results for Package vows

Last updated on 2015-01-30 11:49:27.

Flavor Version Tinstall Tcheck Ttotal Status Flags
r-devel-linux-x86_64-debian-clang 0.3.1 4.76 57.24 61.99 NOTE
r-devel-linux-x86_64-debian-gcc 0.3.1 4.60 57.18 61.78 NOTE
r-devel-linux-x86_64-fedora-clang 0.3.1 147.55 NOTE
r-devel-linux-x86_64-fedora-gcc 0.3.1 141.24 NOTE
r-devel-osx-x86_64-clang 0.3.1 144.69 NOTE
r-devel-windows-ix86+x86_64 0.3.1 18.00 82.00 100.00 OK
r-patched-linux-x86_64 0.3.1 5.39 68.89 74.28 NOTE
r-patched-solaris-sparc 0.3.1 845.50 NOTE
r-patched-solaris-x86 0.3.1 215.10 NOTE
r-release-linux-ix86 0.3.1 6.12 88.97 95.09 NOTE
r-release-linux-x86_64 0.3.1 5.41 67.27 72.68 NOTE
r-release-osx-x86_64-mavericks 0.3.1 OK
r-release-osx-x86_64-snowleopard 0.3.1 OK
r-release-windows-ix86+x86_64 0.3.1 17.00 105.00 122.00 OK
r-oldrel-windows-ix86+x86_64 0.3.1 16.00 89.00 105.00 OK

Check Details

Version: 0.3.1
Check: package dependencies
Result: NOTE
    Package suggested but not available for checking: ‘Rniftilib’
Flavors: r-devel-linux-x86_64-debian-clang, r-devel-linux-x86_64-debian-gcc, r-devel-linux-x86_64-fedora-clang, r-devel-linux-x86_64-fedora-gcc, r-devel-osx-x86_64-clang, r-patched-linux-x86_64, r-patched-solaris-sparc, r-patched-solaris-x86, r-release-linux-ix86, r-release-linux-x86_64

Version: 0.3.1
Check: S3 generic/method consistency
Result: NOTE
    Found the following apparent S3 methods exported but not registered:
     Predict.matrix.bspline.smooth smooth.construct.be.smooth.spec
     smooth.construct.bq.smooth.spec
    See section ‘Registering S3 methods’ in the ‘Writing R Extensions’
    manual.
Flavors: r-devel-linux-x86_64-debian-clang, r-devel-linux-x86_64-debian-gcc, r-devel-linux-x86_64-fedora-clang, r-devel-linux-x86_64-fedora-gcc, r-devel-osx-x86_64-clang