CRAN Package Check Results for Package vows

Last updated on 2014-08-31 05:50:24.

Flavor Version Tinstall Tcheck Ttotal Status Flags
r-devel-linux-x86_64-debian-clang 0.3 5.28 64.05 69.33 OK
r-devel-linux-x86_64-debian-gcc 0.3 5.14 62.57 67.71 OK
r-devel-linux-x86_64-fedora-clang 0.3 79.94 OK
r-devel-linux-x86_64-fedora-gcc 0.3 151.18 OK
r-devel-osx-x86_64-clang 0.3 76.43 OK
r-devel-windows-ix86+x86_64 0.3 19.00 93.00 112.00 OK
r-patched-linux-x86_64 0.3 5.46 66.03 71.49 OK
r-patched-solaris-sparc 0.3 840.80 OK
r-patched-solaris-x86 0.3 174.60 OK
r-release-linux-ix86 0.2-1 6.71 89.98 96.69 NOTE
r-release-linux-x86_64 0.2-1 5.64 67.72 73.36 NOTE
r-release-osx-x86_64-mavericks 0.3 OK
r-release-osx-x86_64-snowleopard 0.2-1 NOTE
r-release-windows-ix86+x86_64 0.3 12.00 78.00 90.00 OK
r-oldrel-windows-ix86+x86_64 0.3 14.00 89.00 103.00 OK

Check Details

Version: 0.2-1
Check: package dependencies
Result: NOTE
    Depends: includes the non-default packages:
     ‘fda’ ‘gamm4’ ‘RLRsim’ ‘Rniftilib’ ‘rpanel’ ‘shape’ ‘stringr’ ‘tcltk’
     ‘tkrplot’
    Adding so many packages to the search path is excessive and importing
    selectively is preferable.
Flavors: r-release-linux-ix86, r-release-linux-x86_64, r-release-osx-x86_64-snowleopard

Version: 0.2-1
Check: dependencies in R code
Result: NOTE
    'library' or 'require' calls to packages already attached by Depends:
     ‘RLRsim’ ‘Rniftilib’ ‘fda’ ‘gamm4’ ‘rpanel’ ‘shape’ ‘stringr’
     Please remove these calls from your code.
    See the information on DESCRIPTION files in the chapter ‘Creating R
    packages’ of the ‘Writing R Extensions’ manual.
Flavors: r-release-linux-ix86, r-release-linux-x86_64, r-release-osx-x86_64-snowleopard