CRAN Package Check Results for Package vows

Last updated on 2014-04-24 03:47:57.

Flavor Version Tinstall Tcheck Ttotal Status Flags
r-devel-linux-x86_64-debian-clang 0.2-1 6.26 70.33 76.59 NOTE
r-devel-linux-x86_64-debian-gcc 0.2-1 5.77 70.30 76.07 NOTE
r-devel-linux-x86_64-fedora-clang 0.2-1 168.40 NOTE
r-devel-linux-x86_64-fedora-gcc 0.2-1 160.01 NOTE
r-devel-osx-x86_64-clang 0.2-1 144.56 NOTE
r-devel-osx-x86_64-gcc 0.2-1 ERROR
r-devel-windows-ix86+x86_64 0.2-1 19.00 95.00 114.00 NOTE
r-patched-linux-x86_64 0.2-1 5.85 69.95 75.80 NOTE
r-patched-solaris-sparc 0.2-1 905.90 NOTE
r-patched-solaris-x86 0.2-1 230.40 NOTE
r-release-linux-ix86 0.2-1 8.00 118.00 126.00 NOTE
r-release-linux-x86_64 0.2-1 5.80 70.54 76.34 NOTE
r-release-osx-x86_64-mavericks 0.2-1 NOTE
r-release-osx-x86_64-snowleopard 0.2-1 NOTE
r-release-windows-ix86+x86_64 0.2-1 16.00 96.00 112.00 NOTE
r-oldrel-windows-ix86+x86_64 0.2-1 14.00 91.00 105.00 NOTE

Check Details

Version: 0.2-1
Check: package dependencies
Result: NOTE
    Depends: includes the non-default packages:
     ‘fda’ ‘gamm4’ ‘RLRsim’ ‘Rniftilib’ ‘rpanel’ ‘shape’ ‘stringr’ ‘tcltk’
     ‘tkrplot’
    Adding so many packages to the search path is excessive and importing
    selectively is preferable.
Flavors: r-devel-linux-x86_64-debian-clang, r-devel-linux-x86_64-debian-gcc, r-devel-linux-x86_64-fedora-clang, r-devel-linux-x86_64-fedora-gcc, r-devel-osx-x86_64-clang, r-devel-windows-ix86+x86_64, r-patched-linux-x86_64, r-patched-solaris-sparc, r-patched-solaris-x86, r-release-linux-ix86, r-release-linux-x86_64, r-release-osx-x86_64-mavericks, r-release-osx-x86_64-snowleopard, r-release-windows-ix86+x86_64

Version: 0.2-1
Check: dependencies in R code
Result: NOTE
    'library' or 'require' calls to packages already attached by Depends:
     ‘RLRsim’ ‘Rniftilib’ ‘fda’ ‘gamm4’ ‘rpanel’ ‘shape’ ‘stringr’
     Please remove these calls from your code.
    See the information on DESCRIPTION files in the chapter ‘Creating R
    packages’ of the ‘Writing R Extensions’ manual.
Flavors: r-devel-linux-x86_64-debian-clang, r-devel-linux-x86_64-debian-gcc, r-devel-linux-x86_64-fedora-clang, r-devel-linux-x86_64-fedora-gcc, r-devel-osx-x86_64-clang, r-devel-windows-ix86+x86_64, r-patched-linux-x86_64, r-patched-solaris-sparc, r-patched-solaris-x86, r-release-linux-ix86, r-release-linux-x86_64, r-release-osx-x86_64-mavericks, r-release-osx-x86_64-snowleopard, r-release-windows-ix86+x86_64, r-oldrel-windows-ix86+x86_64

Version: 0.2-1
Check: package dependencies
Result: ERROR
    Package required but not available: ‘fda’
    
    Depends: includes the non-default packages:
     ‘fda’ ‘gamm4’ ‘RLRsim’ ‘Rniftilib’ ‘rpanel’ ‘shape’ ‘stringr’ ‘tcltk’
     ‘tkrplot’
    Adding so many packages to the search path is excessive and importing
    selectively is preferable.
    
    See the information on DESCRIPTION files in the chapter ‘Creating R
    packages’ of the ‘Writing R Extensions’ manual.
Flavor: r-devel-osx-x86_64-gcc