CRAN Package Check Results for Package vows

Last updated on 2016-06-28 00:47:20.

Flavor Version Tinstall Tcheck Ttotal Status Flags
r-devel-linux-x86_64-debian-gcc 0.4 3.58 48.24 51.82 NOTE
r-devel-linux-x86_64-fedora-clang 0.4 98.99 NOTE
r-devel-linux-x86_64-fedora-gcc 0.4 96.50 NOTE
r-devel-osx-x86_64-clang 0.4 79.87 NOTE
r-devel-windows-ix86+x86_64 0.4 16.00 77.00 93.00 NOTE
r-patched-linux-x86_64 0.4 3.96 52.17 56.14 NOTE
r-patched-solaris-sparc 0.4 622.40 NOTE
r-patched-solaris-x86 0.4 138.20 NOTE
r-release-linux-x86_64 0.4 4.10 47.95 52.05 NOTE
r-release-osx-x86_64-mavericks 0.4 ERROR
r-release-windows-ix86+x86_64 0.4 14.00 77.00 91.00 NOTE
r-oldrel-windows-ix86+x86_64 0.4 11.00 120.00 131.00 OK

Check Details

Version: 0.4
Check: R code for possible problems
Result: NOTE
    F.mp: no visible global function definition for ‘model.matrix’
    F.mp: no visible global function definition for ‘pf’
    Fdr.rlrt: no visible global function definition for ‘pchisq’
    funkmeans: no visible global function definition for ‘kmeans’
    funkpanel : draw: no visible global function definition for ‘image’
    funkpanel : scatterplot: no visible global function definition for
     ‘plot’
    funkpanel : legend.draw: no visible global function definition for
     ‘plot’
    lm.mp: no visible global function definition for ‘model.matrix’
    lm4d: no visible global function definition for ‘model.matrix’
    permF.mp: no visible global function definition for ‘model.matrix’
    permF.mp: no visible global function definition for ‘quantile’
    plot.funkmeans: no visible global function definition for ‘par’
    plot.funkmeans: no visible global function definition for ‘plot’
    plot.funkmeans: no visible global function definition for ‘mtext’
    plot.funkmeans: no visible global function definition for ‘lines’
    plot.rlrt4d: no visible global function definition for ‘par’
    plot.rlrt4d: no visible global function definition for ‘image’
    plot.semipar.mp: no visible global function definition for
     ‘terms.formula’
    plot.semipar.mp: no visible global function definition for ‘par’
    plot.semipar.mp: no visible global function definition for ‘qnorm’
    plot.semipar.mp: no visible global function definition for ‘plot’
    plot.semipar.mp: no visible global function definition for ‘rug’
    plot.semipar.mp: no visible global function definition for ‘lines’
    rlrt.mp.fit: no visible global function definition for ‘p.adjust’
    semipar.mp: no visible global function definition for ‘terms.formula’
    semipar.mp: no visible binding for global variable ‘quantile’
    semipar.mp: no visible global function definition for ‘model.matrix’
    sf: no visible global function definition for ‘quantile’
    smooth.construct.bq.smooth.spec: no visible global function definition
     for ‘quantile’
    summary.lm.mp: no visible global function definition for ‘pt’
    Undefined global functions or variables:
     image kmeans lines model.matrix mtext p.adjust par pchisq pf plot pt
     qnorm quantile rug terms.formula
    Consider adding
     importFrom("graphics", "image", "lines", "mtext", "par", "plot", "rug")
     importFrom("stats", "kmeans", "model.matrix", "p.adjust", "pchisq",
     "pf", "pt", "qnorm", "quantile", "terms.formula")
    to your NAMESPACE file.
Flavors: r-devel-linux-x86_64-debian-gcc, r-devel-linux-x86_64-fedora-clang, r-devel-linux-x86_64-fedora-gcc, r-devel-osx-x86_64-clang, r-devel-windows-ix86+x86_64, r-patched-linux-x86_64, r-patched-solaris-sparc, r-patched-solaris-x86, r-release-linux-x86_64, r-release-osx-x86_64-mavericks, r-release-windows-ix86+x86_64

Version: 0.4
Check: dependencies in R code
Result: NOTE
    Invalid MIT-MAGIC-COOKIE-1 key
Flavor: r-release-osx-x86_64-mavericks

Version: 0.4
Check: S3 generic/method consistency
Result: WARN
    Invalid MIT-MAGIC-COOKIE-1 key
    See section ‘Generic functions and methods’ in the ‘Writing R
    Extensions’ manual.
Flavor: r-release-osx-x86_64-mavericks

Version: 0.4
Check: replacement functions
Result: WARN
    Invalid MIT-MAGIC-COOKIE-1 key
    The argument of a replacement function which corresponds to the right
    hand side must be named ‘value’.
Flavor: r-release-osx-x86_64-mavericks

Version: 0.4
Check: foreign function calls
Result: NOTE
    Invalid MIT-MAGIC-COOKIE-1 key
    See chapter ‘System and foreign language interfaces’ in the ‘Writing R
    Extensions’ manual.
Flavor: r-release-osx-x86_64-mavericks

Version: 0.4
Check: for missing documentation entries
Result: WARN
    Invalid MIT-MAGIC-COOKIE-1 key
    All user-level objects in a package should have documentation entries.
    See chapter ‘Writing R documentation files’ in the ‘Writing R
    Extensions’ manual.
Flavor: r-release-osx-x86_64-mavericks

Version: 0.4
Check: for code/documentation mismatches
Result: WARN
    Invalid MIT-MAGIC-COOKIE-1 key
    Invalid MIT-MAGIC-COOKIE-1 key
    Invalid MIT-MAGIC-COOKIE-1 key
Flavor: r-release-osx-x86_64-mavericks

Version: 0.4
Check: Rd \usage sections
Result: NOTE
    Invalid MIT-MAGIC-COOKIE-1 key
    The \usage entries for S3 methods should use the \method markup and not
    their full name.
    See chapter ‘Writing R documentation files’ in the ‘Writing R
    Extensions’ manual.
Flavor: r-release-osx-x86_64-mavericks

Version: 0.4
Check: examples
Result: ERROR
    Running examples in ‘vows-Ex.R’ failed
    The error most likely occurred in:
    
    > ### Name: funkpanel
    > ### Title: Interactive visualization of massively parallel smoothing
    > ### results
    > ### Aliases: funkpanel
    >
    > ### ** Examples
    >
    > data(test)
    > d4 = test$d4
    > x = test$x
    > semi.obj = semipar4d(d4, ~sf(x), -5:5, data.frame(x = x))
    Log smoothing parameter -5
    Log smoothing parameter -4
    Log smoothing parameter -3
    Log smoothing parameter -2
    Log smoothing parameter -1
    Log smoothing parameter 0
    Log smoothing parameter 1
    Log smoothing parameter 2
    Log smoothing parameter 3
    Log smoothing parameter 4
    Log smoothing parameter 5
    > fdobj = extract.fd(semi.obj)
    > fkmobj = funkmeans4d(fdobj, d4, ncomp=6, centers=3)
    > funkpanel(fkmobj, semi.obj, d4, x)
    Error in structure(.External(.C_dotTclObjv, objv), class = "tclObj") :
     [tcl] invalid command name "toplevel".
    Calls: funkpanel ... handshake -> fun -> tkwidget -> tcl -> .Tcl.objv -> structure
    Execution halted
Flavor: r-release-osx-x86_64-mavericks