CRAN Package Check Results for Package vows

Last updated on 2015-04-18 21:49:26.

Flavor Version Tinstall Tcheck Ttotal Status Flags
r-devel-linux-x86_64-debian-clang 0.4 4.08 50.24 54.31 OK
r-devel-linux-x86_64-debian-gcc 0.4 4.01 50.13 54.14 OK
r-devel-linux-x86_64-fedora-clang 0.4 112.81 OK
r-devel-linux-x86_64-fedora-gcc 0.4 105.85 OK
r-devel-osx-x86_64-clang 0.4 94.75 OK
r-patched-linux-x86_64 0.4 3.98 50.90 54.89 OK
r-patched-solaris-sparc 0.4 697.00 OK
r-patched-solaris-x86 0.4 147.50 OK
r-release-linux-x86_64 0.4 4.08 44.76 48.84 OK
r-release-osx-x86_64-mavericks 0.4 OK
r-release-osx-x86_64-snowleopard 0.4 ERROR
r-release-windows-ix86+x86_64 0.4 12.00 92.00 104.00 OK
r-oldrel-windows-ix86+x86_64 0.4 20.00 123.00 143.00 OK

Check Details

Version: 0.4
Check: package dependencies
Result: ERROR
    Package required but not available: ‘fda’
    
    See section ‘The DESCRIPTION file’ in the ‘Writing R Extensions’
    manual.
Flavor: r-release-osx-x86_64-snowleopard