CRAN Package Check Results for Package vows

Last updated on 2014-07-22 23:48:28.

Flavor Version Tinstall Tcheck Ttotal Status Flags
r-devel-linux-x86_64-debian-clang 0.2-1 5.52 67.02 72.54 NOTE
r-devel-linux-x86_64-debian-gcc 0.2-1 5.34 65.68 71.02 NOTE
r-devel-linux-x86_64-fedora-clang 0.2-1 171.83 NOTE
r-devel-linux-x86_64-fedora-gcc 0.2-1 160.79 NOTE
r-devel-osx-x86_64-clang 0.2-1 138.77 NOTE
r-devel-windows-ix86+x86_64 0.2-1 5.00 1.00 6.00 ERROR
r-patched-linux-x86_64 0.2-1 5.64 67.02 72.66 NOTE
r-patched-solaris-sparc 0.2-1 905.90 NOTE
r-patched-solaris-x86 0.2-1 185.60 NOTE
r-release-linux-ix86 0.2-1 6.72 86.71 93.44 NOTE
r-release-linux-x86_64 0.2-1 5.73 67.62 73.36 NOTE
r-release-osx-x86_64-mavericks 0.2-1 NOTE
r-release-osx-x86_64-snowleopard 0.2-1 NOTE
r-release-windows-ix86+x86_64 0.2-1 19.00 101.00 120.00 NOTE
r-oldrel-windows-ix86+x86_64 0.2-1 17.00 96.00 113.00 NOTE

Check Details

Version: 0.2-1
Check: package dependencies
Result: NOTE
    Depends: includes the non-default packages:
     ‘fda’ ‘gamm4’ ‘RLRsim’ ‘Rniftilib’ ‘rpanel’ ‘shape’ ‘stringr’ ‘tcltk’
     ‘tkrplot’
    Adding so many packages to the search path is excessive and importing
    selectively is preferable.
Flavors: r-devel-linux-x86_64-debian-clang, r-devel-linux-x86_64-debian-gcc, r-devel-linux-x86_64-fedora-clang, r-devel-linux-x86_64-fedora-gcc, r-devel-osx-x86_64-clang, r-devel-windows-ix86+x86_64, r-patched-linux-x86_64, r-patched-solaris-sparc, r-patched-solaris-x86, r-release-linux-ix86, r-release-linux-x86_64, r-release-osx-x86_64-mavericks, r-release-osx-x86_64-snowleopard, r-release-windows-ix86+x86_64

Version: 0.2-1
Check: dependencies in R code
Result: NOTE
    'library' or 'require' calls to packages already attached by Depends:
     ‘RLRsim’ ‘Rniftilib’ ‘fda’ ‘gamm4’ ‘rpanel’ ‘shape’ ‘stringr’
     Please remove these calls from your code.
    See the information on DESCRIPTION files in the chapter ‘Creating R
    packages’ of the ‘Writing R Extensions’ manual.
Flavors: r-devel-linux-x86_64-debian-clang, r-devel-linux-x86_64-debian-gcc, r-devel-linux-x86_64-fedora-clang, r-devel-linux-x86_64-fedora-gcc, r-devel-osx-x86_64-clang, r-patched-linux-x86_64, r-patched-solaris-sparc, r-patched-solaris-x86, r-release-linux-ix86, r-release-linux-x86_64, r-release-osx-x86_64-mavericks, r-release-osx-x86_64-snowleopard, r-release-windows-ix86+x86_64, r-oldrel-windows-ix86+x86_64

Version: 0.2-1
Check: whether package can be installed
Result: ERROR
    Installation failed.
    See 'd:/Rcompile/CRANpkg/local/3.2/vows.Rcheck/00install.out' for details.
Flavor: r-devel-windows-ix86+x86_64