CRAN Package Check Results for Package vows

Last updated on 2015-07-01 16:47:48.

Flavor Version Tinstall Tcheck Ttotal Status Flags
r-devel-linux-x86_64-debian-clang 0.4 3.97 48.10 52.07 NOTE
r-devel-linux-x86_64-debian-gcc 0.4 3.84 49.22 53.06 NOTE
r-devel-linux-x86_64-fedora-clang 0.4 108.55 NOTE
r-devel-linux-x86_64-fedora-gcc 0.4 102.99 NOTE
r-devel-osx-x86_64-clang 0.4 83.31 OK
r-devel-windows-ix86+x86_64 0.4 11.00 79.00 90.00 NOTE
r-patched-linux-x86_64 0.4 3.95 50.36 54.32 OK
r-patched-solaris-sparc 0.4 680.70 OK
r-patched-solaris-x86 0.4 151.40 OK
r-release-linux-x86_64 0.4 3.98 49.30 53.28 OK
r-release-osx-x86_64-mavericks 0.4 OK
r-release-windows-ix86+x86_64 0.4 12.00 76.00 88.00 OK
r-oldrel-windows-ix86+x86_64 0.4 16.00 122.00 138.00 OK

Check Details

Version: 0.4
Check: R code for possible problems
Result: NOTE
    F.mp: no visible global function definition for ‘model.matrix’
    F.mp: no visible global function definition for ‘pf’
    Fdr.rlrt: no visible global function definition for ‘pchisq’
    funkmeans: no visible global function definition for ‘kmeans’
    funkpanel : draw: no visible global function definition for ‘image’
    funkpanel : scatterplot: no visible global function definition for
     ‘plot’
    funkpanel : legend.draw: no visible global function definition for
     ‘plot’
    lm.mp: no visible global function definition for ‘model.matrix’
    lm4d: no visible global function definition for ‘model.matrix’
    permF.mp: no visible global function definition for ‘model.matrix’
    permF.mp: no visible global function definition for ‘quantile’
    plot.funkmeans: no visible global function definition for ‘par’
    plot.funkmeans: no visible global function definition for ‘plot’
    plot.funkmeans: no visible global function definition for ‘mtext’
    plot.funkmeans: no visible global function definition for ‘lines’
    plot.rlrt4d: no visible global function definition for ‘par’
    plot.rlrt4d: no visible global function definition for ‘image’
    plot.semipar.mp: no visible global function definition for
     ‘terms.formula’
    plot.semipar.mp: no visible global function definition for ‘par’
    plot.semipar.mp: no visible global function definition for ‘qnorm’
    plot.semipar.mp: no visible global function definition for ‘plot’
    plot.semipar.mp: no visible global function definition for ‘rug’
    plot.semipar.mp: no visible global function definition for ‘lines’
    rlrt.mp.fit: no visible global function definition for ‘p.adjust’
    semipar.mp: no visible global function definition for ‘terms.formula’
    semipar.mp: no visible binding for global variable ‘quantile’
    semipar.mp: no visible global function definition for ‘model.matrix’
    sf: no visible global function definition for ‘quantile’
    smooth.construct.bq.smooth.spec: no visible global function definition
     for ‘quantile’
    summary.lm.mp: no visible global function definition for ‘pt’
Flavors: r-devel-linux-x86_64-debian-clang, r-devel-linux-x86_64-debian-gcc, r-devel-linux-x86_64-fedora-clang, r-devel-linux-x86_64-fedora-gcc, r-devel-windows-ix86+x86_64