CRAN Package Check Results for Package vows

Last updated on 2015-08-30 19:47:25.

Flavor Version Tinstall Tcheck Ttotal Status Flags
r-devel-linux-x86_64-debian-clang 0.4 3.85 47.24 51.09 NOTE
r-devel-linux-x86_64-debian-gcc 0.4 3.71 47.99 51.70 NOTE
r-devel-linux-x86_64-fedora-clang 0.4 104.26 NOTE
r-devel-linux-x86_64-fedora-gcc 0.4 97.31 NOTE
r-devel-osx-x86_64-clang 0.4 81.27 OK
r-devel-windows-ix86+x86_64 0.4 17.00 80.00 97.00 NOTE
r-patched-linux-x86_64 0.4 4.22 50.92 55.14 OK
r-patched-solaris-sparc 0.4 691.30 OK
r-patched-solaris-x86 0.4 152.70 OK
r-release-linux-x86_64 0.4 4.87 51.94 56.81 OK
r-release-osx-x86_64-mavericks 0.4 OK
r-release-windows-ix86+x86_64 0.4 17.00 85.00 102.00 OK
r-oldrel-windows-ix86+x86_64 0.4 25.00 154.00 179.00 OK

Check Details

Version: 0.4
Check: R code for possible problems
Result: NOTE
    F.mp: no visible global function definition for ‘model.matrix’
    F.mp: no visible global function definition for ‘pf’
    Fdr.rlrt: no visible global function definition for ‘pchisq’
    funkmeans: no visible global function definition for ‘kmeans’
    funkpanel : draw: no visible global function definition for ‘image’
    funkpanel : scatterplot: no visible global function definition for
     ‘plot’
    funkpanel : legend.draw: no visible global function definition for
     ‘plot’
    lm.mp: no visible global function definition for ‘model.matrix’
    lm4d: no visible global function definition for ‘model.matrix’
    permF.mp: no visible global function definition for ‘model.matrix’
    permF.mp: no visible global function definition for ‘quantile’
    plot.funkmeans: no visible global function definition for ‘par’
    plot.funkmeans: no visible global function definition for ‘plot’
    plot.funkmeans: no visible global function definition for ‘mtext’
    plot.funkmeans: no visible global function definition for ‘lines’
    plot.rlrt4d: no visible global function definition for ‘par’
    plot.rlrt4d: no visible global function definition for ‘image’
    plot.semipar.mp: no visible global function definition for
     ‘terms.formula’
    plot.semipar.mp: no visible global function definition for ‘par’
    plot.semipar.mp: no visible global function definition for ‘qnorm’
    plot.semipar.mp: no visible global function definition for ‘plot’
    plot.semipar.mp: no visible global function definition for ‘rug’
    plot.semipar.mp: no visible global function definition for ‘lines’
    rlrt.mp.fit: no visible global function definition for ‘p.adjust’
    semipar.mp: no visible global function definition for ‘terms.formula’
    semipar.mp: no visible binding for global variable ‘quantile’
    semipar.mp: no visible global function definition for ‘model.matrix’
    sf: no visible global function definition for ‘quantile’
    smooth.construct.bq.smooth.spec: no visible global function definition
     for ‘quantile’
    summary.lm.mp: no visible global function definition for ‘pt’
    Undefined global functions or variables:
     image kmeans lines model.matrix mtext p.adjust par pchisq pf plot pt
     qnorm quantile rug terms.formula
    Consider adding
     importFrom("graphics", "image", "lines", "mtext", "par", "plot", "rug")
     importFrom("stats", "kmeans", "model.matrix", "p.adjust", "pchisq",
     "pf", "pt", "qnorm", "quantile", "terms.formula")
    to your NAMESPACE.
Flavors: r-devel-linux-x86_64-debian-clang, r-devel-linux-x86_64-debian-gcc, r-devel-linux-x86_64-fedora-clang, r-devel-linux-x86_64-fedora-gcc, r-devel-windows-ix86+x86_64