CRAN Package Check Results for Package vows

Last updated on 2015-05-22 21:46:48.

Flavor Version Tinstall Tcheck Ttotal Status Flags
r-devel-linux-x86_64-debian-clang 0.4 3.95 49.79 53.74 OK
r-devel-linux-x86_64-debian-gcc 0.4 3.79 50.36 54.15 OK
r-devel-linux-x86_64-fedora-clang 0.4 110.83 OK
r-devel-linux-x86_64-fedora-gcc 0.4 104.59 OK
r-devel-osx-x86_64-clang 0.4 93.81 OK
r-devel-windows-ix86+x86_64 0.4 16.00 72.00 88.00 OK
r-patched-linux-x86_64 0.4 3.93 50.45 54.38 OK
r-patched-solaris-sparc 0.4 680.70 OK
r-patched-solaris-x86 0.4 150.10 OK
r-release-linux-x86_64 0.4 4.02 50.44 54.46 OK
r-release-osx-x86_64-mavericks 0.4 OK
r-release-osx-x86_64-snowleopard 0.4 ERROR
r-release-windows-ix86+x86_64 0.4 15.00 78.00 93.00 OK
r-oldrel-windows-ix86+x86_64 0.4 16.00 95.00 111.00 OK

Check Details

Version: 0.4
Check: package dependencies
Result: ERROR
    Package required but not available: ‘fda’
    
    See section ‘The DESCRIPTION file’ in the ‘Writing R Extensions’
    manual.
Flavor: r-release-osx-x86_64-snowleopard