CRAN Package Check Results for Package vrmlgen

Last updated on 2014-10-25 08:49:12.

Flavor Version Tinstall Tcheck Ttotal Status Flags
r-devel-linux-x86_64-debian-clang 1.4.9 0.92 21.90 22.82 NOTE
r-devel-linux-x86_64-debian-gcc 1.4.9 0.91 21.29 22.20 NOTE
r-devel-linux-x86_64-fedora-clang 1.4.9 42.34 NOTE
r-devel-linux-x86_64-fedora-gcc 1.4.9 38.57 NOTE
r-devel-osx-x86_64-clang 1.4.9 42.30 NOTE
r-devel-windows-ix86+x86_64 1.4.9 3.00 32.00 35.00 NOTE
r-patched-linux-x86_64 1.4.9 0.93 22.22 23.15 NOTE
r-patched-solaris-sparc 1.4.9 232.10 NOTE
r-patched-solaris-x86 1.4.9 50.10 NOTE
r-release-linux-ix86 1.4.9 1.32 28.09 29.42 OK
r-release-linux-x86_64 1.4.9 0.90 21.79 22.70 OK
r-release-osx-x86_64-mavericks 1.4.9 OK
r-release-osx-x86_64-snowleopard 1.4.9 OK
r-release-windows-ix86+x86_64 1.4.9 3.00 32.00 35.00 OK
r-oldrel-windows-ix86+x86_64 1.4.9 4.00 39.00 43.00 OK

Check Details

Version: 1.4.9
Check: R code for possible problems
Result: NOTE
    .vdensecalc: no visible global function definition for ‘contour3d’
Flavors: r-devel-linux-x86_64-debian-clang, r-devel-linux-x86_64-debian-gcc, r-devel-linux-x86_64-fedora-clang, r-devel-linux-x86_64-fedora-gcc, r-devel-osx-x86_64-clang, r-devel-windows-ix86+x86_64, r-patched-linux-x86_64, r-patched-solaris-sparc, r-patched-solaris-x86