CRAN Package Check Results for Package vrmlgen

Last updated on 2015-02-01 17:50:24.

Flavor Version Tinstall Tcheck Ttotal Status Flags
r-devel-linux-x86_64-debian-clang 1.4.9 1.08 19.81 20.89 NOTE
r-devel-linux-x86_64-debian-gcc 1.4.9 0.82 19.55 20.37 NOTE
r-devel-linux-x86_64-fedora-clang 1.4.9 42.56 NOTE
r-devel-linux-x86_64-fedora-gcc 1.4.9 36.60 NOTE
r-devel-osx-x86_64-clang 1.4.9 46.95 NOTE
r-devel-windows-ix86+x86_64 1.4.9 5.00 42.00 47.00 NOTE
r-patched-linux-x86_64 1.4.9 1.04 21.16 22.20 NOTE
r-patched-solaris-sparc 1.4.9 230.00 NOTE
r-patched-solaris-x86 1.4.9 50.20 NOTE
r-release-linux-ix86 1.4.9 1.31 31.59 32.90 NOTE
r-release-linux-x86_64 1.4.9 0.94 22.24 23.17 NOTE
r-release-osx-x86_64-mavericks 1.4.9 NOTE
r-release-osx-x86_64-snowleopard 1.4.9 OK
r-release-windows-ix86+x86_64 1.4.9 4.00 44.00 48.00 NOTE
r-oldrel-windows-ix86+x86_64 1.4.9 3.00 48.00 51.00 OK

Check Details

Version: 1.4.9
Check: dependencies in R code
Result: NOTE
    'library' or 'require' call to ‘misc3d’ in package code.
     Please use :: or requireNamespace() instead.
     See section 'Suggested packages' in the 'Writing R Extensions' manual.
Flavors: r-devel-linux-x86_64-debian-clang, r-devel-linux-x86_64-debian-gcc, r-devel-linux-x86_64-fedora-clang, r-devel-linux-x86_64-fedora-gcc, r-devel-osx-x86_64-clang, r-devel-windows-ix86+x86_64

Version: 1.4.9
Check: R code for possible problems
Result: NOTE
    .vdensecalc: no visible global function definition for ‘contour3d’
Flavors: r-devel-linux-x86_64-debian-clang, r-devel-linux-x86_64-debian-gcc, r-devel-linux-x86_64-fedora-clang, r-devel-linux-x86_64-fedora-gcc, r-devel-osx-x86_64-clang, r-devel-windows-ix86+x86_64, r-patched-linux-x86_64, r-patched-solaris-sparc, r-patched-solaris-x86, r-release-linux-ix86, r-release-linux-x86_64, r-release-osx-x86_64-mavericks, r-release-windows-ix86+x86_64