CRAN Package Check Results for Package vrmlgen

Last updated on 2015-03-05 23:48:34.

Flavor Version Tinstall Tcheck Ttotal Status Flags
r-devel-linux-x86_64-debian-clang 1.4.9 0.91 20.87 21.78 NOTE
r-devel-linux-x86_64-debian-gcc 1.4.9 0.80 20.38 21.18 NOTE
r-devel-linux-x86_64-fedora-clang 1.4.9 38.93 NOTE
r-devel-linux-x86_64-fedora-gcc 1.4.9 37.79 NOTE
r-devel-osx-x86_64-clang 1.4.9 41.01 NOTE
r-devel-windows-ix86+x86_64 1.4.9 4.00 40.00 44.00 NOTE
r-patched-linux-x86_64 1.4.9 0.92 21.40 22.32 NOTE
r-patched-solaris-sparc 1.4.9 262.80 NOTE
r-patched-solaris-x86 1.4.9 50.80 NOTE
r-release-linux-ix86 1.4.9 1.29 31.65 32.94 NOTE
r-release-linux-x86_64 1.4.9 0.90 20.80 21.70 NOTE
r-release-osx-x86_64-mavericks 1.4.9 NOTE
r-release-osx-x86_64-snowleopard 1.4.9 OK
r-release-windows-ix86+x86_64 1.4.9 4.00 46.00 50.00 NOTE
r-oldrel-windows-ix86+x86_64 1.4.9 4.00 71.00 75.00 OK

Check Details

Version: 1.4.9
Check: dependencies in R code
Result: NOTE
    'library' or 'require' call to ‘misc3d’ in package code.
     Please use :: or requireNamespace() instead.
     See section 'Suggested packages' in the 'Writing R Extensions' manual.
Flavors: r-devel-linux-x86_64-debian-clang, r-devel-linux-x86_64-debian-gcc, r-devel-linux-x86_64-fedora-clang, r-devel-linux-x86_64-fedora-gcc, r-devel-osx-x86_64-clang, r-devel-windows-ix86+x86_64, r-patched-linux-x86_64, r-patched-solaris-sparc, r-patched-solaris-x86

Version: 1.4.9
Check: R code for possible problems
Result: NOTE
    .vdensecalc: no visible global function definition for ‘contour3d’
Flavors: r-devel-linux-x86_64-debian-clang, r-devel-linux-x86_64-debian-gcc, r-devel-linux-x86_64-fedora-clang, r-devel-linux-x86_64-fedora-gcc, r-devel-osx-x86_64-clang, r-devel-windows-ix86+x86_64, r-patched-linux-x86_64, r-patched-solaris-sparc, r-patched-solaris-x86, r-release-linux-ix86, r-release-linux-x86_64, r-release-osx-x86_64-mavericks, r-release-windows-ix86+x86_64