CRAN Package Check Results for Package vrmlgen

Last updated on 2015-07-31 04:48:24.

Flavor Version Tinstall Tcheck Ttotal Status Flags
r-devel-linux-x86_64-debian-clang 1.4.9 0.84 28.59 29.43 NOTE
r-devel-linux-x86_64-debian-gcc 1.4.9 1.18 19.99 21.16 NOTE
r-devel-linux-x86_64-fedora-clang 1.4.9 39.94 NOTE
r-devel-linux-x86_64-fedora-gcc 1.4.9 37.31 NOTE
r-devel-osx-x86_64-clang 1.4.9 33.84 NOTE
r-devel-windows-ix86+x86_64 1.4.9 7.00 60.00 67.00 NOTE
r-patched-linux-x86_64 1.4.9 0.83 19.53 20.36 NOTE
r-patched-solaris-sparc 1.4.9 234.40 NOTE
r-patched-solaris-x86 1.4.9 45.70 NOTE
r-release-linux-x86_64 1.4.9 0.94 19.58 20.52 NOTE
r-release-osx-x86_64-mavericks 1.4.9 NOTE
r-release-windows-ix86+x86_64 1.4.9 5.00 57.00 62.00 NOTE
r-oldrel-windows-ix86+x86_64 1.4.9 6.00 44.00 50.00 NOTE

Check Details

Version: 1.4.9
Check: dependencies in R code
Result: NOTE
    'library' or 'require' call to ‘misc3d’ in package code.
     Please use :: or requireNamespace() instead.
     See section 'Suggested packages' in the 'Writing R Extensions' manual.
Flavors: r-devel-linux-x86_64-debian-clang, r-devel-linux-x86_64-debian-gcc, r-devel-linux-x86_64-fedora-clang, r-devel-linux-x86_64-fedora-gcc, r-devel-osx-x86_64-clang, r-devel-windows-ix86+x86_64, r-patched-linux-x86_64, r-patched-solaris-sparc, r-patched-solaris-x86, r-release-linux-x86_64, r-release-osx-x86_64-mavericks, r-release-windows-ix86+x86_64, r-oldrel-windows-ix86+x86_64

Version: 1.4.9
Check: R code for possible problems
Result: NOTE
    .colorselection: no visible global function definition for ‘col2rgb’
    .colorselection: no visible global function definition for ‘rainbow’
    .lbar: no visible global function definition for ‘rainbow’
    .lbar: no visible global function definition for ‘col2rgb’
    .lbar : <anonymous>: no visible global function definition for
     ‘col2rgb’
    .lbar: no visible global function definition for ‘rgb’
    .lcloud: no visible global function definition for ‘rainbow’
    .lcloud: no visible global function definition for ‘xyz.coords’
    .lcloud: no visible global function definition for ‘col2rgb’
    .lcloud: no visible global function definition for ‘rgb’
    .lg3dtext: no visible global function definition for ‘col2rgb’
    .lmesh: no visible global function definition for ‘col2rgb’
    .lmesh: no visible global function definition for ‘rgb’
    .vbar: no visible global function definition for ‘rainbow’
    .vbar: no visible global function definition for ‘col2rgb’
    .vbar : <anonymous>: no visible global function definition for
     ‘col2rgb’
    .vcloud: no visible global function definition for ‘rainbow’
    .vcloud: no visible global function definition for ‘xyz.coords’
    .vcloud: no visible global function definition for ‘col2rgb’
    .vdensecalc: no visible global function definition for ‘topo.colors’
    .vdensecalc: no visible global function definition for ‘quantile’
    .vdensecalc: no visible global function definition for ‘contour3d’
    .vdensecalc: no visible global function definition for ‘col2rgb’
    .vmesh: no visible global function definition for ‘xyz.coords’
    .vmesh: no visible global function definition for ‘col2rgb’
    .vmesh: no visible global function definition for ‘rainbow’
    .vmesh : <anonymous>: no visible global function definition for
     ‘col2rgb’
    .vrmltext: no visible global function definition for ‘col2rgb’
    axis3d: no visible global function definition for ‘col2rgb’
    bar3d: no visible global function definition for ‘rainbow’
    cloud3d: no visible binding for global variable ‘data’
    cloud3d: no visible global function definition for ‘rainbow’
    lg3d.close: no visible global function definition for ‘col2rgb’
    lg3d.close: no visible global function definition for ‘rgb’
    lines3d: no visible global function definition for ‘xyz.coords’
    lines3d: no visible global function definition for ‘col2rgb’
    points3d: no visible global function definition for ‘xyz.coords’
    points3d: no visible global function definition for ‘col2rgb’
    text3d: no visible global function definition for ‘xyz.coords’
    vrml.open: no visible global function definition for ‘col2rgb’
    Undefined global functions or variables:
     col2rgb contour3d data quantile rainbow rgb topo.colors xyz.coords
    Consider adding
     importFrom("grDevices", "col2rgb", "rainbow", "rgb", "topo.colors",
     "xyz.coords")
     importFrom("stats", "quantile")
     importFrom("utils", "data")
    to your NAMESPACE.
Flavors: r-devel-linux-x86_64-debian-clang, r-devel-linux-x86_64-debian-gcc, r-devel-linux-x86_64-fedora-clang, r-devel-linux-x86_64-fedora-gcc, r-devel-windows-ix86+x86_64

Version: 1.4.9
Check: R code for possible problems
Result: NOTE
    .vdensecalc: no visible global function definition for ‘contour3d’
    Undefined global functions or variables:
     contour3d
Flavor: r-devel-osx-x86_64-clang

Version: 1.4.9
Check: R code for possible problems
Result: NOTE
    .vdensecalc: no visible global function definition for ‘contour3d’
Flavors: r-patched-linux-x86_64, r-patched-solaris-sparc, r-patched-solaris-x86, r-release-linux-x86_64, r-release-osx-x86_64-mavericks, r-release-windows-ix86+x86_64, r-oldrel-windows-ix86+x86_64