CRAN Package Check Results for Package vrmlgen

Last updated on 2014-09-02 03:49:52.

Flavor Version Tinstall Tcheck Ttotal Status Flags
r-devel-linux-x86_64-debian-clang 1.4.9 0.94 18.44 19.38 NOTE
r-devel-linux-x86_64-debian-gcc 1.4.9 0.89 18.15 19.04 NOTE
r-devel-linux-x86_64-fedora-clang 1.4.9 40.47 NOTE
r-devel-linux-x86_64-fedora-gcc 1.4.9 38.18 NOTE
r-devel-osx-x86_64-clang 1.4.9 39.17 NOTE
r-devel-windows-ix86+x86_64 1.4.9 3.00 31.00 34.00 NOTE
r-patched-linux-x86_64 1.4.9 1.19 19.21 20.40 OK
r-patched-solaris-sparc 1.4.9 231.40 OK
r-patched-solaris-x86 1.4.9 52.40 OK
r-release-linux-ix86 1.4.9 1.33 28.29 29.62 OK
r-release-linux-x86_64 1.4.9 0.92 19.20 20.12 OK
r-release-osx-x86_64-mavericks 1.4.9 OK
r-release-osx-x86_64-snowleopard 1.4.9 OK
r-release-windows-ix86+x86_64 1.4.9 3.00 53.00 56.00 OK
r-oldrel-windows-ix86+x86_64 1.4.9 5.00 36.00 41.00 OK

Check Details

Version: 1.4.9
Check: R code for possible problems
Result: NOTE
    .vdensecalc: no visible global function definition for ‘contour3d’
Flavors: r-devel-linux-x86_64-debian-clang, r-devel-linux-x86_64-debian-gcc, r-devel-linux-x86_64-fedora-clang, r-devel-linux-x86_64-fedora-gcc, r-devel-osx-x86_64-clang, r-devel-windows-ix86+x86_64