CRAN Package Check Results for Package vrmlgen

Last updated on 2014-12-20 01:49:31.

Flavor Version Tinstall Tcheck Ttotal Status Flags
r-devel-linux-x86_64-debian-clang 1.4.9 0.95 20.79 21.74 NOTE
r-devel-linux-x86_64-debian-gcc 1.4.9 0.87 20.42 21.29 NOTE
r-devel-linux-x86_64-fedora-clang 1.4.9 43.84 NOTE
r-devel-linux-x86_64-fedora-gcc 1.4.9 40.22 NOTE
r-devel-osx-x86_64-clang 1.4.9 43.11 NOTE
r-devel-windows-ix86+x86_64 1.4.9 4.00 39.00 43.00 NOTE
r-patched-linux-x86_64 1.4.9 0.97 21.33 22.30 NOTE
r-patched-solaris-sparc 1.4.9 232.10 NOTE
r-patched-solaris-x86 1.4.9 50.90 NOTE
r-release-linux-ix86 1.4.9 1.32 27.19 28.51 NOTE
r-release-linux-x86_64 1.4.9 0.94 21.04 21.98 NOTE
r-release-osx-x86_64-mavericks 1.4.9 OK
r-release-osx-x86_64-snowleopard 1.4.9 OK
r-release-windows-ix86+x86_64 1.4.9 4.00 45.00 49.00 NOTE
r-oldrel-windows-ix86+x86_64 1.4.9 4.00 46.00 50.00 OK

Check Details

Version: 1.4.9
Check: R code for possible problems
Result: NOTE
    .vdensecalc: no visible global function definition for ‘contour3d’
Flavors: r-devel-linux-x86_64-debian-clang, r-devel-linux-x86_64-debian-gcc, r-devel-linux-x86_64-fedora-clang, r-devel-linux-x86_64-fedora-gcc, r-devel-osx-x86_64-clang, r-devel-windows-ix86+x86_64, r-patched-linux-x86_64, r-patched-solaris-sparc, r-patched-solaris-x86, r-release-linux-ix86, r-release-linux-x86_64, r-release-windows-ix86+x86_64