CRAN Package Check Results for Package vrmlgen

Last updated on 2015-05-24 03:48:19.

Flavor Version Tinstall Tcheck Ttotal Status Flags
r-devel-linux-x86_64-debian-clang 1.4.9 0.91 20.66 21.56 NOTE
r-devel-linux-x86_64-debian-gcc 1.4.9 0.80 19.72 20.52 NOTE
r-devel-linux-x86_64-fedora-clang 1.4.9 39.45 NOTE
r-devel-linux-x86_64-fedora-gcc 1.4.9 36.72 NOTE
r-devel-osx-x86_64-clang 1.4.9 40.53 NOTE
r-devel-windows-ix86+x86_64 1.4.9 4.00 43.00 47.00 NOTE
r-patched-linux-x86_64 1.4.9 0.97 19.50 20.46 NOTE
r-patched-solaris-sparc 1.4.9 230.20 NOTE
r-patched-solaris-x86 1.4.9 46.40 NOTE
r-release-linux-x86_64 1.4.9 0.82 19.98 20.80 NOTE
r-release-osx-x86_64-mavericks 1.4.9 NOTE
r-release-osx-x86_64-snowleopard 1.4.9 NOTE
r-release-windows-ix86+x86_64 1.4.9 4.00 41.00 45.00 NOTE
r-oldrel-windows-ix86+x86_64 1.4.9 4.00 39.00 43.00 NOTE

Check Details

Version: 1.4.9
Check: dependencies in R code
Result: NOTE
    'library' or 'require' call to ‘misc3d’ in package code.
     Please use :: or requireNamespace() instead.
     See section 'Suggested packages' in the 'Writing R Extensions' manual.
Flavors: r-devel-linux-x86_64-debian-clang, r-devel-linux-x86_64-debian-gcc, r-devel-linux-x86_64-fedora-clang, r-devel-linux-x86_64-fedora-gcc, r-devel-osx-x86_64-clang, r-devel-windows-ix86+x86_64, r-patched-linux-x86_64, r-patched-solaris-sparc, r-patched-solaris-x86, r-release-linux-x86_64, r-release-osx-x86_64-mavericks, r-release-osx-x86_64-snowleopard, r-release-windows-ix86+x86_64, r-oldrel-windows-ix86+x86_64

Version: 1.4.9
Check: R code for possible problems
Result: NOTE
    .vdensecalc: no visible global function definition for ‘contour3d’
Flavors: r-devel-linux-x86_64-debian-clang, r-devel-linux-x86_64-debian-gcc, r-devel-linux-x86_64-fedora-clang, r-devel-linux-x86_64-fedora-gcc, r-devel-osx-x86_64-clang, r-devel-windows-ix86+x86_64, r-patched-linux-x86_64, r-patched-solaris-sparc, r-patched-solaris-x86, r-release-linux-x86_64, r-release-osx-x86_64-mavericks, r-release-osx-x86_64-snowleopard, r-release-windows-ix86+x86_64, r-oldrel-windows-ix86+x86_64