CRAN Package Check Results for Package vrmlgen

Last updated on 2014-11-23 03:48:14.

Flavor Version Tinstall Tcheck Ttotal Status Flags
r-devel-linux-x86_64-debian-clang 1.4.9 1.12 21.59 22.70 NOTE
r-devel-linux-x86_64-debian-gcc 1.4.9 0.88 21.62 22.50 NOTE
r-devel-linux-x86_64-fedora-clang 1.4.9 43.19 NOTE
r-devel-linux-x86_64-fedora-gcc 1.4.9 39.89 NOTE
r-devel-osx-x86_64-clang 1.4.9 42.81 NOTE
r-devel-windows-ix86+x86_64 1.4.9 3.00 31.00 34.00 NOTE
r-patched-linux-x86_64 1.4.9 0.91 22.74 23.65 NOTE
r-patched-solaris-sparc 1.4.9 232.10 NOTE
r-patched-solaris-x86 1.4.9 51.70 NOTE
r-release-linux-ix86 1.4.9 1.34 27.06 28.40 NOTE
r-release-linux-x86_64 1.4.9 0.94 21.78 22.72 NOTE
r-release-osx-x86_64-mavericks 1.4.9 OK
r-release-osx-x86_64-snowleopard 1.4.9 OK
r-release-windows-ix86+x86_64 1.4.9 4.00 35.00 39.00 NOTE
r-oldrel-windows-ix86+x86_64 1.4.9 4.00 39.00 43.00 OK

Check Details

Version: 1.4.9
Check: R code for possible problems
Result: NOTE
    .vdensecalc: no visible global function definition for ‘contour3d’
Flavors: r-devel-linux-x86_64-debian-clang, r-devel-linux-x86_64-debian-gcc, r-devel-linux-x86_64-fedora-clang, r-devel-linux-x86_64-fedora-gcc, r-devel-osx-x86_64-clang, r-devel-windows-ix86+x86_64, r-patched-linux-x86_64, r-patched-solaris-sparc, r-patched-solaris-x86, r-release-linux-ix86, r-release-linux-x86_64, r-release-windows-ix86+x86_64