CRAN Package Check Results for Package vrmlgen

Last updated on 2015-04-25 06:46:31.

Flavor Version Tinstall Tcheck Ttotal Status Flags
r-devel-linux-x86_64-debian-clang 1.4.9 1.02 19.98 21.00 NOTE
r-devel-linux-x86_64-debian-gcc 1.4.9 0.87 19.89 20.76 NOTE
r-devel-linux-x86_64-fedora-clang 1.4.9 39.48 NOTE
r-devel-linux-x86_64-fedora-gcc 1.4.9 37.76 NOTE
r-devel-osx-x86_64-clang 1.4.9 40.38 NOTE
r-devel-windows-ix86+x86_64 1.4.9 5.00 37.00 42.00 NOTE
r-patched-linux-x86_64 1.4.9 0.90 20.13 21.03 NOTE
r-patched-solaris-sparc 1.4.9 234.30 NOTE
r-patched-solaris-x86 1.4.9 45.20 NOTE
r-release-linux-x86_64 1.4.9 0.80 19.88 20.68 NOTE
r-release-osx-x86_64-mavericks 1.4.9 NOTE
r-release-osx-x86_64-snowleopard 1.4.9 NOTE
r-release-windows-ix86+x86_64 1.4.9 4.00 41.00 45.00 NOTE
r-oldrel-windows-ix86+x86_64 1.4.9 2.00 42.00 44.00 NOTE

Check Details

Version: 1.4.9
Check: dependencies in R code
Result: NOTE
    'library' or 'require' call to 'misc3d' in package code.
     Please use :: or requireNamespace() instead.
     See section 'Suggested packages' in the 'Writing R Extensions' manual.
Flavors: r-devel-windows-ix86+x86_64, r-patched-linux-x86_64, r-release-windows-ix86+x86_64, r-oldrel-windows-ix86+x86_64

Version: 1.4.9
Check: R code for possible problems
Result: NOTE
    .vdensecalc: no visible global function definition for 'contour3d'
Flavors: r-devel-windows-ix86+x86_64, r-patched-linux-x86_64, r-release-windows-ix86+x86_64, r-oldrel-windows-ix86+x86_64