CRAN Package Check Results for Package vrmlgen

Last updated on 2014-08-29 13:48:20.

Flavor Version Tinstall Tcheck Ttotal Status Flags
r-devel-linux-x86_64-debian-clang 1.4.9 0.86 18.24 19.10 NOTE
r-devel-linux-x86_64-debian-gcc 1.4.9 0.85 18.66 19.51 NOTE
r-devel-linux-x86_64-fedora-clang 1.4.9 40.47 NOTE
r-devel-linux-x86_64-fedora-gcc 1.4.9 38.59 NOTE
r-devel-osx-x86_64-clang 1.4.9 40.38 NOTE
r-devel-windows-ix86+x86_64 1.4.9 4.00 31.00 35.00 NOTE
r-patched-linux-x86_64 1.4.9 0.90 18.82 19.72 OK
r-patched-solaris-sparc 1.4.9 231.40 OK
r-patched-solaris-x86 1.4.9 52.40 OK
r-release-linux-ix86 1.4.9 1.34 27.79 29.13 OK
r-release-linux-x86_64 1.4.9 1.16 19.26 20.42 OK
r-release-osx-x86_64-mavericks 1.4.9 OK
r-release-osx-x86_64-snowleopard 1.4.9 OK
r-release-windows-ix86+x86_64 1.4.9 3.00 34.00 37.00 OK
r-oldrel-windows-ix86+x86_64 1.4.9 4.00 36.00 40.00 OK

Check Details

Version: 1.4.9
Check: R code for possible problems
Result: NOTE
    .vdensecalc: no visible global function definition for ‘contour3d’
Flavors: r-devel-linux-x86_64-debian-clang, r-devel-linux-x86_64-debian-gcc, r-devel-linux-x86_64-fedora-clang, r-devel-linux-x86_64-fedora-gcc, r-devel-osx-x86_64-clang, r-devel-windows-ix86+x86_64