CRAN Package Check Results for Package vrtest

Last updated on 2015-08-29 06:48:02.

Flavor Version Tinstall Tcheck Ttotal Status Flags
r-devel-linux-x86_64-debian-clang 0.97 0.64 24.06 24.70 NOTE
r-devel-linux-x86_64-debian-gcc 0.97 0.64 23.90 24.54 NOTE
r-devel-linux-x86_64-fedora-clang 0.97 48.73 NOTE
r-devel-linux-x86_64-fedora-gcc 0.97 45.96 NOTE
r-devel-osx-x86_64-clang 0.97 46.44 NOTE
r-devel-windows-ix86+x86_64 0.97 7.00 56.00 63.00 NOTE
r-patched-linux-x86_64 0.97 0.68 27.28 27.95 NOTE
r-patched-solaris-sparc 0.97 337.90 NOTE
r-patched-solaris-x86 0.97 63.40 NOTE
r-release-linux-x86_64 0.97 0.87 24.19 25.06 NOTE
r-release-osx-x86_64-mavericks 0.97 NOTE
r-release-windows-ix86+x86_64 0.97 6.00 45.00 51.00 NOTE
r-oldrel-windows-ix86+x86_64 0.97 4.00 46.00 50.00 OK

Check Details

Version: 0.97
Check: DESCRIPTION meta-information
Result: NOTE
    Malformed Description field: should contain one or more complete sentences.
Flavors: r-devel-linux-x86_64-debian-clang, r-devel-linux-x86_64-debian-gcc, r-devel-linux-x86_64-fedora-clang, r-devel-linux-x86_64-fedora-gcc, r-devel-osx-x86_64-clang, r-devel-windows-ix86+x86_64, r-patched-linux-x86_64, r-patched-solaris-sparc, r-patched-solaris-x86, r-release-linux-x86_64, r-release-osx-x86_64-mavericks, r-release-windows-ix86+x86_64

Version: 0.97
Check: R code for possible problems
Result: NOTE
    Adjust.thin: no visible global function definition for ‘ar.ols’
    Auto.Q: no visible global function definition for ‘acf’
    Auto.Q: no visible global function definition for ‘pchisq’
    AutoBoot.test: no visible global function definition for ‘rnorm’
    AutoBoot.test: no visible global function definition for ‘quantile’
    Boot.test: no visible global function definition for ‘rnorm’
    Boot.test: no visible global function definition for ‘runif’
    Boot.test: no visible global function definition for ‘quantile’
    Chen.Deo: no visible global function definition for ‘sd’
    Chen.Deo: no visible global function definition for ‘qchisq’
    Chow.Denning: no visible global function definition for ‘qnorm’
    FastVR: no visible global function definition for ‘acf’
    Gen.Spec.Test: no visible global function definition for ‘var’
    Gen.Spec.Test: no visible global function definition for ‘quantile’
    JWright.crit: no visible global function definition for ‘qnorm’
    JWright.crit: no visible global function definition for ‘rnorm’
    JWright.crit: no visible global function definition for ‘quantile’
    LM_stat: no visible global function definition for ‘filter’
    Mammen: no visible global function definition for ‘runif’
    Rademacher: no visible global function definition for ‘runif’
    VR.minus.1: no visible global function definition for ‘filter’
    VR.plot: no visible global function definition for ‘matplot’
    VR.plot: no visible global function definition for ‘abline’
    VR.plot: no visible global function definition for ‘grid’
    VR.plot: no visible global function definition for ‘title’
    WK_stat1: no visible global function definition for ‘filter’
    Wald: no visible global function definition for ‘qchisq’
    Wald1: no visible global function definition for ‘filter’
    Wright.crit: no visible global function definition for ‘qnorm’
    Wright.crit: no visible global function definition for ‘rnorm’
    Wright.crit: no visible global function definition for ‘quantile’
    Wright_stat: no visible global function definition for ‘qnorm’
    stat.plot: no visible global function definition for ‘filter’
    Undefined global functions or variables:
     abline acf ar.ols filter grid matplot pchisq qchisq qnorm quantile
     rnorm runif sd title var
    Consider adding
     importFrom("graphics", "abline", "grid", "matplot", "title")
     importFrom("stats", "acf", "ar.ols", "filter", "pchisq", "qchisq",
     "qnorm", "quantile", "rnorm", "runif", "sd", "var")
    to your NAMESPACE.
Flavors: r-devel-linux-x86_64-debian-clang, r-devel-linux-x86_64-debian-gcc, r-devel-linux-x86_64-fedora-clang, r-devel-linux-x86_64-fedora-gcc, r-devel-windows-ix86+x86_64