CRAN Package Check Results for Package vrtest

Last updated on 2015-05-28 15:47:55.

Flavor Version Tinstall Tcheck Ttotal Status Flags
r-devel-linux-x86_64-debian-clang 0.97 0.75 24.96 25.70 NOTE
r-devel-linux-x86_64-debian-gcc 0.97 0.68 25.08 25.75 NOTE
r-devel-linux-x86_64-fedora-clang 0.97 49.27 NOTE
r-devel-linux-x86_64-fedora-gcc 0.97 48.15 NOTE
r-devel-osx-x86_64-clang 0.97 45.44 NOTE
r-devel-windows-ix86+x86_64 0.97 3.00 43.00 46.00 NOTE
r-patched-linux-x86_64 0.97 0.68 24.37 25.05 NOTE
r-patched-solaris-sparc 0.97 333.30 NOTE
r-patched-solaris-x86 0.97 62.30 NOTE
r-release-linux-x86_64 0.97 0.73 24.66 25.38 NOTE
r-release-osx-x86_64-mavericks 0.97 NOTE
r-release-osx-x86_64-snowleopard 0.97 NOTE
r-release-windows-ix86+x86_64 0.97 2.00 50.00 52.00 NOTE
r-oldrel-windows-ix86+x86_64 0.97 4.00 46.00 50.00 OK

Check Details

Version: 0.97
Check: DESCRIPTION meta-information
Result: NOTE
    Malformed Description field: should contain one or more complete sentences.
Flavors: r-devel-linux-x86_64-debian-clang, r-devel-linux-x86_64-debian-gcc, r-devel-linux-x86_64-fedora-clang, r-devel-linux-x86_64-fedora-gcc, r-devel-osx-x86_64-clang, r-devel-windows-ix86+x86_64, r-patched-linux-x86_64, r-patched-solaris-sparc, r-patched-solaris-x86, r-release-linux-x86_64, r-release-osx-x86_64-mavericks, r-release-osx-x86_64-snowleopard, r-release-windows-ix86+x86_64