CRAN Package Check Results for Package vrtest

Last updated on 2015-04-26 00:47:37.

Flavor Version Tinstall Tcheck Ttotal Status Flags
r-devel-linux-x86_64-debian-clang 0.97 0.69 25.86 26.55 NOTE
r-devel-linux-x86_64-debian-gcc 0.97 0.70 24.34 25.04 NOTE
r-devel-linux-x86_64-fedora-clang 0.97 50.98 NOTE
r-devel-linux-x86_64-fedora-gcc 0.97 48.35 NOTE
r-devel-osx-x86_64-clang 0.97 45.09 NOTE
r-devel-windows-ix86+x86_64 0.97 3.00 38.00 41.00 NOTE
r-patched-linux-x86_64 0.97 0.67 24.96 25.62 NOTE
r-patched-solaris-sparc 0.97 347.60 NOTE
r-patched-solaris-x86 0.97 62.30 NOTE
r-release-linux-x86_64 0.97 0.84 24.28 25.12 NOTE
r-release-osx-x86_64-mavericks 0.97 NOTE
r-release-osx-x86_64-snowleopard 0.97 NOTE
r-release-windows-ix86+x86_64 0.97 2.00 50.00 52.00 NOTE
r-oldrel-windows-ix86+x86_64 0.97 4.00 46.00 50.00 OK

Check Details

Version: 0.97
Check: DESCRIPTION meta-information
Result: NOTE
    Malformed Description field: should contain one or more complete sentences.
Flavors: r-devel-windows-ix86+x86_64, r-release-windows-ix86+x86_64