CRAN Package Check Results for Package vrtest

Last updated on 2014-04-25 05:47:28.

Flavor Version Tinstall Tcheck Ttotal Status Flags
r-devel-linux-x86_64-debian-clang 0.96 0.76 25.09 25.86 OK
r-devel-linux-x86_64-debian-gcc 0.96 0.80 24.98 25.78 OK
r-devel-linux-x86_64-fedora-clang 0.96 30.34 OK
r-devel-linux-x86_64-fedora-gcc 0.96 51.26 OK
r-devel-osx-x86_64-clang 0.96 48.82 OK
r-devel-osx-x86_64-gcc 0.96 OK
r-devel-windows-ix86+x86_64 0.96 2.00 34.00 36.00 OK
r-patched-linux-x86_64 0.96 0.80 24.98 25.78 OK
r-patched-solaris-sparc 0.96 304.00 OK
r-patched-solaris-x86 0.96 65.30 OK
r-release-linux-ix86 0.95 1.00 104.00 105.00 NOTE
r-release-linux-x86_64 0.96 0.77 25.22 25.99 OK
r-release-osx-x86_64-mavericks 0.96 OK
r-release-osx-x86_64-snowleopard 0.96 OK
r-release-windows-ix86+x86_64 0.96 2.00 33.00 35.00 OK
r-oldrel-windows-ix86+x86_64 0.96 2.00 39.00 41.00 OK

Check Details

Version: 0.95
Check: R code for possible problems
Result: NOTE
    Chen.Deo: warning in complex(imag = -lamda): partial argument match of
     'imag' to 'imaginary'
Flavor: r-release-linux-ix86