CRAN Package Check Results for Package vrtest

Last updated on 2015-03-29 11:51:33.

Flavor Version Tinstall Tcheck Ttotal Status Flags
r-devel-linux-x86_64-debian-clang 0.97 0.69 24.99 25.68 NOTE
r-devel-linux-x86_64-debian-gcc 0.97 0.70 24.52 25.22 NOTE
r-devel-linux-x86_64-fedora-clang 0.97 51.45 NOTE
r-devel-linux-x86_64-fedora-gcc 0.97 47.28 NOTE
r-devel-osx-x86_64-clang 0.97 48.77 NOTE
r-prerel-windows-ix86+x86_64 0.97 5.00 44.00 49.00 NOTE
r-prerel-linux-x86_64 0.97 0.69 24.87 25.56 NOTE
r-prerel-solaris-sparc 0.97 347.60 NOTE
r-prerel-solaris-x86 0.97 62.90 NOTE
r-release-linux-x86_64 0.97 0.74 26.94 27.68 OK
r-release-osx-x86_64-mavericks 0.97 OK
r-release-osx-x86_64-snowleopard 0.97 OK
r-release-windows-ix86+x86_64 0.97 4.00 46.00 50.00 OK
r-oldrel-windows-ix86+x86_64 0.97 3.00 47.00 50.00 OK

Check Details

Version: 0.97
Check: DESCRIPTION meta-information
Result: NOTE
    Malformed Description field: should contain one or more complete sentences.
Flavors: r-devel-linux-x86_64-debian-clang, r-devel-linux-x86_64-debian-gcc, r-devel-linux-x86_64-fedora-clang, r-devel-linux-x86_64-fedora-gcc, r-devel-osx-x86_64-clang, r-prerel-windows-ix86+x86_64, r-prerel-linux-x86_64, r-prerel-solaris-sparc, r-prerel-solaris-x86