Last updated on 2022-08-17 20:54:57 CEST.
Flavor | Version | Tinstall | Tcheck | Ttotal | Status | Flags |
---|---|---|---|---|---|---|
r-devel-linux-x86_64-debian-clang | 0.1.0 | 10.75 | 118.28 | 129.03 | OK | |
r-devel-linux-x86_64-debian-gcc | 0.1.0 | OK | ||||
r-devel-linux-x86_64-fedora-clang | 0.1.0 | 166.42 | NOTE | |||
r-devel-linux-x86_64-fedora-gcc | 0.1.0 | 162.54 | OK | |||
r-devel-windows-x86_64 | 0.1.0 | 26.00 | 140.00 | 166.00 | OK | |
r-patched-linux-x86_64 | 0.1.0 | 16.04 | 110.40 | 126.44 | OK | |
r-release-linux-x86_64 | 0.1.0 | 9.68 | 112.81 | 122.49 | OK | |
r-release-macos-arm64 | 0.1.0 | 46.00 | OK | |||
r-release-macos-x86_64 | 0.1.0 | 84.00 | OK | |||
r-release-windows-x86_64 | 0.1.0 | 21.00 | 150.00 | 171.00 | OK | |
r-oldrel-macos-arm64 | 0.1.0 | 42.00 | OK | |||
r-oldrel-macos-x86_64 | 0.1.0 | 59.00 | OK | |||
r-oldrel-windows-ix86+x86_64 | 0.1.0 | 25.00 | 134.00 | 159.00 | OK |
Version: 0.1.0
Check: Rd cross-references
Result: NOTE
Undeclared package ‘progress’ in Rd xrefs
Flavor: r-devel-linux-x86_64-fedora-clang