CRAN Package Check Results for Package vstdct

Last updated on 2024-03-02 11:49:48 CET.

Flavor Version Tinstall Tcheck Ttotal Status Flags
r-devel-linux-x86_64-debian-clang 0.2 2.18 30.50 32.68 NOTE
r-devel-linux-x86_64-debian-gcc 0.2 2.32 23.20 25.52 NOTE
r-devel-linux-x86_64-fedora-clang 0.2 41.44 NOTE
r-devel-linux-x86_64-fedora-gcc 0.2 41.68 NOTE
r-devel-windows-x86_64 0.2 3.00 45.00 48.00 OK
r-patched-linux-x86_64 0.2 2.13 29.40 31.53 OK
r-release-linux-x86_64 0.2 2.81 29.47 32.28 OK
r-release-macos-arm64 0.2 17.00 OK
r-release-macos-x86_64 0.2 38.00 OK
r-release-windows-x86_64 0.2 4.00 48.00 52.00 OK
r-oldrel-macos-arm64 0.2 21.00 OK
r-oldrel-windows-x86_64 0.2 4.00 50.00 54.00 OK

Check Details

Version: 0.2
Check: Rd files
Result: NOTE checkRd: (-1) Data-Examples.Rd:39: Lost braces in \itemize; meant \describe ? checkRd: (-1) Data-Examples.Rd:40: Lost braces in \itemize; meant \describe ? checkRd: (-1) Data-Examples.Rd:41: Lost braces in \itemize; meant \describe ? checkRd: (-1) Data-Examples.Rd:30: Lost braces in \itemize; \value handles \item{}{} directly checkRd: (-1) Data-Examples.Rd:31: Lost braces in \itemize; \value handles \item{}{} directly checkRd: (-1) Data-Examples.Rd:32: Lost braces in \itemize; \value handles \item{}{} directly checkRd: (-1) Data.trafo.Rd:19: Lost braces in \itemize; \value handles \item{}{} directly checkRd: (-1) Data.trafo.Rd:20: Lost braces in \itemize; \value handles \item{}{} directly checkRd: (-1) Data.trafo.Rd:21: Lost braces in \itemize; \value handles \item{}{} directly checkRd: (-1) Toep.estimator.Rd:23: Lost braces in \itemize; \value handles \item{}{} directly checkRd: (-1) Toep.estimator.Rd:24: Lost braces in \itemize; \value handles \item{}{} directly checkRd: (-1) Toep.estimator.Rd:25: Lost braces in \itemize; \value handles \item{}{} directly checkRd: (-1) Toep.estimator.Rd:26: Lost braces in \itemize; \value handles \item{}{} directly checkRd: (-1) aquaporin.Rd:10: Lost braces in \itemize; meant \describe ? Flavors: r-devel-linux-x86_64-debian-clang, r-devel-linux-x86_64-debian-gcc, r-devel-linux-x86_64-fedora-clang, r-devel-linux-x86_64-fedora-gcc