CRAN Package Check Results for Package vwr

Last updated on 2016-09-24 23:48:29.

Flavor Version Tinstall Tcheck Ttotal Status Flags
r-devel-linux-x86_64-debian-clang 0.3.0 19.69 32.75 52.43 NOTE
r-devel-linux-x86_64-debian-gcc 0.3.0 19.78 28.70 48.48 NOTE
r-devel-linux-x86_64-fedora-clang 0.3.0 73.91 NOTE
r-devel-linux-x86_64-fedora-gcc 0.3.0 75.21 NOTE
r-devel-macos-x86_64-clang 0.3.0 63.07 NOTE
r-devel-windows-ix86+x86_64 0.3.0 42.00 49.00 91.00 NOTE
r-patched-linux-x86_64 0.3.0 19.77 29.58 49.36 NOTE
r-patched-solaris-sparc 0.3.0 507.70 NOTE
r-patched-solaris-x86 0.3.0 127.80 NOTE
r-release-linux-x86_64 0.3.0 19.88 29.97 49.84 NOTE
r-release-osx-x86_64-mavericks 0.3.0 NOTE
r-release-windows-ix86+x86_64 0.3.0 30.00 49.00 79.00 NOTE
r-oldrel-windows-ix86+x86_64 0.3.0 40.00 63.00 103.00 NOTE

Check Details

Version: 0.3.0
Check: top-level files
Result: NOTE
    Non-standard file/directory found at top level:
     ‘vwr-Ex.R’
Flavors: r-devel-linux-x86_64-debian-clang, r-devel-linux-x86_64-debian-gcc, r-devel-linux-x86_64-fedora-clang, r-devel-linux-x86_64-fedora-gcc, r-patched-linux-x86_64, r-release-linux-x86_64

Version: 0.3.0
Check: dependencies in R code
Result: NOTE
    Packages in Depends field not imported from:
     ‘lattice’ ‘latticeExtra’ ‘stringdist’
     These packages need to be imported from (in the NAMESPACE file)
     for when this namespace is loaded but not attached.
Flavors: r-devel-linux-x86_64-debian-clang, r-devel-linux-x86_64-debian-gcc, r-devel-linux-x86_64-fedora-clang, r-devel-linux-x86_64-fedora-gcc, r-devel-macos-x86_64-clang, r-devel-windows-ix86+x86_64, r-patched-linux-x86_64, r-patched-solaris-sparc, r-patched-solaris-x86, r-release-linux-x86_64, r-release-osx-x86_64-mavericks, r-release-windows-ix86+x86_64, r-oldrel-windows-ix86+x86_64

Version: 0.3.0
Check: R code for possible problems
Result: NOTE
    ald: no visible global function definition for ‘detectCores’
    ald: no visible global function definition for ‘mclapply’
    coltheart.N: no visible global function definition for ‘detectCores’
    coltheart.N: no visible global function definition for ‘mclapply’
    hamming.distance: no visible global function definition for
     ‘stringdist’
    ldknn: no visible global function definition for ‘detectCores’
    ldknn: no visible global function definition for ‘mclapply’
    ldknn.odds: no visible global function definition for ‘glm’
    ldknn.odds: no visible binding for global variable ‘binomial’
    ldknn.odds: no visible global function definition for ‘coefficients’
    levenshtein.damerau.distance: no visible global function definition for
     ‘stringdist’
    levenshtein.distance: no visible global function definition for
     ‘stringdist’
    plot.ldknn.run: no visible global function definition for ‘histogram’
    plot.ldknn.run: no visible global function definition for
     ‘theEconomist.theme’
    plot.ldknn.run: no visible global function definition for ‘xyplot’
    plot.ldknn.run: no visible global function definition for ‘as.layer’
    Undefined global functions or variables:
     as.layer binomial coefficients detectCores glm histogram mclapply
     stringdist theEconomist.theme xyplot
    Consider adding
     importFrom("stats", "binomial", "coefficients", "glm")
    to your NAMESPACE file.
Flavors: r-devel-linux-x86_64-debian-clang, r-devel-linux-x86_64-debian-gcc, r-devel-linux-x86_64-fedora-clang, r-devel-linux-x86_64-fedora-gcc, r-devel-macos-x86_64-clang, r-devel-windows-ix86+x86_64, r-patched-linux-x86_64, r-patched-solaris-sparc, r-patched-solaris-x86, r-release-linux-x86_64, r-release-osx-x86_64-mavericks, r-release-windows-ix86+x86_64

Version: 0.3.0
Check: data for non-ASCII characters
Result: NOTE
     Note: found 358074 marked UTF-8 strings
Flavors: r-devel-linux-x86_64-fedora-clang, r-devel-linux-x86_64-fedora-gcc, r-devel-macos-x86_64-clang, r-patched-solaris-sparc, r-patched-solaris-x86, r-release-osx-x86_64-mavericks, r-oldrel-windows-ix86+x86_64

Version: 0.3.0
Check: R code for possible problems
Result: NOTE
    ald: no visible global function definition for 'detectCores'
    ald: no visible global function definition for 'mclapply'
    coltheart.N: no visible global function definition for 'detectCores'
    coltheart.N: no visible global function definition for 'mclapply'
    hamming.distance: no visible global function definition for
     'stringdist'
    ldknn: no visible global function definition for 'detectCores'
    ldknn: no visible global function definition for 'mclapply'
    levenshtein.damerau.distance: no visible global function definition for
     'stringdist'
    levenshtein.distance: no visible global function definition for
     'stringdist'
    plot.ldknn.run: no visible global function definition for 'histogram'
    plot.ldknn.run: no visible global function definition for
     'theEconomist.theme'
    plot.ldknn.run: no visible global function definition for 'xyplot'
    plot.ldknn.run: no visible global function definition for 'as.layer'
Flavor: r-oldrel-windows-ix86+x86_64