CRAN Package Check Results for Package vwr

Last updated on 2014-04-18 17:48:13.

Flavor Version Tinstall Tcheck Ttotal Status Flags
r-devel-linux-x86_64-debian-clang 0.3.0 19.45 27.48 46.93 NOTE
r-devel-linux-x86_64-debian-gcc NOTE
r-devel-linux-x86_64-fedora-clang 0.3.0 103.13 NOTE
r-devel-linux-x86_64-fedora-gcc 0.3.0 104.67 NOTE
r-devel-macosx-x86_64-clang 0.3.0 91.46 NOTE
r-devel-macosx-x86_64-gcc 0.3.0 ERROR
r-devel-windows-ix86+x86_64 0.3.0 31.00 43.00 74.00 NOTE
r-patched-linux-x86_64 0.3.0 20.04 27.92 47.96 NOTE
r-patched-solaris-sparc 0.3.0 582.00 NOTE
r-patched-solaris-x86 0.3.0 164.40 NOTE
r-release-linux-ix86 0.3.0 43.00 55.00 98.00 NOTE
r-release-linux-x86_64 0.3.0 19.79 28.47 48.26 NOTE
r-release-macosx-x86_64 0.3.0 WARN
r-release-windows-ix86+x86_64 0.3.0 36.00 41.00 77.00 NOTE
r-oldrel-windows-ix86+x86_64 0.3.0 37.00 45.00 82.00 NOTE

Check Details

Version: 0.3.0
Check: dependencies in R code
Result: NOTE
    Packages in Depends field not imported from:
     ‘lattice’ ‘latticeExtra’ ‘stringdist’
     These packages need to be imported from (in the NAMESPACE file)
     for when this namespace is loaded but not attached.
    See the information on DESCRIPTION files in the chapter ‘Creating R
    packages’ of the ‘Writing R Extensions’ manual.
Flavors: r-devel-linux-x86_64-debian-clang, r-devel-linux-x86_64-debian-gcc, r-devel-linux-x86_64-fedora-clang, r-devel-linux-x86_64-fedora-gcc, r-devel-macosx-x86_64-clang, r-devel-windows-ix86+x86_64, r-patched-linux-x86_64, r-patched-solaris-sparc, r-patched-solaris-x86, r-release-linux-ix86, r-release-linux-x86_64, r-release-windows-ix86+x86_64, r-oldrel-windows-ix86+x86_64

Version: 0.3.0
Check: data for non-ASCII characters
Result: NOTE
     Note: found 358074 marked UTF-8 strings
Flavors: r-devel-linux-x86_64-debian-clang, r-devel-linux-x86_64-debian-gcc, r-devel-linux-x86_64-fedora-clang, r-devel-linux-x86_64-fedora-gcc, r-devel-macosx-x86_64-clang, r-devel-windows-ix86+x86_64, r-patched-linux-x86_64, r-patched-solaris-sparc, r-patched-solaris-x86, r-release-linux-ix86, r-release-linux-x86_64, r-release-macosx-x86_64, r-release-windows-ix86+x86_64, r-oldrel-windows-ix86+x86_64

Version: 0.3.0
Check: top-level files
Result: NOTE
    Non-standard file/directory found at top level:
     ‘vwr-Ex.R’
Flavors: r-devel-linux-x86_64-fedora-clang, r-devel-linux-x86_64-fedora-gcc

Version: 0.3.0
Check: package dependencies
Result: ERROR
    Package required but not available: ‘latticeExtra’
    
    See the information on DESCRIPTION files in the chapter ‘Creating R
    packages’ of the ‘Writing R Extensions’ manual.
Flavor: r-devel-macosx-x86_64-gcc

Version: 0.3.0
Check: examples
Result: WARNING
    checking a package with encoding 'UTF-8' in an ASCII locale
    
     OK
Flavor: r-release-macosx-x86_64