CRAN Package Check Results for Package vwr

Last updated on 2016-04-30 15:47:17.

Flavor Version Tinstall Tcheck Ttotal Status Flags
r-devel-linux-x86_64-debian-gcc 0.3.0 20.21 29.76 49.98 NOTE
r-devel-linux-x86_64-fedora-clang 0.3.0 79.86 NOTE
r-devel-linux-x86_64-fedora-gcc 0.3.0 76.63 NOTE
r-devel-osx-x86_64-clang 0.3.0 85.49 NOTE
r-devel-windows-ix86+x86_64 0.3.0 31.00 49.00 80.00 NOTE
r-patched-linux-x86_64 0.3.0 20.26 29.51 49.77 NOTE
r-patched-solaris-sparc 0.3.0 501.50 NOTE
r-patched-solaris-x86 0.3.0 133.50 NOTE
r-release-linux-x86_64 0.3.0 20.45 30.76 51.20 NOTE
r-release-osx-x86_64-mavericks 0.3.0 NOTE
r-release-windows-ix86+x86_64 0.3.0 32.00 44.00 76.00 NOTE
r-oldrel-windows-ix86+x86_64 0.3.0 44.00 48.00 92.00 NOTE

Check Details

Version: 0.3.0
Check: top-level files
Result: NOTE
    Non-standard file/directory found at top level:
     ‘vwr-Ex.R’
Flavors: r-devel-linux-x86_64-debian-gcc, r-devel-linux-x86_64-fedora-clang, r-devel-linux-x86_64-fedora-gcc, r-patched-linux-x86_64, r-release-linux-x86_64

Version: 0.3.0
Check: dependencies in R code
Result: NOTE
    Packages in Depends field not imported from:
     ‘lattice’ ‘latticeExtra’ ‘stringdist’
     These packages need to be imported from (in the NAMESPACE file)
     for when this namespace is loaded but not attached.
Flavors: r-devel-linux-x86_64-debian-gcc, r-devel-linux-x86_64-fedora-clang, r-devel-linux-x86_64-fedora-gcc, r-devel-osx-x86_64-clang, r-devel-windows-ix86+x86_64, r-patched-linux-x86_64, r-patched-solaris-sparc, r-patched-solaris-x86, r-release-linux-x86_64, r-release-osx-x86_64-mavericks, r-release-windows-ix86+x86_64, r-oldrel-windows-ix86+x86_64

Version: 0.3.0
Check: R code for possible problems
Result: NOTE
    ald: no visible global function definition for ‘detectCores’
    ald: no visible global function definition for ‘mclapply’
    coltheart.N: no visible global function definition for ‘detectCores’
    coltheart.N: no visible global function definition for ‘mclapply’
    hamming.distance: no visible global function definition for
     ‘stringdist’
    ldknn: no visible global function definition for ‘detectCores’
    ldknn: no visible global function definition for ‘mclapply’
    ldknn.odds: no visible global function definition for ‘glm’
    ldknn.odds: no visible binding for global variable ‘binomial’
    ldknn.odds: no visible global function definition for ‘coefficients’
    levenshtein.damerau.distance: no visible global function definition for
     ‘stringdist’
    levenshtein.distance: no visible global function definition for
     ‘stringdist’
    plot.ldknn.run: no visible global function definition for ‘histogram’
    plot.ldknn.run: no visible global function definition for
     ‘theEconomist.theme’
    plot.ldknn.run: no visible global function definition for ‘xyplot’
    plot.ldknn.run: no visible global function definition for ‘as.layer’
    Undefined global functions or variables:
     as.layer binomial coefficients detectCores glm histogram mclapply
     stringdist theEconomist.theme xyplot
    Consider adding
     importFrom("stats", "binomial", "coefficients", "glm")
    to your NAMESPACE file.
Flavors: r-devel-linux-x86_64-debian-gcc, r-devel-linux-x86_64-fedora-clang, r-devel-linux-x86_64-fedora-gcc, r-devel-osx-x86_64-clang, r-devel-windows-ix86+x86_64, r-patched-linux-x86_64, r-patched-solaris-sparc, r-patched-solaris-x86

Version: 0.3.0
Check: data for non-ASCII characters
Result: NOTE
     Note: found 358074 marked UTF-8 strings
Flavors: r-devel-linux-x86_64-fedora-clang, r-devel-linux-x86_64-fedora-gcc, r-devel-osx-x86_64-clang, r-patched-solaris-sparc, r-patched-solaris-x86, r-release-linux-x86_64, r-release-osx-x86_64-mavericks, r-release-windows-ix86+x86_64, r-oldrel-windows-ix86+x86_64

Version: 0.3.0
Check: R code for possible problems
Result: NOTE
    ald: no visible global function definition for ‘detectCores’
    ald: no visible global function definition for ‘mclapply’
    coltheart.N: no visible global function definition for ‘detectCores’
    coltheart.N: no visible global function definition for ‘mclapply’
    hamming.distance: no visible global function definition for
     ‘stringdist’
    ldknn: no visible global function definition for ‘detectCores’
    ldknn: no visible global function definition for ‘mclapply’
    levenshtein.damerau.distance: no visible global function definition for
     ‘stringdist’
    levenshtein.distance: no visible global function definition for
     ‘stringdist’
    plot.ldknn.run: no visible global function definition for ‘histogram’
    plot.ldknn.run: no visible global function definition for
     ‘theEconomist.theme’
    plot.ldknn.run: no visible global function definition for ‘xyplot’
    plot.ldknn.run: no visible global function definition for ‘as.layer’
Flavors: r-release-linux-x86_64, r-release-osx-x86_64-mavericks, r-release-windows-ix86+x86_64, r-oldrel-windows-ix86+x86_64