CRAN Package Check Results for Package vwr

Last updated on 2017-12-11 02:49:06 CET.

Flavor Version Tinstall Tcheck Ttotal Status Flags
r-devel-linux-x86_64-debian-clang 0.3.0 21.95 45.19 67.14 NOTE
r-devel-linux-x86_64-debian-gcc 0.3.0 21.19 42.34 63.53 NOTE
r-devel-linux-x86_64-fedora-clang 0.3.0 77.73 NOTE
r-devel-linux-x86_64-fedora-gcc 0.3.0 75.00 NOTE
r-devel-windows-ix86+x86_64 0.3.0 40.00 54.00 94.00 NOTE
r-patched-linux-x86_64 0.3.0 23.80 52.21 76.01 NOTE
r-patched-solaris-x86 0.3.0 135.10 NOTE
r-release-linux-x86_64 0.3.0 23.62 52.20 75.82 NOTE
r-release-windows-ix86+x86_64 0.3.0 31.00 77.00 108.00 NOTE
r-release-osx-x86_64 0.3.0 NOTE
r-oldrel-windows-ix86+x86_64 0.3.0 40.00 63.00 103.00 NOTE
r-oldrel-osx-x86_64 0.3.0 NOTE

Check Details

Version: 0.3.0
Check: top-level files
Result: NOTE
    Non-standard file/directory found at top level:
     ‘vwr-Ex.R’
Flavors: r-devel-linux-x86_64-debian-clang, r-devel-linux-x86_64-debian-gcc, r-devel-linux-x86_64-fedora-clang, r-devel-linux-x86_64-fedora-gcc, r-patched-linux-x86_64, r-release-linux-x86_64

Version: 0.3.0
Check: dependencies in R code
Result: NOTE
    Packages in Depends field not imported from:
     ‘lattice’ ‘latticeExtra’ ‘stringdist’
     These packages need to be imported from (in the NAMESPACE file)
     for when this namespace is loaded but not attached.
Flavors: r-devel-linux-x86_64-debian-clang, r-devel-linux-x86_64-debian-gcc, r-devel-linux-x86_64-fedora-clang, r-devel-linux-x86_64-fedora-gcc, r-devel-windows-ix86+x86_64, r-patched-linux-x86_64, r-patched-solaris-x86, r-release-linux-x86_64, r-release-windows-ix86+x86_64, r-release-osx-x86_64, r-oldrel-windows-ix86+x86_64, r-oldrel-osx-x86_64

Version: 0.3.0
Check: R code for possible problems
Result: NOTE
    ald: no visible global function definition for ‘detectCores’
    ald: no visible global function definition for ‘mclapply’
    coltheart.N: no visible global function definition for ‘detectCores’
    coltheart.N: no visible global function definition for ‘mclapply’
    hamming.distance: no visible global function definition for
     ‘stringdist’
    ldknn: no visible global function definition for ‘detectCores’
    ldknn: no visible global function definition for ‘mclapply’
    ldknn.odds: no visible global function definition for ‘glm’
    ldknn.odds: no visible binding for global variable ‘binomial’
    ldknn.odds: no visible global function definition for ‘coefficients’
    levenshtein.damerau.distance: no visible global function definition for
     ‘stringdist’
    levenshtein.distance: no visible global function definition for
     ‘stringdist’
    plot.ldknn.run: no visible global function definition for ‘histogram’
    plot.ldknn.run: no visible global function definition for
     ‘theEconomist.theme’
    plot.ldknn.run: no visible global function definition for ‘xyplot’
    plot.ldknn.run: no visible global function definition for ‘as.layer’
    Undefined global functions or variables:
     as.layer binomial coefficients detectCores glm histogram mclapply
     stringdist theEconomist.theme xyplot
    Consider adding
     importFrom("stats", "binomial", "coefficients", "glm")
    to your NAMESPACE file.
Flavors: r-devel-linux-x86_64-debian-clang, r-devel-linux-x86_64-debian-gcc, r-devel-linux-x86_64-fedora-clang, r-devel-linux-x86_64-fedora-gcc, r-devel-windows-ix86+x86_64, r-patched-linux-x86_64, r-patched-solaris-x86, r-release-linux-x86_64, r-release-windows-ix86+x86_64, r-release-osx-x86_64, r-oldrel-windows-ix86+x86_64, r-oldrel-osx-x86_64

Version: 0.3.0
Check: data for non-ASCII characters
Result: NOTE
     Note: found 358074 marked UTF-8 strings
Flavors: r-devel-linux-x86_64-fedora-clang, r-devel-linux-x86_64-fedora-gcc, r-patched-solaris-x86, r-release-osx-x86_64, r-oldrel-osx-x86_64