CRAN Package Check Results for Package vwr

Last updated on 2015-07-08 05:48:03.

Flavor Version Tinstall Tcheck Ttotal Status Flags
r-devel-linux-x86_64-debian-clang 0.3.0 19.06 22.38 41.44 NOTE
r-devel-linux-x86_64-debian-gcc 0.3.0 19.47 26.88 46.36 NOTE
r-devel-linux-x86_64-fedora-clang 0.3.0 81.20 NOTE
r-devel-linux-x86_64-fedora-gcc 0.3.0 81.64 NOTE
r-devel-osx-x86_64-clang 0.3.0 64.05 NOTE
r-devel-windows-ix86+x86_64 0.3.0 34.00 35.00 69.00 NOTE
r-patched-linux-x86_64 0.3.0 18.88 26.86 45.74 NOTE
r-patched-solaris-sparc 0.3.0 528.20 NOTE
r-patched-solaris-x86 0.3.0 142.90 NOTE
r-release-linux-x86_64 0.3.0 18.97 27.58 46.55 NOTE
r-release-osx-x86_64-mavericks 0.3.0 NOTE
r-release-windows-ix86+x86_64 0.3.0 38.00 37.00 75.00 NOTE
r-oldrel-windows-ix86+x86_64 0.3.0 34.00 43.00 77.00 NOTE

Check Details

Version: 0.3.0
Check: top-level files
Result: NOTE
    Non-standard file/directory found at top level:
     ‘vwr-Ex.R’
Flavors: r-devel-linux-x86_64-debian-clang, r-devel-linux-x86_64-debian-gcc, r-devel-linux-x86_64-fedora-clang, r-devel-linux-x86_64-fedora-gcc, r-patched-linux-x86_64, r-release-linux-x86_64

Version: 0.3.0
Check: dependencies in R code
Result: NOTE
    Packages in Depends field not imported from:
     ‘lattice’ ‘latticeExtra’ ‘stringdist’
     These packages need to be imported from (in the NAMESPACE file)
     for when this namespace is loaded but not attached.
Flavors: r-devel-linux-x86_64-debian-clang, r-devel-linux-x86_64-debian-gcc, r-devel-linux-x86_64-fedora-clang, r-devel-linux-x86_64-fedora-gcc, r-devel-osx-x86_64-clang, r-devel-windows-ix86+x86_64, r-patched-linux-x86_64, r-patched-solaris-sparc, r-patched-solaris-x86, r-release-linux-x86_64, r-release-osx-x86_64-mavericks, r-release-windows-ix86+x86_64, r-oldrel-windows-ix86+x86_64

Version: 0.3.0
Check: R code for possible problems
Result: NOTE
    ald: no visible global function definition for ‘detectCores’
    ald: no visible global function definition for ‘mclapply’
    coltheart.N: no visible global function definition for ‘detectCores’
    coltheart.N: no visible global function definition for ‘mclapply’
    hamming.distance: no visible global function definition for
     ‘stringdist’
    ldknn: no visible global function definition for ‘detectCores’
    ldknn: no visible global function definition for ‘mclapply’
    ldknn.odds: no visible global function definition for ‘glm’
    ldknn.odds: no visible binding for global variable ‘binomial’
    ldknn.odds: no visible global function definition for ‘coefficients’
    levenshtein.damerau.distance: no visible global function definition for
     ‘stringdist’
    levenshtein.distance: no visible global function definition for
     ‘stringdist’
    plot.ldknn.run: no visible global function definition for ‘histogram’
    plot.ldknn.run: no visible global function definition for
     ‘theEconomist.theme’
    plot.ldknn.run: no visible global function definition for ‘xyplot’
    plot.ldknn.run: no visible global function definition for ‘as.layer’
    Undefined global functions or variables:
     as.layer binomial coefficients detectCores glm histogram mclapply
     stringdist theEconomist.theme xyplot
Flavors: r-devel-linux-x86_64-debian-clang, r-devel-linux-x86_64-debian-gcc, r-devel-linux-x86_64-fedora-clang, r-devel-linux-x86_64-fedora-gcc, r-devel-windows-ix86+x86_64

Version: 0.3.0
Check: data for non-ASCII characters
Result: NOTE
     Note: found 358074 marked UTF-8 strings
Flavors: r-devel-linux-x86_64-debian-clang, r-devel-linux-x86_64-debian-gcc, r-devel-linux-x86_64-fedora-clang, r-devel-linux-x86_64-fedora-gcc, r-devel-osx-x86_64-clang, r-devel-windows-ix86+x86_64, r-patched-linux-x86_64, r-patched-solaris-sparc, r-patched-solaris-x86, r-release-linux-x86_64, r-release-osx-x86_64-mavericks, r-release-windows-ix86+x86_64, r-oldrel-windows-ix86+x86_64

Version: 0.3.0
Check: R code for possible problems
Result: NOTE
    ald: no visible global function definition for ‘detectCores’
    ald: no visible global function definition for ‘mclapply’
    coltheart.N: no visible global function definition for ‘detectCores’
    coltheart.N: no visible global function definition for ‘mclapply’
    hamming.distance: no visible global function definition for
     ‘stringdist’
    ldknn: no visible global function definition for ‘detectCores’
    ldknn: no visible global function definition for ‘mclapply’
    levenshtein.damerau.distance: no visible global function definition for
     ‘stringdist’
    levenshtein.distance: no visible global function definition for
     ‘stringdist’
    plot.ldknn.run: no visible global function definition for ‘histogram’
    plot.ldknn.run: no visible global function definition for
     ‘theEconomist.theme’
    plot.ldknn.run: no visible global function definition for ‘xyplot’
    plot.ldknn.run: no visible global function definition for ‘as.layer’
    Undefined global functions or variables:
     as.layer detectCores histogram mclapply stringdist theEconomist.theme
     xyplot
Flavor: r-devel-osx-x86_64-clang

Version: 0.3.0
Check: R code for possible problems
Result: NOTE
    ald: no visible global function definition for ‘detectCores’
    ald: no visible global function definition for ‘mclapply’
    coltheart.N: no visible global function definition for ‘detectCores’
    coltheart.N: no visible global function definition for ‘mclapply’
    hamming.distance: no visible global function definition for
     ‘stringdist’
    ldknn: no visible global function definition for ‘detectCores’
    ldknn: no visible global function definition for ‘mclapply’
    levenshtein.damerau.distance: no visible global function definition for
     ‘stringdist’
    levenshtein.distance: no visible global function definition for
     ‘stringdist’
    plot.ldknn.run: no visible global function definition for ‘histogram’
    plot.ldknn.run: no visible global function definition for
     ‘theEconomist.theme’
    plot.ldknn.run: no visible global function definition for ‘xyplot’
    plot.ldknn.run: no visible global function definition for ‘as.layer’
Flavors: r-patched-linux-x86_64, r-patched-solaris-sparc, r-patched-solaris-x86, r-release-linux-x86_64, r-release-osx-x86_64-mavericks, r-release-windows-ix86+x86_64, r-oldrel-windows-ix86+x86_64