CRAN Package Check Results for Package vwr

Last updated on 2014-09-30 15:53:41.

Flavor Version Tinstall Tcheck Ttotal Status Flags
r-devel-linux-x86_64-debian-clang 0.3.0 19.39 27.82 47.21 NOTE
r-devel-linux-x86_64-debian-gcc 0.3.0 18.98 27.20 46.18 NOTE
r-devel-linux-x86_64-fedora-clang 0.3.0 107.26 NOTE
r-devel-linux-x86_64-fedora-gcc 0.3.0 108.43 NOTE
r-devel-osx-x86_64-clang 0.3.0 93.44 NOTE
r-devel-windows-ix86+x86_64 0.3.0 32.00 42.00 74.00 NOTE
r-patched-linux-x86_64 0.3.0 19.09 28.85 47.94 NOTE
r-patched-solaris-sparc 0.3.0 593.20 NOTE
r-patched-solaris-x86 0.3.0 178.40 NOTE
r-release-linux-ix86 0.3.0 23.10 39.05 62.16 NOTE
r-release-linux-x86_64 0.3.0 18.87 28.06 46.92 NOTE
r-release-osx-x86_64-mavericks 0.3.0 NOTE
r-release-osx-x86_64-snowleopard 0.3.0 WARN
r-release-windows-ix86+x86_64 0.3.0 35.00 44.00 79.00 NOTE
r-oldrel-windows-ix86+x86_64 0.3.0 37.00 45.00 82.00 NOTE

Check Details

Version: 0.3.0
Check: top-level files
Result: NOTE
    Non-standard file/directory found at top level:
     ‘vwr-Ex.R’
Flavors: r-devel-linux-x86_64-debian-clang, r-devel-linux-x86_64-debian-gcc, r-devel-linux-x86_64-fedora-clang, r-devel-linux-x86_64-fedora-gcc, r-patched-linux-x86_64, r-release-linux-x86_64

Version: 0.3.0
Check: dependencies in R code
Result: NOTE
    Packages in Depends field not imported from:
     ‘lattice’ ‘latticeExtra’ ‘stringdist’
     These packages need to be imported from (in the NAMESPACE file)
     for when this namespace is loaded but not attached.
    See the information on DESCRIPTION files in the chapter ‘Creating R
    packages’ of the ‘Writing R Extensions’ manual.
Flavors: r-devel-linux-x86_64-debian-clang, r-devel-linux-x86_64-debian-gcc, r-devel-linux-x86_64-fedora-clang, r-devel-linux-x86_64-fedora-gcc, r-devel-osx-x86_64-clang, r-devel-windows-ix86+x86_64, r-patched-linux-x86_64, r-patched-solaris-sparc, r-patched-solaris-x86, r-release-linux-ix86, r-release-linux-x86_64, r-release-osx-x86_64-mavericks, r-release-windows-ix86+x86_64, r-oldrel-windows-ix86+x86_64

Version: 0.3.0
Check: R code for possible problems
Result: NOTE
    ald: no visible global function definition for ‘detectCores’
    ald: no visible global function definition for ‘mclapply’
    coltheart.N: no visible global function definition for ‘detectCores’
    coltheart.N: no visible global function definition for ‘mclapply’
    hamming.distance: no visible global function definition for
     ‘stringdist’
    ldknn: no visible global function definition for ‘detectCores’
    ldknn: no visible global function definition for ‘mclapply’
    levenshtein.damerau.distance: no visible global function definition for
     ‘stringdist’
    levenshtein.distance: no visible global function definition for
     ‘stringdist’
    plot.ldknn.run: no visible global function definition for ‘histogram’
    plot.ldknn.run: no visible global function definition for
     ‘theEconomist.theme’
    plot.ldknn.run: no visible global function definition for ‘xyplot’
    plot.ldknn.run: no visible global function definition for ‘as.layer’
Flavors: r-devel-linux-x86_64-debian-clang, r-devel-linux-x86_64-debian-gcc, r-devel-linux-x86_64-fedora-clang, r-devel-linux-x86_64-fedora-gcc, r-devel-osx-x86_64-clang, r-devel-windows-ix86+x86_64

Version: 0.3.0
Check: data for non-ASCII characters
Result: NOTE
     Note: found 358074 marked UTF-8 strings
Flavors: r-devel-linux-x86_64-debian-clang, r-devel-linux-x86_64-debian-gcc, r-devel-linux-x86_64-fedora-clang, r-devel-linux-x86_64-fedora-gcc, r-devel-osx-x86_64-clang, r-devel-windows-ix86+x86_64, r-patched-linux-x86_64, r-patched-solaris-sparc, r-patched-solaris-x86, r-release-linux-ix86, r-release-linux-x86_64, r-release-osx-x86_64-mavericks, r-release-osx-x86_64-snowleopard, r-release-windows-ix86+x86_64, r-oldrel-windows-ix86+x86_64

Version: 0.3.0
Check: examples
Result: WARN
    checking a package with encoding 'UTF-8' in an ASCII locale
    
     OK
Flavor: r-release-osx-x86_64-snowleopard