CRAN Package Check Results for Package vwr

Last updated on 2014-08-01 17:48:34.

Flavor Version Tinstall Tcheck Ttotal Status Flags
r-devel-linux-x86_64-debian-clang 0.3.0 19.77 26.89 46.66 NOTE
r-devel-linux-x86_64-debian-gcc 0.3.0 19.82 26.87 46.68 NOTE
r-devel-linux-x86_64-fedora-clang 0.3.0 111.96 NOTE
r-devel-linux-x86_64-fedora-gcc 0.3.0 105.34 NOTE
r-devel-osx-x86_64-clang 0.3.0 93.08 NOTE
r-devel-windows-ix86+x86_64 0.3.0 32.00 42.00 74.00 NOTE
r-patched-linux-x86_64 0.3.0 19.76 26.51 46.26 NOTE
r-patched-solaris-sparc 0.3.0 593.20 NOTE
r-patched-solaris-x86 0.3.0 174.70 NOTE
r-release-linux-ix86 0.3.0 23.24 37.23 60.47 NOTE
r-release-linux-x86_64 0.3.0 19.14 27.53 46.67 NOTE
r-release-osx-x86_64-mavericks 0.3.0 NOTE
r-release-osx-x86_64-snowleopard 0.3.0 WARN
r-release-windows-ix86+x86_64 0.3.0 42.00 64.00 106.00 NOTE
r-oldrel-windows-ix86+x86_64 0.3.0 44.00 64.00 108.00 NOTE

Check Details

Version: 0.3.0
Check: dependencies in R code
Result: NOTE
    Packages in Depends field not imported from:
     lattice latticeExtra stringdist
     These packages need to be imported from (in the NAMESPACE file)
     for when this namespace is loaded but not attached.
    See the information on DESCRIPTION files in the chapter Creating R
    packages of the Writing R Extensions manual.
Flavors: r-devel-linux-x86_64-debian-clang, r-devel-linux-x86_64-debian-gcc, r-devel-linux-x86_64-fedora-clang, r-devel-linux-x86_64-fedora-gcc, r-devel-osx-x86_64-clang, r-devel-windows-ix86+x86_64, r-patched-linux-x86_64, r-patched-solaris-sparc, r-patched-solaris-x86, r-release-linux-ix86, r-release-linux-x86_64, r-release-osx-x86_64-mavericks, r-release-windows-ix86+x86_64, r-oldrel-windows-ix86+x86_64

Version: 0.3.0
Check: data for non-ASCII characters
Result: NOTE
     Note: found 358074 marked UTF-8 strings
Flavors: r-devel-linux-x86_64-debian-clang, r-devel-linux-x86_64-debian-gcc, r-devel-linux-x86_64-fedora-clang, r-devel-linux-x86_64-fedora-gcc, r-devel-osx-x86_64-clang, r-devel-windows-ix86+x86_64, r-patched-linux-x86_64, r-patched-solaris-sparc, r-patched-solaris-x86, r-release-linux-ix86, r-release-linux-x86_64, r-release-osx-x86_64-mavericks, r-release-osx-x86_64-snowleopard, r-release-windows-ix86+x86_64, r-oldrel-windows-ix86+x86_64

Version: 0.3.0
Check: top-level files
Result: NOTE
    Non-standard file/directory found at top level:
     vwr-Ex.R
Flavors: r-devel-linux-x86_64-fedora-clang, r-devel-linux-x86_64-fedora-gcc

Version: 0.3.0
Check: examples
Result: WARNING
    checking a package with encoding 'UTF-8' in an ASCII locale
    
     OK
Flavor: r-release-osx-x86_64-snowleopard