CRAN Package Check Results for Package wISAM

Last updated on 2024-02-22 14:48:33 CET.

Flavor Version Tinstall Tcheck Ttotal Status Flags
r-devel-linux-x86_64-debian-clang 0.2.8 OK
r-devel-linux-x86_64-debian-gcc 0.2.8 2.22 31.32 33.54 OK
r-devel-linux-x86_64-fedora-clang 0.2.8 51.42 NOTE
r-devel-linux-x86_64-fedora-gcc 0.2.8 51.13 NOTE
r-devel-windows-x86_64 0.2.8 4.00 59.00 63.00 OK
r-patched-linux-x86_64 0.2.8 2.89 39.97 42.86 OK
r-release-linux-x86_64 0.2.8 3.04 39.68 42.72 OK
r-release-macos-arm64 0.2.8 23.00 OK
r-release-macos-x86_64 0.2.8 39.00 OK
r-release-windows-x86_64 0.2.8 3.00 61.00 64.00 OK
r-oldrel-macos-arm64 0.2.8 25.00 OK
r-oldrel-windows-x86_64 0.2.8 10.00 62.00 72.00 OK

Check Details

Version: 0.2.8
Check: dependencies in R code
Result: NOTE Namespace in Imports field not imported from: ‘MASS’ All declared Imports should be used. Flavors: r-devel-linux-x86_64-fedora-clang, r-devel-linux-x86_64-fedora-gcc