CRAN Package Check Results for Package wSVM

Last updated on 2014-04-25 05:47:28.

Flavor Version Tinstall Tcheck Ttotal Status Flags
r-devel-linux-x86_64-debian-clang 0.1-7 0.72 34.45 35.18 NOTE
r-devel-linux-x86_64-debian-gcc 0.1-7 0.79 34.03 34.82 NOTE
r-devel-linux-x86_64-fedora-clang 0.1-7 69.23 NOTE
r-devel-linux-x86_64-fedora-gcc 0.1-7 67.35 NOTE
r-devel-osx-x86_64-clang 0.1-7 56.21 NOTE
r-devel-osx-x86_64-gcc 0.1-7 NOTE
r-devel-windows-ix86+x86_64 0.1-7 3.00 54.00 57.00 NOTE
r-patched-linux-x86_64 0.1-7 0.76 33.69 34.45 NOTE
r-patched-solaris-sparc 0.1-7 587.20 NOTE
r-patched-solaris-x86 0.1-7 81.20 NOTE
r-release-linux-ix86 0.1-7 1.00 68.00 69.00 NOTE
r-release-linux-x86_64 0.1-7 0.72 33.98 34.70 NOTE
r-release-osx-x86_64-mavericks 0.1-7 WARN
r-release-osx-x86_64-snowleopard 0.1-7 NOTE
r-release-windows-ix86+x86_64 0.1-7 3.00 53.00 56.00 NOTE
r-oldrel-windows-ix86+x86_64 0.1-7 3.00 54.00 57.00 NOTE

Check Details

Version: 0.1-7
Check: top-level files
Result: NOTE
    File
     LICENCE
    is not mentioned in the DESCRIPTION file.
Flavors: r-devel-linux-x86_64-debian-clang, r-devel-linux-x86_64-debian-gcc, r-devel-linux-x86_64-fedora-clang, r-devel-linux-x86_64-fedora-gcc, r-devel-osx-x86_64-clang, r-devel-osx-x86_64-gcc, r-devel-windows-ix86+x86_64, r-patched-linux-x86_64, r-patched-solaris-sparc, r-patched-solaris-x86, r-release-linux-ix86, r-release-linux-x86_64, r-release-osx-x86_64-mavericks, r-release-osx-x86_64-snowleopard, r-release-windows-ix86+x86_64, r-oldrel-windows-ix86+x86_64

Version: 0.1-7
Check: dependencies in R code
Result: NOTE
    'library' or 'require' call to ‘MASS’ which was already attached by Depends.
     Please remove these calls from your code.
    See the information on DESCRIPTION files in the chapter ‘Creating R
    packages’ of the ‘Writing R Extensions’ manual.
Flavors: r-devel-linux-x86_64-debian-clang, r-devel-linux-x86_64-debian-gcc, r-devel-linux-x86_64-fedora-clang, r-devel-linux-x86_64-fedora-gcc, r-devel-osx-x86_64-clang, r-devel-osx-x86_64-gcc, r-devel-windows-ix86+x86_64, r-patched-linux-x86_64, r-patched-solaris-sparc, r-patched-solaris-x86, r-release-linux-ix86, r-release-linux-x86_64, r-release-osx-x86_64-mavericks, r-release-osx-x86_64-snowleopard, r-release-windows-ix86+x86_64, r-oldrel-windows-ix86+x86_64

Version: 0.1-7
Check: Rd line widths
Result: NOTE
    Rd file 'simul.wsvm.Rd':
     \usage lines wider than 90 characters:
     simul.wsvm(set.seeds = 123, obs.num = 1000, mu = c(0,0), cov.mat = 0.2*diag(2), X = NULL, Y = NULL)
    
    Rd file 'wsvm.boost.Rd':
     \usage lines wider than 90 characters:
     wsvm.boost(X, Y, new.X, new.Y, c.n, B = 50, kernel.type = list(type = "rbf", par= 0.5), C = 4, eps = 1e-10, plotting = FALSE)
    
    These lines will be truncated in the PDF manual.
Flavors: r-devel-linux-x86_64-fedora-clang, r-devel-linux-x86_64-fedora-gcc

Version: 0.1-7
Check: PDF version of manual
Result: WARNING
    LaTeX errors when creating PDF version.
    This typically indicates Rd problems.
    LaTeX errors found:
    ! LaTeX Error: File `upquote.sty' not found.
    
    Type X to quit or <RETURN> to proceed,
    or enter new name. (Default extension: sty)
    
    f1ed7/Rd2.tex:8: ==> Fatal error occurred, no output PDF file produced!
Flavor: r-release-osx-x86_64-mavericks