CRAN Package Check Results for Package wSVM

Last updated on 2014-10-24 14:47:37.

Flavor Version Tinstall Tcheck Ttotal Status Flags
r-devel-linux-x86_64-debian-clang 0.1-7 0.72 33.90 34.63 NOTE
r-devel-linux-x86_64-debian-gcc 0.1-7 0.70 33.80 34.50 NOTE
r-devel-linux-x86_64-fedora-clang 0.1-7 72.12 NOTE
r-devel-linux-x86_64-fedora-gcc 0.1-7 55.91 NOTE
r-devel-osx-x86_64-clang 0.1-7 59.42 NOTE
r-devel-windows-ix86+x86_64 0.1-7 3.00 58.00 61.00 NOTE
r-patched-linux-x86_64 0.1-7 0.98 33.39 34.37 NOTE
r-patched-solaris-sparc 0.1-7 649.40 NOTE
r-patched-solaris-x86 0.1-7 84.00 NOTE
r-release-linux-ix86 0.1-7 1.05 51.42 52.47 NOTE
r-release-linux-x86_64 0.1-7 0.70 34.26 34.96 NOTE
r-release-osx-x86_64-mavericks 0.1-7 NOTE
r-release-osx-x86_64-snowleopard 0.1-7 NOTE
r-release-windows-ix86+x86_64 0.1-7 3.00 56.00 59.00 NOTE
r-oldrel-windows-ix86+x86_64 0.1-7 3.00 61.00 64.00 NOTE

Check Details

Version: 0.1-7
Check: top-level files
Result: NOTE
    File
     LICENCE
    is not mentioned in the DESCRIPTION file.
Flavors: r-devel-linux-x86_64-debian-clang, r-devel-linux-x86_64-debian-gcc, r-devel-linux-x86_64-fedora-clang, r-devel-linux-x86_64-fedora-gcc, r-devel-osx-x86_64-clang, r-devel-windows-ix86+x86_64, r-patched-linux-x86_64, r-patched-solaris-sparc, r-patched-solaris-x86, r-release-linux-ix86, r-release-linux-x86_64, r-release-osx-x86_64-mavericks, r-release-osx-x86_64-snowleopard, r-release-windows-ix86+x86_64, r-oldrel-windows-ix86+x86_64

Version: 0.1-7
Check: dependencies in R code
Result: NOTE
    'library' or 'require' call to ‘MASS’ which was already attached by Depends.
     Please remove these calls from your code.
    See the information on DESCRIPTION files in the chapter ‘Creating R
    packages’ of the ‘Writing R Extensions’ manual.
Flavors: r-devel-linux-x86_64-debian-clang, r-devel-linux-x86_64-debian-gcc, r-devel-linux-x86_64-fedora-clang, r-devel-linux-x86_64-fedora-gcc, r-devel-osx-x86_64-clang, r-devel-windows-ix86+x86_64, r-patched-linux-x86_64, r-patched-solaris-sparc, r-patched-solaris-x86, r-release-linux-ix86, r-release-linux-x86_64, r-release-osx-x86_64-mavericks, r-release-osx-x86_64-snowleopard, r-release-windows-ix86+x86_64, r-oldrel-windows-ix86+x86_64

Version: 0.1-7
Check: R code for possible problems
Result: NOTE
    simul.wsvm: no visible binding for global variable ‘mixture.example’
Flavors: r-devel-linux-x86_64-debian-clang, r-devel-linux-x86_64-debian-gcc, r-devel-linux-x86_64-fedora-clang, r-devel-linux-x86_64-fedora-gcc, r-devel-osx-x86_64-clang, r-devel-windows-ix86+x86_64, r-patched-linux-x86_64, r-patched-solaris-sparc, r-patched-solaris-x86

Version: 0.1-7
Check: Rd line widths
Result: NOTE
    Rd file 'simul.wsvm.Rd':
     \usage lines wider than 90 characters:
     simul.wsvm(set.seeds = 123, obs.num = 1000, mu = c(0,0), cov.mat = 0.2*diag(2), X = NULL, Y = NULL)
    
    Rd file 'wsvm.boost.Rd':
     \usage lines wider than 90 characters:
     wsvm.boost(X, Y, new.X, new.Y, c.n, B = 50, kernel.type = list(type = "rbf", par= 0.5), C = 4, eps = 1e-10, plotting = FALSE)
    
    These lines will be truncated in the PDF manual.
Flavors: r-devel-linux-x86_64-debian-clang, r-devel-linux-x86_64-debian-gcc, r-devel-linux-x86_64-fedora-clang, r-devel-linux-x86_64-fedora-gcc, r-patched-linux-x86_64, r-release-linux-x86_64