CRAN Package Check Results for Package wSVM

Last updated on 2015-08-04 08:48:12.

Flavor Version Tinstall Tcheck Ttotal Status Flags
r-devel-linux-x86_64-debian-clang 0.1-7 0.67 32.06 32.73 NOTE
r-devel-linux-x86_64-debian-gcc 0.1-7 0.60 33.65 34.26 NOTE
r-devel-linux-x86_64-fedora-clang 0.1-7 63.66 NOTE
r-devel-linux-x86_64-fedora-gcc 0.1-7 61.48 NOTE
r-devel-osx-x86_64-clang 0.1-7 52.68 NOTE
r-devel-windows-ix86+x86_64 0.1-7 5.00 76.00 81.00 NOTE
r-patched-linux-x86_64 0.1-7 0.67 33.79 34.46 NOTE
r-patched-solaris-sparc 0.1-7 607.30 NOTE
r-patched-solaris-x86 0.1-7 76.60 NOTE
r-release-linux-x86_64 0.1-7 0.63 34.18 34.81 NOTE
r-release-osx-x86_64-mavericks 0.1-7 NOTE
r-release-windows-ix86+x86_64 0.1-7 5.00 81.00 86.00 NOTE
r-oldrel-windows-ix86+x86_64 0.1-7 5.00 57.00 62.00 NOTE

Check Details

Version: 0.1-7
Check: top-level files
Result: NOTE
    File
     LICENCE
    is not mentioned in the DESCRIPTION file.
Flavors: r-devel-linux-x86_64-debian-clang, r-devel-linux-x86_64-debian-gcc, r-devel-linux-x86_64-fedora-clang, r-devel-linux-x86_64-fedora-gcc, r-devel-osx-x86_64-clang, r-devel-windows-ix86+x86_64, r-patched-linux-x86_64, r-patched-solaris-sparc, r-patched-solaris-x86, r-release-linux-x86_64, r-release-osx-x86_64-mavericks, r-release-windows-ix86+x86_64, r-oldrel-windows-ix86+x86_64

Version: 0.1-7
Check: dependencies in R code
Result: NOTE
    'library' or 'require' call to ‘MASS’ which was already attached by Depends.
     Please remove these calls from your code.
Flavors: r-devel-linux-x86_64-debian-clang, r-devel-linux-x86_64-debian-gcc, r-devel-linux-x86_64-fedora-clang, r-devel-linux-x86_64-fedora-gcc, r-devel-osx-x86_64-clang, r-devel-windows-ix86+x86_64, r-patched-linux-x86_64, r-patched-solaris-sparc, r-patched-solaris-x86, r-release-linux-x86_64, r-release-osx-x86_64-mavericks, r-release-windows-ix86+x86_64, r-oldrel-windows-ix86+x86_64

Version: 0.1-7
Check: R code for possible problems
Result: NOTE
    simul.wsvm: no visible binding for global variable ‘mixture.example’
    wsvm.boost: no visible global function definition for ‘plot’
    Undefined global functions or variables:
     mixture.example plot
    Consider adding
     importFrom("graphics", "plot")
    to your NAMESPACE.
Flavors: r-devel-linux-x86_64-debian-clang, r-devel-linux-x86_64-debian-gcc, r-devel-linux-x86_64-fedora-clang, r-devel-linux-x86_64-fedora-gcc, r-devel-windows-ix86+x86_64

Version: 0.1-7
Check: Rd line widths
Result: NOTE
    Rd file 'simul.wsvm.Rd':
     \usage lines wider than 90 characters:
     simul.wsvm(set.seeds = 123, obs.num = 1000, mu = c(0,0), cov.mat = 0.2*diag(2), X = NULL, Y = NULL)
    
    Rd file 'wsvm.boost.Rd':
     \usage lines wider than 90 characters:
     wsvm.boost(X, Y, new.X, new.Y, c.n, B = 50, kernel.type = list(type = "rbf", par= 0.5), C = 4, eps = 1e-10, plotting = FALSE)
    
    These lines will be truncated in the PDF manual.
Flavors: r-devel-linux-x86_64-debian-clang, r-devel-linux-x86_64-debian-gcc, r-devel-linux-x86_64-fedora-clang, r-devel-linux-x86_64-fedora-gcc, r-patched-linux-x86_64, r-release-linux-x86_64

Version: 0.1-7
Check: R code for possible problems
Result: NOTE
    simul.wsvm: no visible binding for global variable ‘mixture.example’
    Undefined global functions or variables:
     mixture.example
Flavor: r-devel-osx-x86_64-clang

Version: 0.1-7
Check: R code for possible problems
Result: NOTE
    simul.wsvm: no visible binding for global variable ‘mixture.example’
Flavors: r-patched-linux-x86_64, r-patched-solaris-sparc, r-patched-solaris-x86, r-release-linux-x86_64, r-release-osx-x86_64-mavericks, r-release-windows-ix86+x86_64, r-oldrel-windows-ix86+x86_64