CRAN Package Check Results for Package waffect

Last updated on 2014-04-23 07:55:11.

Flavor Version Tinstall Tcheck Ttotal Status Flags
r-devel-linux-x86_64-debian-clang 1.2 4.90 18.48 23.38 NOTE
r-devel-linux-x86_64-debian-gcc 1.2 5.86 18.43 24.29 NOTE
r-devel-linux-x86_64-fedora-clang 1.2 50.47 NOTE
r-devel-linux-x86_64-fedora-gcc 1.2 48.67 NOTE
r-devel-osx-x86_64-clang 1.2 49.68 NOTE
r-devel-osx-x86_64-gcc 1.2 NOTE
r-devel-windows-ix86+x86_64 1.2 20.00 38.00 58.00 NOTE
r-patched-linux-x86_64 1.2 5.61 18.54 24.15 NOTE
r-patched-solaris-sparc 1.2 334.70 NOTE
r-patched-solaris-x86 1.2 67.30 NOTE
r-release-linux-ix86 1.2 9.00 38.00 47.00 NOTE
r-release-linux-x86_64 1.2 5.70 18.40 24.10 NOTE
r-release-osx-x86_64-mavericks 1.2 WARN
r-release-osx-x86_64-snowleopard 1.2 OK
r-release-windows-ix86+x86_64 1.2 21.00 40.00 61.00 NOTE
r-oldrel-windows-ix86+x86_64 1.2 23.00 54.00 77.00 NOTE

Check Details

Version: 1.2
Check: dependencies in R code
Result: NOTE
    Package in Depends field not imported from: ‘Rcpp’
     These packages need to be imported from (in the NAMESPACE file)
     for when this namespace is loaded but not attached.
    See the information on DESCRIPTION files in the chapter ‘Creating R
    packages’ of the ‘Writing R Extensions’ manual.
Flavors: r-devel-linux-x86_64-debian-clang, r-devel-linux-x86_64-debian-gcc, r-devel-linux-x86_64-fedora-clang, r-devel-linux-x86_64-fedora-gcc, r-devel-osx-x86_64-clang, r-devel-osx-x86_64-gcc, r-devel-windows-ix86+x86_64, r-patched-linux-x86_64, r-patched-solaris-sparc, r-patched-solaris-x86, r-release-linux-ix86, r-release-linux-x86_64, r-release-osx-x86_64-mavericks, r-release-windows-ix86+x86_64, r-oldrel-windows-ix86+x86_64

Version: 1.2
Check: Rd line widths
Result: NOTE
    Rd file 'waffect-package.Rd':
     \examples lines wider than 100 characters:
     ## Not run: Typical usage to simulate case/control phenotypes under H1 (in this example: 5 individuals, 2 cases, 3 controls, the probab ... [TRUNCATED]
     ## Not run: Simulation of phenotypes in the multiclass case (in this example: 4 individuals and 3 classes, 1 individual in class 1, 2 ... [TRUNCATED]
    
    Rd file 'waffect.Rd':
     \examples lines wider than 100 characters:
     ## Not run: Typical usage to simulate case/control phenotypes under H1 (in this example: 12 individuals, 7 cases, 5 controls, the proba ... [TRUNCATED]
     waffect(prob = c(0.2, 0.4, 0.9, 0.6, 0.9, 0.1, 0.4, 0.6, 0.6, 0.3, 0.8, 0.1), count=c(7,5), label=c(1,0))
     waffect(prob = c(0.2, 0.4, 0.9, 0.6, 0.9, 0.1, 0.4, 0.6, 0.6, 0.3, 0.8, 0.1), count=c(7,5), label=c(1,0))
     waffect(prob = c(0.2, 0.4, 0.9, 0.6, 0.9, 0.1, 0.4, 0.6, 0.6, 0.3, 0.8, 0.1), count=7, label=c(1,0))
     ## Not run: If prob is not specified then a constant vector of probabilities is assumed by default. This is equivalent to simulate phen ... [TRUNCATED]
    
    These lines will be truncated in the PDF manual.
Flavors: r-devel-linux-x86_64-fedora-clang, r-devel-linux-x86_64-fedora-gcc

Version: 1.2
Check: PDF version of manual
Result: WARNING
    LaTeX errors when creating PDF version.
    This typically indicates Rd problems.
    LaTeX errors found:
    ! LaTeX Error: File `upquote.sty' not found.
    
    Type X to quit or <RETURN> to proceed,
    or enter new name. (Default extension: sty)
    
    096e35/Rd2.tex:8: ==> Fatal error occurred, no output PDF file produced!
Flavor: r-release-osx-x86_64-mavericks