CRAN Package Check Results for Package waffect

Last updated on 2014-08-01 01:48:29.

Flavor Version Tinstall Tcheck Ttotal Status Flags
r-devel-linux-x86_64-debian-clang 1.2 4.88 18.95 23.83 NOTE
r-devel-linux-x86_64-debian-gcc 1.2 5.60 17.98 23.57 NOTE
r-devel-linux-x86_64-fedora-clang 1.2 53.47 NOTE
r-devel-linux-x86_64-fedora-gcc 1.2 49.01 NOTE
r-devel-osx-x86_64-clang 1.2 49.04 NOTE
r-devel-windows-ix86+x86_64 1.2 22.00 40.00 62.00 NOTE
r-patched-linux-x86_64 1.2 5.55 18.40 23.95 NOTE
r-patched-solaris-sparc 1.2 351.40 NOTE
r-patched-solaris-x86 1.2 68.20 NOTE
r-release-linux-ix86 1.2 6.91 26.86 33.77 NOTE
r-release-linux-x86_64 1.2 5.63 18.36 23.98 NOTE
r-release-osx-x86_64-mavericks 1.2 NOTE
r-release-osx-x86_64-snowleopard 1.2 OK
r-release-windows-ix86+x86_64 1.2 35.00 58.00 93.00 NOTE
r-oldrel-windows-ix86+x86_64 1.2 36.00 63.00 99.00 NOTE

Check Details

Version: 1.2
Check: dependencies in R code
Result: NOTE
    Package in Depends field not imported from: Rcpp
     These packages need to be imported from (in the NAMESPACE file)
     for when this namespace is loaded but not attached.
    See the information on DESCRIPTION files in the chapter Creating R
    packages of the Writing R Extensions manual.
Flavors: r-devel-linux-x86_64-debian-clang, r-devel-linux-x86_64-debian-gcc, r-devel-linux-x86_64-fedora-clang, r-devel-linux-x86_64-fedora-gcc, r-devel-osx-x86_64-clang, r-devel-windows-ix86+x86_64, r-patched-linux-x86_64, r-patched-solaris-sparc, r-patched-solaris-x86, r-release-linux-ix86, r-release-linux-x86_64, r-release-osx-x86_64-mavericks, r-release-windows-ix86+x86_64, r-oldrel-windows-ix86+x86_64

Version: 1.2
Check: Rd line widths
Result: NOTE
    Rd file 'waffect-package.Rd':
     \examples lines wider than 100 characters:
     ## Not run: Typical usage to simulate case/control phenotypes under H1 (in this example: 5 individuals, 2 cases, 3 controls, the probab ... [TRUNCATED]
     ## Not run: Simulation of phenotypes in the multiclass case (in this example: 4 individuals and 3 classes, 1 individual in class 1, 2 ... [TRUNCATED]
    
    Rd file 'waffect.Rd':
     \examples lines wider than 100 characters:
     ## Not run: Typical usage to simulate case/control phenotypes under H1 (in this example: 12 individuals, 7 cases, 5 controls, the proba ... [TRUNCATED]
     waffect(prob = c(0.2, 0.4, 0.9, 0.6, 0.9, 0.1, 0.4, 0.6, 0.6, 0.3, 0.8, 0.1), count=c(7,5), label=c(1,0))
     waffect(prob = c(0.2, 0.4, 0.9, 0.6, 0.9, 0.1, 0.4, 0.6, 0.6, 0.3, 0.8, 0.1), count=c(7,5), label=c(1,0))
     waffect(prob = c(0.2, 0.4, 0.9, 0.6, 0.9, 0.1, 0.4, 0.6, 0.6, 0.3, 0.8, 0.1), count=7, label=c(1,0))
     ## Not run: If prob is not specified then a constant vector of probabilities is assumed by default. This is equivalent to simulate phen ... [TRUNCATED]
    
    These lines will be truncated in the PDF manual.
Flavors: r-devel-linux-x86_64-fedora-clang, r-devel-linux-x86_64-fedora-gcc