CRAN Package Check Results for Package waiter

Last updated on 2022-01-22 17:49:36 CET.

Flavor Version Tinstall Tcheck Ttotal Status Flags
r-devel-linux-x86_64-debian-clang 0.2.5 8.70 50.97 59.67 OK
r-devel-linux-x86_64-debian-gcc 0.2.5 6.11 39.39 45.50 OK
r-devel-linux-x86_64-fedora-clang 0.2.5 74.79 NOTE
r-devel-linux-x86_64-fedora-gcc 0.2.5 62.35 NOTE
r-devel-windows-x86_64-new-UL 0.2.5 55.00 86.00 141.00 OK
r-devel-windows-x86_64-new-TK 0.2.5 NOTE
r-patched-linux-x86_64 0.2.5 8.27 49.67 57.94 OK
r-release-linux-x86_64 0.2.5 8.84 48.42 57.26 OK
r-release-macos-arm64 0.2.5 NOTE
r-release-macos-x86_64 0.2.5 NOTE
r-release-windows-ix86+x86_64 0.2.5 17.00 64.00 81.00 OK
r-oldrel-macos-x86_64 0.2.4 NOTE
r-oldrel-windows-ix86+x86_64 0.2.5 16.00 65.00 81.00 OK

Check Details

Version: 0.2.5
Check: dependencies in R code
Result: NOTE
    Namespace in Imports field not imported from: ‘R6’
     All declared Imports should be used.
Flavors: r-devel-linux-x86_64-fedora-clang, r-devel-linux-x86_64-fedora-gcc, r-devel-windows-x86_64-new-TK, r-release-macos-arm64, r-release-macos-x86_64

Version: 0.2.4
Check: dependencies in R code
Result: NOTE
    Namespace in Imports field not imported from: ‘R6’
     All declared Imports should be used.
Flavor: r-oldrel-macos-x86_64