CRAN Package Check Results for Package wakefield

Last updated on 2020-09-24 03:53:12 CEST.

Flavor Version Tinstall Tcheck Ttotal Status Flags
r-devel-linux-x86_64-debian-clang 0.3.6 6.16 55.54 61.70 OK
r-devel-linux-x86_64-debian-gcc 0.3.6 5.02 43.19 48.21 OK
r-devel-linux-x86_64-fedora-clang 0.3.6 92.24 OK
r-devel-linux-x86_64-fedora-gcc 0.3.6 74.39 OK
r-devel-windows-ix86+x86_64 0.3.6 11.00 82.00 93.00 OK
r-patched-linux-x86_64 0.3.6 6.05 54.88 60.93 OK
r-patched-solaris-x86 0.3.6 103.00 OK
r-release-linux-x86_64 0.3.6 6.11 53.91 60.02 OK
r-release-macos-x86_64 0.3.6 OK
r-release-windows-ix86+x86_64 0.3.6 10.00 68.00 78.00 OK
r-oldrel-macos-x86_64 0.3.6 OK
r-oldrel-windows-ix86+x86_64 0.3.6 7.00 73.00 80.00 ERROR

Check Details

Version: 0.3.6
Check: examples
Result: ERROR
    Running examples in 'wakefield-Ex.R' failed
    The error most likely occurred in:
    
    > ### Name: lorem_ipsum
    > ### Title: Generate Random Lorem Ipsum Strings
    > ### Aliases: lorem_ipsum paragraph
    > ### Keywords: character string
    >
    > ### ** Examples
    >
    > lorem_ipsum(10)
    Error in stringi::stri_rand_lipsum(n_paragraphs = n, ...) :
     unused argument (n_paragraphs = n)
    Calls: lorem_ipsum
    Execution halted
Flavor: r-oldrel-windows-ix86+x86_64