Last updated on 2023-10-01 05:53:27 CEST.
Flavor | Version | Tinstall | Tcheck | Ttotal | Status | Flags |
---|---|---|---|---|---|---|
r-devel-linux-x86_64-debian-clang | 0.1.0 | 5.20 | 72.60 | 77.80 | NOTE | |
r-devel-linux-x86_64-debian-gcc | 0.1.0 | 4.61 | 53.43 | 58.04 | NOTE | |
r-devel-linux-x86_64-fedora-clang | 0.1.0 | 95.08 | NOTE | |||
r-devel-linux-x86_64-fedora-gcc | 0.1.0 | 104.55 | NOTE | |||
r-devel-windows-x86_64 | 0.1.0 | 8.00 | 81.00 | 89.00 | NOTE | |
r-patched-linux-x86_64 | 0.1.0 | 6.04 | 68.98 | 75.02 | NOTE | |
r-release-linux-x86_64 | 0.1.0 | 5.59 | 69.61 | 75.20 | NOTE | |
r-release-macos-arm64 | 0.1.0 | 36.00 | NOTE | |||
r-release-macos-x86_64 | 0.1.0 | 52.00 | NOTE | |||
r-release-windows-x86_64 | 0.1.0 | 9.00 | 86.00 | 95.00 | NOTE | |
r-oldrel-macos-arm64 | 0.1.0 | 22.00 | NOTE | |||
r-oldrel-macos-x86_64 | 0.1.0 | 41.00 | NOTE | |||
r-oldrel-windows-x86_64 | 0.1.0 | 9.00 | 81.00 | 90.00 | NOTE |
Version: 0.1.0
Check: Rd \usage sections
Result: NOTE
Documented arguments not in \usage in documentation object 'get.wal.mipmap.heights':
‘height_mm’
Documented arguments not in \usage in documentation object 'get.wal.mipmap.widths':
‘width_mm’
Functions with \usage entries need to have the appropriate \alias
entries, and all their arguments documented.
The \usage entries must correspond to syntactically valid R code.
See chapter ‘Writing R documentation files’ in the ‘Writing R
Extensions’ manual.
Flavors: r-devel-linux-x86_64-debian-clang, r-devel-linux-x86_64-debian-gcc, r-devel-linux-x86_64-fedora-clang, r-devel-linux-x86_64-fedora-gcc, r-devel-windows-x86_64
Version: 0.1.0
Check: LazyData
Result: NOTE
'LazyData' is specified without a 'data' directory
Flavors: r-devel-linux-x86_64-debian-clang, r-devel-linux-x86_64-debian-gcc, r-devel-linux-x86_64-fedora-clang, r-devel-linux-x86_64-fedora-gcc, r-devel-windows-x86_64, r-patched-linux-x86_64, r-release-linux-x86_64, r-release-macos-arm64, r-release-macos-x86_64, r-release-windows-x86_64, r-oldrel-macos-arm64, r-oldrel-macos-x86_64, r-oldrel-windows-x86_64