CRAN Package Check Results for Package walmartAPI

Last updated on 2022-08-08 02:55:05 CEST.

Flavor Version Tinstall Tcheck Ttotal Status Flags
r-devel-linux-x86_64-debian-clang 0.1.5 2.04 23.18 25.22 NOTE
r-devel-linux-x86_64-debian-gcc 0.1.5 1.84 18.06 19.90 NOTE
r-devel-linux-x86_64-fedora-clang 0.1.5 41.58 NOTE
r-devel-linux-x86_64-fedora-gcc 0.1.5 40.46 NOTE
r-devel-windows-x86_64 0.1.5 19.00 53.00 72.00 NOTE
r-patched-linux-x86_64 0.1.5 2.23 22.76 24.99 NOTE
r-release-linux-x86_64 0.1.5 2.26 22.34 24.60 NOTE
r-release-macos-arm64 0.1.5 15.00 NOTE
r-release-macos-x86_64 0.1.5 27.00 NOTE
r-release-windows-x86_64 0.1.5 19.00 51.00 70.00 NOTE
r-oldrel-macos-arm64 0.1.5 18.00 NOTE
r-oldrel-macos-x86_64 0.1.5 21.00 NOTE
r-oldrel-windows-ix86+x86_64 0.1.5 14.00 45.00 59.00 NOTE

Check Details

Version: 0.1.5
Check: LazyData
Result: NOTE
     'LazyData' is specified without a 'data' directory
Flavors: r-devel-linux-x86_64-debian-clang, r-devel-linux-x86_64-debian-gcc, r-devel-linux-x86_64-fedora-clang, r-devel-linux-x86_64-fedora-gcc, r-devel-windows-x86_64, r-patched-linux-x86_64, r-release-linux-x86_64, r-release-macos-arm64, r-release-macos-x86_64, r-release-windows-x86_64, r-oldrel-macos-arm64, r-oldrel-macos-x86_64, r-oldrel-windows-ix86+x86_64