CRAN Package Check Results for Package wasim

Last updated on 2015-09-04 23:56:35.

Flavor Version Tinstall Tcheck Ttotal Status Flags
r-devel-linux-x86_64-debian-clang 1.1.2 1.36 22.75 24.11 NOTE
r-devel-linux-x86_64-debian-gcc 1.1.2 1.54 21.87 23.42 NOTE
r-devel-linux-x86_64-fedora-clang 1.1.2 46.40 NOTE
r-devel-linux-x86_64-fedora-gcc 1.1.2 43.58 NOTE
r-devel-osx-x86_64-clang 1.1.2 51.16 NOTE
r-devel-windows-ix86+x86_64 1.1.2 6.00 48.00 54.00 NOTE
r-patched-linux-x86_64 1.1.2 1.47 23.48 24.94 NOTE
r-patched-solaris-sparc 1.1.2 307.40 NOTE
r-patched-solaris-x86 1.1.2 73.00 NOTE
r-release-linux-x86_64 1.1.2 1.61 24.44 26.05 NOTE
r-release-osx-x86_64-mavericks 1.1.2 NOTE
r-release-windows-ix86+x86_64 1.1.2 10.00 51.00 61.00 NOTE
r-oldrel-windows-ix86+x86_64 1.1.2 7.00 66.00 73.00 NOTE

Check Details

Version: 1.1.2
Check: installed package size
Result: NOTE
     installed size is 5.5Mb
Flavors: r-devel-linux-x86_64-debian-clang, r-devel-linux-x86_64-debian-gcc, r-devel-linux-x86_64-fedora-clang, r-devel-linux-x86_64-fedora-gcc, r-devel-osx-x86_64-clang, r-devel-windows-ix86+x86_64, r-patched-linux-x86_64, r-patched-solaris-sparc, r-patched-solaris-x86, r-release-linux-x86_64, r-release-osx-x86_64-mavericks, r-release-windows-ix86+x86_64, r-oldrel-windows-ix86+x86_64

Version: 1.1.2
Check: R code for possible problems
Result: NOTE
    p.flow_comp: warning in line_sumrain(xdata = xdata, cum_sum =
     cumsum(data[crain, ])/10, theMax = rain.max, col = "grey"): partial
     argument match of ‘cum_sum’ to ‘cum_sum_rain’
    color.factor: no visible global function definition for ‘col2rgb’
    color.factor: no visible global function definition for ‘rgb’
    convert_q_units: no visible global function definition for ‘read.table’
    convert_q_units: no visible global function definition for
     ‘write.table’
    highlight: no visible global function definition for ‘polygon’
    line_sumrain: no visible global function definition for ‘lines’
    myRead.table: no visible global function definition for ‘read.table’
    p.balance: no visible global function definition for ‘lines’
    p.balance: no visible global function definition for ‘legend’
    p.flow_comp: no visible global function definition for ‘quantile’
    p.flow_comp: no visible global function definition for ‘plot’
    p.flow_comp: no visible global function definition for ‘lines’
    p.flow_comp: no visible global function definition for ‘plot.window’
    p.flow_comp: no visible global function definition for ‘axis’
    p.flow_comp: no visible global function definition for ‘mtext’
    p.flow_comp: no visible global function definition for ‘legend’
    p.grid: no visible global function definition for ‘filled.contour’
    p.grid: no visible global function definition for ‘axis’
    p.storage: no visible global function definition for ‘par’
    p.storage: no visible global function definition for ‘plot’
    p.storage: no visible global function definition for ‘lines’
    read.dates: no visible global function definition for ‘read.table’
    read.grid: no visible global function definition for ‘read.table’
    read.observations: no visible global function definition for
     ‘read.table’
    Undefined global functions or variables:
     axis col2rgb filled.contour legend lines mtext par plot plot.window
     polygon quantile read.table rgb write.table
    Consider adding
     importFrom("grDevices", "col2rgb", "rgb")
     importFrom("graphics", "axis", "filled.contour", "legend", "lines",
     "mtext", "par", "plot", "plot.window", "polygon")
     importFrom("stats", "quantile")
     importFrom("utils", "read.table", "write.table")
    to your NAMESPACE.
Flavors: r-devel-linux-x86_64-debian-clang, r-devel-linux-x86_64-debian-gcc, r-devel-linux-x86_64-fedora-clang, r-devel-linux-x86_64-fedora-gcc, r-devel-windows-ix86+x86_64

Version: 1.1.2
Check: Rd line widths
Result: NOTE
    Rd file 'p.storage.Rd':
     \examples lines wider than 100 characters:
     d.wasim.out <- read.results("", "weisseritz",ts.length=21937,subcatchments=2, ending="ww100.txt") # Datensatz heisst jetzt d.wasim.o ... [TRUNCATED]
     d.meas.all<-read.table("weisseritz/ww100-rh.txt",header=TRUE, na.strings ="999", skip=4) # gemessene Daten einlesen
    
    Rd file 'read.results.Rd':
     \examples lines wider than 100 characters:
     d.wasim.out <- read.results("", "weisseritz",ts.length=21937,subcatchments=2, ending="ww100.txt") # Datensatz heisst jetzt d.wasim.o ... [TRUNCATED]
    
    Rd file 'wasim-package.Rd':
     \examples lines wider than 100 characters:
     d.wasim.out <- read.results("", "weisseritz",ts.length=21937,subcatchments=2, ending="ww100.txt") # Datensatz heisst jetzt d.wasim.o ... [TRUNCATED]
     d.meas.all<-read.table("weisseritz/ww100-rh.txt",header=TRUE, na.strings ="999", skip=4) # gemessene Daten einlesen
    
    These lines will be truncated in the PDF manual.
Flavors: r-devel-linux-x86_64-debian-clang, r-devel-linux-x86_64-debian-gcc, r-devel-linux-x86_64-fedora-clang, r-devel-linux-x86_64-fedora-gcc, r-patched-linux-x86_64, r-release-linux-x86_64

Version: 1.1.2
Check: R code for possible problems
Result: NOTE
    color.factor: warning in rgb(red = t.rgb[1, ], green = t.rgb[2, ], blue
     = t.rgb[3, ], max = 255): partial argument match of 'max' to
     'maxColorValue'
    p.flow_comp: warning in line_sumrain(xdata = xdata, cum_sum =
     cumsum(data[crain, ])/10, theMax = rain.max, col = "grey"): partial
     argument match of 'cum_sum' to 'cum_sum_rain'
Flavors: r-devel-osx-x86_64-clang, r-patched-linux-x86_64, r-patched-solaris-sparc, r-patched-solaris-x86, r-release-linux-x86_64, r-release-osx-x86_64-mavericks, r-release-windows-ix86+x86_64, r-oldrel-windows-ix86+x86_64