CRAN Package Check Results for Package wasim

Last updated on 2015-03-31 11:50:01.

Flavor Version Tinstall Tcheck Ttotal Status Flags
r-devel-linux-x86_64-debian-clang 1.1.2 1.64 24.06 25.70 NOTE
r-devel-linux-x86_64-debian-gcc 1.1.2 1.50 25.12 26.62 NOTE
r-devel-linux-x86_64-fedora-clang 1.1.2 50.45 NOTE
r-devel-linux-x86_64-fedora-gcc 1.1.2 47.21 NOTE
r-devel-osx-x86_64-clang 1.1.2 66.48 NOTE
r-prerel-windows-ix86+x86_64 1.1.2 6.00 42.00 48.00 NOTE
r-prerel-linux-x86_64 1.1.2 1.46 23.84 25.31 NOTE
r-prerel-solaris-sparc 1.1.2 308.00 NOTE
r-prerel-solaris-x86 1.1.2 73.80 NOTE
r-release-linux-x86_64 1.1.2 2.08 31.05 33.13 NOTE
r-release-osx-x86_64-mavericks 1.1.2 NOTE
r-release-osx-x86_64-snowleopard 1.1.2 NOTE
r-release-windows-ix86+x86_64 1.1.2 8.00 57.00 65.00 NOTE
r-oldrel-windows-ix86+x86_64 1.1.2 8.00 63.00 71.00 NOTE

Check Details

Version: 1.1.2
Check: installed package size
Result: NOTE
     installed size is 5.5Mb
Flavors: r-devel-linux-x86_64-debian-clang, r-devel-linux-x86_64-debian-gcc, r-devel-linux-x86_64-fedora-clang, r-devel-linux-x86_64-fedora-gcc, r-devel-osx-x86_64-clang, r-prerel-windows-ix86+x86_64, r-prerel-linux-x86_64, r-prerel-solaris-sparc, r-prerel-solaris-x86, r-release-linux-x86_64, r-release-osx-x86_64-mavericks, r-release-osx-x86_64-snowleopard, r-release-windows-ix86+x86_64, r-oldrel-windows-ix86+x86_64

Version: 1.1.2
Check: R code for possible problems
Result: NOTE
    color.factor: warning in rgb(red = t.rgb[1, ], green = t.rgb[2, ], blue
     = t.rgb[3, ], max = 255): partial argument match of ‘max’ to
     ‘maxColorValue’
    p.flow_comp: warning in line_sumrain(xdata = xdata, cum_sum =
     cumsum(data[crain, ])/10, theMax = rain.max, col = "grey"): partial
     argument match of ‘cum_sum’ to ‘cum_sum_rain’
Flavors: r-devel-linux-x86_64-debian-clang, r-devel-linux-x86_64-debian-gcc, r-devel-linux-x86_64-fedora-clang, r-devel-linux-x86_64-fedora-gcc, r-devel-osx-x86_64-clang, r-prerel-windows-ix86+x86_64, r-prerel-linux-x86_64, r-prerel-solaris-sparc, r-prerel-solaris-x86, r-release-linux-x86_64, r-release-osx-x86_64-mavericks, r-release-osx-x86_64-snowleopard, r-release-windows-ix86+x86_64, r-oldrel-windows-ix86+x86_64

Version: 1.1.2
Check: Rd line widths
Result: NOTE
    Rd file 'p.storage.Rd':
     \examples lines wider than 100 characters:
     d.wasim.out <- read.results("", "weisseritz",ts.length=21937,subcatchments=2, ending="ww100.txt") # Datensatz heisst jetzt d.wasim.o ... [TRUNCATED]
     d.meas.all<-read.table("weisseritz/ww100-rh.txt",header=TRUE, na.strings ="999", skip=4) # gemessene Daten einlesen
    
    Rd file 'read.results.Rd':
     \examples lines wider than 100 characters:
     d.wasim.out <- read.results("", "weisseritz",ts.length=21937,subcatchments=2, ending="ww100.txt") # Datensatz heisst jetzt d.wasim.o ... [TRUNCATED]
    
    Rd file 'wasim-package.Rd':
     \examples lines wider than 100 characters:
     d.wasim.out <- read.results("", "weisseritz",ts.length=21937,subcatchments=2, ending="ww100.txt") # Datensatz heisst jetzt d.wasim.o ... [TRUNCATED]
     d.meas.all<-read.table("weisseritz/ww100-rh.txt",header=TRUE, na.strings ="999", skip=4) # gemessene Daten einlesen
    
    These lines will be truncated in the PDF manual.
Flavors: r-devel-linux-x86_64-debian-clang, r-devel-linux-x86_64-debian-gcc, r-devel-linux-x86_64-fedora-clang, r-devel-linux-x86_64-fedora-gcc, r-prerel-linux-x86_64, r-release-linux-x86_64