CRAN Package Check Results for Package wasim

Last updated on 2015-05-29 17:47:56.

Flavor Version Tinstall Tcheck Ttotal Status Flags
r-devel-linux-x86_64-debian-clang 1.1.2 1.53 23.97 25.50 NOTE
r-devel-linux-x86_64-debian-gcc 1.1.2 1.52 26.10 27.61 NOTE
r-devel-linux-x86_64-fedora-clang 1.1.2 49.21 NOTE
r-devel-linux-x86_64-fedora-gcc 1.1.2 46.09 NOTE
r-devel-osx-x86_64-clang 1.1.2 63.05 NOTE
r-devel-windows-ix86+x86_64 1.1.2 5.00 45.00 50.00 NOTE
r-patched-linux-x86_64 1.1.2 1.54 23.78 25.32 NOTE
r-patched-solaris-sparc 1.1.2 299.30 NOTE
r-patched-solaris-x86 1.1.2 74.00 NOTE
r-release-linux-x86_64 1.1.2 1.45 24.56 26.01 NOTE
r-release-osx-x86_64-mavericks 1.1.2 NOTE
r-release-osx-x86_64-snowleopard 1.1.2 ERROR
r-release-windows-ix86+x86_64 1.1.2 5.00 45.00 50.00 NOTE
r-oldrel-windows-ix86+x86_64 1.1.2 9.00 96.00 105.00 NOTE

Check Details

Version: 1.1.2
Check: installed package size
Result: NOTE
     installed size is 5.5Mb
Flavors: r-devel-linux-x86_64-debian-clang, r-devel-linux-x86_64-debian-gcc, r-devel-linux-x86_64-fedora-clang, r-devel-linux-x86_64-fedora-gcc, r-devel-osx-x86_64-clang, r-devel-windows-ix86+x86_64, r-patched-linux-x86_64, r-patched-solaris-sparc, r-patched-solaris-x86, r-release-linux-x86_64, r-release-osx-x86_64-mavericks, r-release-windows-ix86+x86_64, r-oldrel-windows-ix86+x86_64

Version: 1.1.2
Check: R code for possible problems
Result: NOTE
    color.factor: warning in rgb(red = t.rgb[1, ], green = t.rgb[2, ], blue
     = t.rgb[3, ], max = 255): partial argument match of ‘max’ to
     ‘maxColorValue’
    p.flow_comp: warning in line_sumrain(xdata = xdata, cum_sum =
     cumsum(data[crain, ])/10, theMax = rain.max, col = "grey"): partial
     argument match of ‘cum_sum’ to ‘cum_sum_rain’
Flavors: r-devel-linux-x86_64-debian-clang, r-devel-linux-x86_64-debian-gcc, r-devel-linux-x86_64-fedora-clang, r-devel-linux-x86_64-fedora-gcc, r-devel-osx-x86_64-clang, r-devel-windows-ix86+x86_64, r-patched-linux-x86_64, r-patched-solaris-sparc, r-patched-solaris-x86, r-release-linux-x86_64, r-release-osx-x86_64-mavericks, r-release-windows-ix86+x86_64, r-oldrel-windows-ix86+x86_64

Version: 1.1.2
Check: Rd line widths
Result: NOTE
    Rd file 'p.storage.Rd':
     \examples lines wider than 100 characters:
     d.wasim.out <- read.results("", "weisseritz",ts.length=21937,subcatchments=2, ending="ww100.txt") # Datensatz heisst jetzt d.wasim.o ... [TRUNCATED]
     d.meas.all<-read.table("weisseritz/ww100-rh.txt",header=TRUE, na.strings ="999", skip=4) # gemessene Daten einlesen
    
    Rd file 'read.results.Rd':
     \examples lines wider than 100 characters:
     d.wasim.out <- read.results("", "weisseritz",ts.length=21937,subcatchments=2, ending="ww100.txt") # Datensatz heisst jetzt d.wasim.o ... [TRUNCATED]
    
    Rd file 'wasim-package.Rd':
     \examples lines wider than 100 characters:
     d.wasim.out <- read.results("", "weisseritz",ts.length=21937,subcatchments=2, ending="ww100.txt") # Datensatz heisst jetzt d.wasim.o ... [TRUNCATED]
     d.meas.all<-read.table("weisseritz/ww100-rh.txt",header=TRUE, na.strings ="999", skip=4) # gemessene Daten einlesen
    
    These lines will be truncated in the PDF manual.
Flavors: r-devel-linux-x86_64-debian-clang, r-devel-linux-x86_64-debian-gcc, r-devel-linux-x86_64-fedora-clang, r-devel-linux-x86_64-fedora-gcc, r-patched-linux-x86_64, r-release-linux-x86_64

Version: 1.1.2
Check: package dependencies
Result: ERROR
    Package required but not available: ‘fast’
    
    See section ‘The DESCRIPTION file’ in the ‘Writing R Extensions’
    manual.
Flavor: r-release-osx-x86_64-snowleopard