CRAN Package Check Results for Package wasim

Last updated on 2014-04-23 12:48:30.

Flavor Version Tinstall Tcheck Ttotal Status Flags
r-devel-linux-x86_64-debian-clang 1.1.2 1.92 29.35 31.27 NOTE
r-devel-linux-x86_64-debian-gcc 1.1.2 2.04 29.15 31.20 NOTE
r-devel-linux-x86_64-fedora-clang 1.1.2 61.74 NOTE
r-devel-linux-x86_64-fedora-gcc 1.1.2 57.22 NOTE
r-devel-osx-x86_64-clang 1.1.2 74.89 NOTE
r-devel-osx-x86_64-gcc 1.1.2 ERROR
r-devel-windows-ix86+x86_64 1.1.2 7.00 50.00 57.00 NOTE
r-patched-linux-x86_64 1.1.2 2.05 29.32 31.37 NOTE
r-patched-solaris-sparc 1.1.2 353.90 NOTE
r-patched-solaris-x86 1.1.2 86.30 NOTE
r-release-linux-ix86 1.1.2 3.00 56.00 59.00 NOTE
r-release-linux-x86_64 1.1.2 1.96 28.99 30.95 NOTE
r-release-osx-x86_64-mavericks 1.1.2 WARN
r-release-osx-x86_64-snowleopard 1.1.2 NOTE
r-release-windows-ix86+x86_64 1.1.2 9.00 50.00 59.00 NOTE
r-oldrel-windows-ix86+x86_64 1.1.2 7.00 67.00 74.00 NOTE

Check Details

Version: 1.1.2
Check: installed package size
Result: NOTE
     installed size is 5.5Mb
Flavors: r-devel-linux-x86_64-debian-clang, r-devel-linux-x86_64-debian-gcc, r-devel-linux-x86_64-fedora-clang, r-devel-linux-x86_64-fedora-gcc, r-devel-osx-x86_64-clang, r-devel-windows-ix86+x86_64, r-patched-linux-x86_64, r-patched-solaris-sparc, r-patched-solaris-x86, r-release-linux-ix86, r-release-linux-x86_64, r-release-osx-x86_64-mavericks, r-release-osx-x86_64-snowleopard, r-release-windows-ix86+x86_64, r-oldrel-windows-ix86+x86_64

Version: 1.1.2
Check: R code for possible problems
Result: NOTE
    color.factor: warning in rgb(red = t.rgb[1, ], green = t.rgb[2, ], blue
     = t.rgb[3, ], max = 255): partial argument match of 'max' to
     'maxColorValue'
    p.flow_comp: warning in line_sumrain(xdata = xdata, cum_sum =
     cumsum(data[crain, ])/10, theMax = rain.max, col = "grey"): partial
     argument match of 'cum_sum' to 'cum_sum_rain'
Flavors: r-devel-linux-x86_64-debian-clang, r-devel-linux-x86_64-debian-gcc, r-devel-linux-x86_64-fedora-clang, r-devel-linux-x86_64-fedora-gcc, r-devel-osx-x86_64-clang, r-devel-windows-ix86+x86_64, r-patched-linux-x86_64, r-patched-solaris-sparc, r-patched-solaris-x86, r-release-linux-ix86, r-release-linux-x86_64, r-release-osx-x86_64-mavericks, r-release-osx-x86_64-snowleopard, r-release-windows-ix86+x86_64, r-oldrel-windows-ix86+x86_64

Version: 1.1.2
Check: Rd line widths
Result: NOTE
    Rd file 'p.storage.Rd':
     \examples lines wider than 100 characters:
     d.wasim.out <- read.results("", "weisseritz",ts.length=21937,subcatchments=2, ending="ww100.txt") # Datensatz heisst jetzt d.wasim.o ... [TRUNCATED]
     d.meas.all<-read.table("weisseritz/ww100-rh.txt",header=TRUE, na.strings ="999", skip=4) # gemessene Daten einlesen
    
    Rd file 'read.results.Rd':
     \examples lines wider than 100 characters:
     d.wasim.out <- read.results("", "weisseritz",ts.length=21937,subcatchments=2, ending="ww100.txt") # Datensatz heisst jetzt d.wasim.o ... [TRUNCATED]
    
    Rd file 'wasim-package.Rd':
     \examples lines wider than 100 characters:
     d.wasim.out <- read.results("", "weisseritz",ts.length=21937,subcatchments=2, ending="ww100.txt") # Datensatz heisst jetzt d.wasim.o ... [TRUNCATED]
     d.meas.all<-read.table("weisseritz/ww100-rh.txt",header=TRUE, na.strings ="999", skip=4) # gemessene Daten einlesen
    
    These lines will be truncated in the PDF manual.
Flavors: r-devel-linux-x86_64-fedora-clang, r-devel-linux-x86_64-fedora-gcc

Version: 1.1.2
Check: package dependencies
Result: ERROR
    Packages required but not available: ‘tiger’ ‘fast’
    
    See the information on DESCRIPTION files in the chapter ‘Creating R
    packages’ of the ‘Writing R Extensions’ manual.
Flavor: r-devel-osx-x86_64-gcc

Version: 1.1.2
Check: PDF version of manual
Result: WARNING
    LaTeX errors when creating PDF version.
    This typically indicates Rd problems.
    LaTeX errors found:
    ! LaTeX Error: File `upquote.sty' not found.
    
    Type X to quit or <RETURN> to proceed,
    or enter new name. (Default extension: sty)
    
    43a7d48/Rd2.tex:8: ==> Fatal error occurred, no output PDF file produced!
Flavor: r-release-osx-x86_64-mavericks