CRAN Package Check Results for Package waterData

Last updated on 2017-02-20 17:49:30.

Flavor Version Tinstall Tcheck Ttotal Status Flags
r-devel-linux-x86_64-debian-clang 1.0.6 2.06 51.62 53.68 OK
r-devel-linux-x86_64-debian-gcc 1.0.6 1.95 49.99 51.94 OK
r-devel-linux-x86_64-fedora-clang 1.0.6 68.16 OK --no-stop-on-test-error
r-devel-linux-x86_64-fedora-gcc 1.0.6 66.54 OK --no-stop-on-test-error
r-devel-macos-x86_64-clang 54.32 OK --no-stop-on-test-error
r-devel-windows-ix86+x86_64 1.0.6 12.00 84.00 96.00 OK
r-patched-linux-x86_64 1.0.6 1.92 36.35 38.27 OK
r-patched-solaris-sparc 1.0.6 387.60 OK
r-patched-solaris-x86 1.0.6 79.70 OK
r-release-linux-x86_64 1.0.6 1.98 36.66 38.63 OK
r-release-osx-x86_64-mavericks 1.0.6 OK
r-release-windows-ix86+x86_64 1.0.6 6.00 76.00 82.00 OK
r-oldrel-windows-ix86+x86_64 1.0.4 7.00 57.00 64.00 ERROR

Check Details

Version: 1.0.4
Check: running R code from vignettes
Result: ERROR
    Errors in running code in vignettes:
    when running code in 'vignette.Rnw'
     ...
    
    > library(waterData)
    
    > q05054000 <- importDVs("05054000", code = "00060",
    + stat = "00003", sdate = "2000-01-01", edate = "2010-12-31")
    Unknown IO errorfailed to load external entity "http://waterservices.usgs.gov/nwis/dv?site=05054000&parameterCd=00060&statCd=00003&startDt=2000-01-01&endDt=2010-12-31"
    
     When sourcing 'vignette.R':
    Error: 1: Unknown IO error2: failed to load external entity "http://waterservices.usgs.gov/nwis/dv?site=05054000&parameterCd=00060&statCd=00003&startDt=2000-01-01&endDt=2010-12-31"
    Execution halted
Flavor: r-oldrel-windows-ix86+x86_64

Version: 1.0.4
Check: re-building of vignette outputs
Result: NOTE
    Error in re-building vignettes:
     ...
    
    Error: processing vignette 'vignette.Rnw' failed with diagnostics:
     chunk 1
    Error : 1: Unknown IO error2: failed to load external entity "http://waterservices.usgs.gov/nwis/dv?site=05054000&parameterCd=00060&statCd=00003&startDt=2000-01-01&endDt=2010-12-31"
    
    Execution halted
Flavor: r-oldrel-windows-ix86+x86_64