CRAN Package Check Results for Package waterData

Last updated on 2014-08-01 08:49:53.

Flavor Version Tinstall Tcheck Ttotal Status Flags
r-devel-linux-x86_64-debian-clang 1.0.3 1.51 84.74 86.26 NOTE
r-devel-linux-x86_64-debian-gcc 1.0.3 1.49 84.19 85.68 NOTE
r-devel-linux-x86_64-fedora-clang 1.0.3 160.72 NOTE
r-devel-linux-x86_64-fedora-gcc 1.0.3 150.71 NOTE
r-devel-osx-x86_64-clang 1.0.3 128.86 NOTE
r-devel-windows-ix86+x86_64 1.0.3 6.00 112.00 118.00 NOTE
r-patched-linux-x86_64 1.0.3 1.65 83.74 85.39 NOTE
r-patched-solaris-sparc 1.0.3 809.00 NOTE
r-patched-solaris-x86 1.0.3 303.90 NOTE
r-release-linux-ix86 1.0.3 1.97 97.56 99.52 NOTE
r-release-linux-x86_64 1.0.3 1.64 84.75 86.39 NOTE
r-release-osx-x86_64-mavericks 1.0.3 NOTE
r-release-osx-x86_64-snowleopard 1.0.3 NOTE
r-release-windows-ix86+x86_64 1.0.3 9.00 144.00 153.00 NOTE
r-oldrel-windows-ix86+x86_64 1.0.3 9.00 131.00 140.00 NOTE

Check Details

Version: 1.0.3
Check: dependencies in R code
Result: NOTE
    Packages in Depends field not imported from:
     XML lattice latticeExtra
     These packages need to be imported from (in the NAMESPACE file)
     for when this namespace is loaded but not attached.
    See the information on DESCRIPTION files in the chapter Creating R
    packages of the Writing R Extensions manual.
Flavors: r-devel-linux-x86_64-debian-clang, r-devel-linux-x86_64-debian-gcc, r-devel-linux-x86_64-fedora-clang, r-devel-linux-x86_64-fedora-gcc, r-devel-osx-x86_64-clang, r-devel-windows-ix86+x86_64, r-patched-linux-x86_64, r-patched-solaris-sparc, r-patched-solaris-x86, r-release-linux-ix86, r-release-linux-x86_64, r-release-osx-x86_64-mavericks, r-release-windows-ix86+x86_64, r-oldrel-windows-ix86+x86_64

Version: 1.0.3
Check: re-building of vignette outputs
Result: NOTE
    Error in re-building vignettes:
     ...
    Loading required package: latticeExtra
    Loading required package: RColorBrewer
    Loading required package: XML
    
    Attaching package: XML
    
    The following object is masked from package:tools :
    
     toHTML
    
    There are 2000 missing values for 05054000 or 49.78 percent of the data.
    The maximum block of missing 05054000 data is 12 days long.
    Filled in 2000 values for 05054000
    Error in texi2dvi(file = file, pdf = TRUE, clean = clean, quiet = quiet, :
     Running 'texi2dvi' on 'vignette.tex' failed.
    LaTeX errors:
    ! LaTeX Error: File `fullpage.sty' not found.
    
    Type X to quit or <RETURN> to proceed,
    or enter new name. (Default extension: sty)
    
    gn_test/waterData/vignettes/vignette.tex:7: ==> Fatal error occurred, no outpu
    t PDF file produced!
    Calls: buildVignettes -> texi2pdf -> texi2dvi
    Execution halted
Flavor: r-release-osx-x86_64-mavericks

Version: 1.0.3
Check: re-building of vignette outputs
Result: NOTE
    Error in re-building vignettes:
     ...
    Loading required package: latticeExtra
    Loading required package: RColorBrewer
    Loading required package: XML
    
    Attaching package: 'XML'
    
    The following object is masked from 'package:tools':
    
     toHTML
    
    There are 2000 missing values for 05054000 or 49.78 percent of the data.
    The maximum block of missing 05054000 data is 12 days long.
    Filled in 2000 values for 05054000
    Error in texi2dvi(file = file, pdf = TRUE, clean = clean, quiet = quiet, :
     Running 'texi2dvi' on 'vignette.tex' failed.
    LaTeX errors:
    ! LaTeX Error: File `fullpage.sty' not found.
    
    Type X to quit or <RETURN> to proceed,
    or enter new name. (Default extension: sty)
    
    waterData.Rcheck/vign_test/waterData/vignettes/vignette.tex:7: ==> Fatal error
     occurred, no output PDF file produced!
    Calls: buildVignettes -> texi2pdf -> texi2dvi
    Execution halted
Flavor: r-release-osx-x86_64-snowleopard