CRAN Package Check Results for Package waterData

Last updated on 2019-03-25 00:46:58 CET.

Flavor Version Tinstall Tcheck Ttotal Status Flags
r-devel-linux-x86_64-debian-clang 1.0.8 6.70 56.25 62.95 OK
r-devel-linux-x86_64-debian-gcc 1.0.8 5.17 44.47 49.64 OK
r-devel-linux-x86_64-fedora-clang 1.0.8 79.45 OK
r-devel-linux-x86_64-fedora-gcc 1.0.8 73.75 OK
r-devel-windows-ix86+x86_64 1.0.8 24.00 103.00 127.00 WARN
r-patched-linux-x86_64 1.0.8 4.71 54.83 59.54 OK
r-patched-solaris-x86 1.0.8 106.80 OK
r-release-linux-x86_64 1.0.8 4.85 47.51 52.36 WARN
r-release-windows-ix86+x86_64 1.0.8 9.00 90.00 99.00 OK
r-release-osx-x86_64 1.0.8 OK
r-oldrel-windows-ix86+x86_64 1.0.8 10.00 109.00 119.00 WARN
r-oldrel-osx-x86_64 1.0.8 NOTE

Check Details

Version: 1.0.8
Check: re-building of vignette outputs
Result: WARN
    Error(s) in re-building vignettes:
    --- re-building 'vignette.Rnw' using Sweave
    There are 2000 missing values for 05054000 or 49.78 percent of the data.
    The maximum block of missing 05054000 data is 12 days long.
    Filled in 2000 values for 05054000
    Request failed [400]. Retrying in 1 seconds...
    Request failed [400]. Retrying in 3.8 seconds...
    
    Error: processing vignette 'vignette.Rnw' failed with diagnostics:
     chunk 15
    Error in getWebServiceData(url, encoding = "gzip") :
     HTTP Status 400 - invalid pathInfo: pathInfo=[null]
    
    --- failed re-building 'vignette.Rnw'
    
    SUMMARY: processing the following file failed:
     'vignette.Rnw'
    
    Error: Vignette re-building failed.
    Execution halted
Flavor: r-devel-windows-ix86+x86_64

Version: 1.0.8
Check: re-building of vignette outputs
Result: WARN
    Error in re-building vignettes:
     ...
    There are 2000 missing values for 05054000 or 49.78 percent of the data.
    The maximum block of missing 05054000 data is 12 days long.
    Filled in 2000 values for 05054000
    Request failed [400]. Retrying in 1.2 seconds...
    Request failed [400]. Retrying in 2 seconds...
    
    Error: processing vignette ‘vignette.Rnw’ failed with diagnostics:
     chunk 15
    Error in inherits(x, c("xml_node", "xml_document", "xml_nodeset")) :
     HTTP Status 400 - invalid pathInfo: pathInfo=[null]
    Execution halted
Flavor: r-release-linux-x86_64

Version: 1.0.8
Check: re-building of vignette outputs
Result: WARN
    Error in re-building vignettes:
     ...
    There are 2000 missing values for 05054000 or 49.78 percent of the data.
    The maximum block of missing 05054000 data is 12 days long.
    Filled in 2000 values for 05054000
    Request failed [400]. Retrying in 1 seconds...
    Request failed [400]. Retrying in 1 seconds...
    
    Error: processing vignette 'vignette.Rnw' failed with diagnostics:
     chunk 15
    Error in getWebServiceData(url, encoding = "gzip") :
     HTTP Status 400 - invalid pathInfo: pathInfo=[null]
    Execution halted
Flavor: r-oldrel-windows-ix86+x86_64

Version: 1.0.8
Check: re-building of vignette outputs
Result: NOTE
    Error in re-building vignettes:
     ...
    There are 2000 missing values for 05054000 or 49.78 percent of the data.
    The maximum block of missing 05054000 data is 12 days long.
    Filled in 2000 values for 05054000
    Error in texi2dvi(file = file, pdf = TRUE, clean = clean, quiet = quiet, :
     Running 'texi2dvi' on 'vignette.tex' failed.
    LaTeX errors:
    ! LaTeX Error: File `fullpage.sty' not found.
    
    Type X to quit or <RETURN> to proceed,
    or enter new name. (Default extension: sty)
    
    ! Emergency stop.
    <read *>
    
    l.7 \hypersetup
     {^^M
    ! ==> Fatal error occurred, no output PDF file produced!
    Calls: buildVignettes -> texi2pdf -> texi2dvi
    Execution halted
Flavor: r-oldrel-osx-x86_64