CRAN Package Check Results for Package waterData

Last updated on 2015-07-08 03:48:29.

Flavor Version Tinstall Tcheck Ttotal Status Flags
r-devel-linux-x86_64-debian-clang 1.0.4 1.30 45.55 46.85 NOTE
r-devel-linux-x86_64-debian-gcc 1.0.4 1.17 49.24 50.41 NOTE
r-devel-linux-x86_64-fedora-clang 1.0.4 62.00 NOTE
r-devel-linux-x86_64-fedora-gcc 1.0.4 59.24 NOTE
r-devel-osx-x86_64-clang 1.0.4 57.79 OK
r-devel-windows-ix86+x86_64 1.0.4 7.00 65.00 72.00 NOTE
r-patched-linux-x86_64 1.0.4 1.13 47.17 48.30 OK
r-patched-solaris-sparc 1.0.4 372.60 OK
r-patched-solaris-x86 1.0.4 80.10 OK
r-release-linux-x86_64 1.0.4 1.14 45.85 46.99 OK
r-release-osx-x86_64-mavericks 1.0.4 OK
r-release-windows-ix86+x86_64 1.0.4 6.00 55.00 61.00 OK
r-oldrel-windows-ix86+x86_64 1.0.4 5.00 70.00 75.00 OK

Check Details

Version: 1.0.4
Check: R code for possible problems
Result: NOTE
    fillMiss: no visible global function definition for ‘window’
    fillMiss: no visible global function definition for ‘StructTS’
    fillMiss: no visible global function definition for ‘tsSmooth’
    fillMiss: no visible global function definition for ‘fitted’
    fillMiss: no visible global function definition for ‘plot’
    fillMiss: no visible global function definition for ‘lines’
    fillMiss: no visible global function definition for ‘legend’
    fillMiss: no visible global function definition for ‘title’
    plotAnoms: no visible global function definition for ‘par’
    plotAnoms: no visible global function definition for ‘plot’
    plotAnoms: no visible global function definition for ‘sd’
    plotAnoms: no visible global function definition for ‘mtext’
    summaryStats: no visible global function definition for ‘fivenum’
    summaryStats: no visible global function definition for ‘sd’
    summaryStats: no visible global function definition for ‘IQR’
    Undefined global functions or variables:
     IQR StructTS fitted fivenum legend lines mtext par plot sd title
     tsSmooth window
Flavors: r-devel-linux-x86_64-debian-clang, r-devel-linux-x86_64-debian-gcc, r-devel-linux-x86_64-fedora-clang, r-devel-linux-x86_64-fedora-gcc, r-devel-windows-ix86+x86_64