CRAN Package Check Results for Package waterData

Last updated on 2017-03-26 21:48:20.

Flavor Version Tinstall Tcheck Ttotal Status Flags
r-devel-linux-x86_64-debian-clang 1.0.6 1.96 48.29 50.25 OK
r-devel-linux-x86_64-debian-gcc 1.0.6 1.94 45.69 47.62 OK
r-devel-linux-x86_64-fedora-clang 1.0.6 69.22 OK --no-stop-on-test-error
r-devel-linux-x86_64-fedora-gcc 1.0.6 67.91 OK --no-stop-on-test-error
r-devel-macos-x86_64-clang 1.0.6 54.18 OK --no-stop-on-test-error
r-patched-linux-x86_64 1.0.6 2.12 44.49 46.61 OK
r-patched-solaris-sparc 1.0.6 409.60 OK
r-patched-solaris-x86 1.0.6 91.50 OK
r-release-linux-x86_64 1.0.6 2.03 38.05 40.08 OK
r-release-osx-x86_64-mavericks 1.0.6 OK
r-release-windows-ix86+x86_64 1.0.6 10.00 74.00 84.00 OK
r-oldrel-windows-ix86+x86_64 1.0.4 7.00 57.00 64.00 ERROR

Check Details

Version: 1.0.4
Check: running R code from vignettes
Result: ERROR
    Errors in running code in vignettes:
    when running code in 'vignette.Rnw'
     ...
    
    > library(waterData)
    
    > q05054000 <- importDVs("05054000", code = "00060",
    + stat = "00003", sdate = "2000-01-01", edate = "2010-12-31")
    Unknown IO errorfailed to load external entity "http://waterservices.usgs.gov/nwis/dv?site=05054000&parameterCd=00060&statCd=00003&startDt=2000-01-01&endDt=2010-12-31"
    
     When sourcing 'vignette.R':
    Error: 1: Unknown IO error2: failed to load external entity "http://waterservices.usgs.gov/nwis/dv?site=05054000&parameterCd=00060&statCd=00003&startDt=2000-01-01&endDt=2010-12-31"
    Execution halted
Flavor: r-oldrel-windows-ix86+x86_64

Version: 1.0.4
Check: re-building of vignette outputs
Result: NOTE
    Error in re-building vignettes:
     ...
    
    Error: processing vignette 'vignette.Rnw' failed with diagnostics:
     chunk 1
    Error : 1: Unknown IO error2: failed to load external entity "http://waterservices.usgs.gov/nwis/dv?site=05054000&parameterCd=00060&statCd=00003&startDt=2000-01-01&endDt=2010-12-31"
    
    Execution halted
Flavor: r-oldrel-windows-ix86+x86_64