CRAN Package Check Results for Package waterData

Last updated on 2017-01-17 11:50:49.

Flavor Version Tinstall Tcheck Ttotal Status Flags
r-devel-linux-x86_64-debian-clang 1.0.5 2.13 44.29 46.43 OK
r-devel-linux-x86_64-debian-gcc 1.0.5 2.14 47.42 49.56 OK
r-devel-linux-x86_64-fedora-clang 1.0.5 70.38 NOTE --no-stop-on-test-error
r-devel-linux-x86_64-fedora-gcc 1.0.5 70.79 NOTE --no-stop-on-test-error
r-devel-macos-x86_64-clang 1.0.5 53.39 NOTE --no-stop-on-test-error
r-devel-windows-ix86+x86_64 1.0.5 10.00 85.00 95.00 OK
r-patched-linux-x86_64 1.0.5 2.18 38.32 40.51 OK
r-patched-solaris-sparc 1.0.5 378.00 NOTE
r-patched-solaris-x86 1.0.5 85.30 NOTE
r-release-linux-x86_64 1.0.5 2.10 37.35 39.45 OK
r-release-osx-x86_64-mavericks 1.0.5 NOTE
r-release-windows-ix86+x86_64 1.0.5 10.00 73.00 83.00 OK
r-oldrel-windows-ix86+x86_64 1.0.4 7.00 57.00 64.00 ERROR

Check Details

Version: 1.0.5
Flags: --no-stop-on-test-error
Check: dependencies in R code
Result: NOTE
    Namespace in Imports field not imported from: ‘XML’
     All declared Imports should be used.
Flavors: r-devel-linux-x86_64-fedora-clang, r-devel-linux-x86_64-fedora-gcc, r-devel-macos-x86_64-clang

Version: 1.0.5
Check: dependencies in R code
Result: NOTE
    Namespace in Imports field not imported from: ‘XML’
     All declared Imports should be used.
Flavors: r-patched-solaris-sparc, r-patched-solaris-x86, r-release-osx-x86_64-mavericks

Version: 1.0.4
Check: running R code from vignettes
Result: ERROR
    Errors in running code in vignettes:
    when running code in 'vignette.Rnw'
     ...
    
    > library(waterData)
    
    > q05054000 <- importDVs("05054000", code = "00060",
    + stat = "00003", sdate = "2000-01-01", edate = "2010-12-31")
    Unknown IO errorfailed to load external entity "http://waterservices.usgs.gov/nwis/dv?site=05054000&parameterCd=00060&statCd=00003&startDt=2000-01-01&endDt=2010-12-31"
    
     When sourcing 'vignette.R':
    Error: 1: Unknown IO error2: failed to load external entity "http://waterservices.usgs.gov/nwis/dv?site=05054000&parameterCd=00060&statCd=00003&startDt=2000-01-01&endDt=2010-12-31"
    Execution halted
Flavor: r-oldrel-windows-ix86+x86_64

Version: 1.0.4
Check: re-building of vignette outputs
Result: NOTE
    Error in re-building vignettes:
     ...
    
    Error: processing vignette 'vignette.Rnw' failed with diagnostics:
     chunk 1
    Error : 1: Unknown IO error2: failed to load external entity "http://waterservices.usgs.gov/nwis/dv?site=05054000&parameterCd=00060&statCd=00003&startDt=2000-01-01&endDt=2010-12-31"
    
    Execution halted
Flavor: r-oldrel-windows-ix86+x86_64