CRAN Package Check Results for Package waterData

Last updated on 2014-12-22 14:48:56.

Flavor Version Tinstall Tcheck Ttotal Status Flags
r-devel-linux-x86_64-debian-clang 1.0.4 1.56 48.12 49.68 OK
r-devel-linux-x86_64-debian-gcc 1.0.4 1.38 47.40 48.79 OK
r-devel-linux-x86_64-fedora-clang 1.0.4 73.81 OK
r-devel-linux-x86_64-fedora-gcc 1.0.4 70.11 OK
r-devel-osx-x86_64-clang 1.0.4 75.69 OK
r-devel-windows-ix86+x86_64 1.0.4 5.00 60.00 65.00 OK
r-patched-linux-x86_64 1.0.4 1.49 48.26 49.75 OK
r-patched-solaris-sparc 1.0.4 428.80 OK
r-patched-solaris-x86 1.0.4 95.10 OK
r-release-linux-ix86 1.0.4 1.88 57.88 59.76 OK
r-release-linux-x86_64 1.0.4 1.46 48.89 50.35 OK
r-release-osx-x86_64-mavericks 1.0.4 NOTE
r-release-osx-x86_64-snowleopard 1.0.4 OK
r-release-windows-ix86+x86_64 1.0.4 6.00 70.00 76.00 OK
r-oldrel-windows-ix86+x86_64 1.0.4 6.00 68.00 74.00 OK

Check Details

Version: 1.0.4
Check: re-building of vignette outputs
Result: NOTE
    Error in re-building vignettes:
     ...
    There are 2000 missing values for 05054000 or 49.78 percent of the data.
    The maximum block of missing 05054000 data is 12 days long.
    Filled in 2000 values for 05054000
    Error in texi2dvi(file = file, pdf = TRUE, clean = clean, quiet = quiet, :
     Running 'texi2dvi' on 'vignette.tex' failed.
    LaTeX errors:
    ! LaTeX Error: File `fullpage.sty' not found.
    
    Type X to quit or <RETURN> to proceed,
    or enter new name. (Default extension: sty)
    
    gn_test/waterData/vignettes/vignette.tex:7: ==> Fatal error occurred, no outpu
    t PDF file produced!
    Calls: buildVignettes -> texi2pdf -> texi2dvi
    Execution halted
Flavor: r-release-osx-x86_64-mavericks