CRAN Package Check Results for Package waterData

Last updated on 2015-08-03 11:49:36.

Flavor Version Tinstall Tcheck Ttotal Status Flags
r-devel-linux-x86_64-debian-clang 1.0.4 1.16 44.95 46.11 NOTE
r-devel-linux-x86_64-debian-gcc 1.0.4 1.14 47.97 49.11 NOTE
r-devel-linux-x86_64-fedora-clang 1.0.4 63.51 NOTE
r-devel-linux-x86_64-fedora-gcc 1.0.4 60.22 NOTE
r-devel-osx-x86_64-clang 1.0.4 64.37 OK
r-devel-windows-ix86+x86_64 1.0.4 5.00 63.00 68.00 NOTE
r-patched-linux-x86_64 1.0.4 1.15 53.70 54.84 OK
r-patched-solaris-sparc 1.0.4 381.30 OK
r-patched-solaris-x86 1.0.4 80.50 OK
r-release-linux-x86_64 1.0.4 1.32 42.42 43.74 OK
r-release-osx-x86_64-mavericks 1.0.4 OK
r-release-windows-ix86+x86_64 1.0.4 6.00 98.00 104.00 OK
r-oldrel-windows-ix86+x86_64 1.0.4 9.00 70.00 79.00 OK

Check Details

Version: 1.0.4
Check: R code for possible problems
Result: NOTE
    fillMiss: no visible global function definition for ‘window’
    fillMiss: no visible global function definition for ‘StructTS’
    fillMiss: no visible global function definition for ‘tsSmooth’
    fillMiss: no visible global function definition for ‘fitted’
    fillMiss: no visible global function definition for ‘plot’
    fillMiss: no visible global function definition for ‘lines’
    fillMiss: no visible global function definition for ‘legend’
    fillMiss: no visible global function definition for ‘title’
    plotAnoms: no visible global function definition for ‘par’
    plotAnoms: no visible global function definition for ‘plot’
    plotAnoms: no visible global function definition for ‘sd’
    plotAnoms: no visible global function definition for ‘mtext’
    summaryStats: no visible global function definition for ‘fivenum’
    summaryStats: no visible global function definition for ‘sd’
    summaryStats: no visible global function definition for ‘IQR’
    Undefined global functions or variables:
     IQR StructTS fitted fivenum legend lines mtext par plot sd title
     tsSmooth window
    Consider adding
     importFrom("graphics", "legend", "lines", "mtext", "par", "plot",
     "title")
     importFrom("stats", "IQR", "StructTS", "fitted", "fivenum", "sd",
     "tsSmooth", "window")
    to your NAMESPACE.
Flavors: r-devel-linux-x86_64-debian-clang, r-devel-linux-x86_64-debian-gcc, r-devel-linux-x86_64-fedora-clang, r-devel-linux-x86_64-fedora-gcc, r-devel-windows-ix86+x86_64