CRAN Package Check Results for Package waterData

Last updated on 2015-05-23 05:48:08.

Flavor Version Tinstall Tcheck Ttotal Status Flags
r-devel-linux-x86_64-debian-clang 1.0.4 1.20 43.95 45.15 OK
r-devel-linux-x86_64-debian-gcc 1.0.4 1.14 43.23 44.37 OK
r-devel-linux-x86_64-fedora-clang 1.0.4 64.10 OK
r-devel-linux-x86_64-fedora-gcc 1.0.4 61.29 OK
r-devel-osx-x86_64-clang 1.0.4 68.97 OK
r-devel-windows-ix86+x86_64 1.0.4 5.00 62.00 67.00 OK
r-patched-linux-x86_64 1.0.4 1.14 42.36 43.50 OK
r-patched-solaris-sparc 1.0.4 372.60 OK
r-patched-solaris-x86 1.0.4 81.00 OK
r-release-linux-x86_64 1.0.4 1.18 42.78 43.96 OK
r-release-osx-x86_64-mavericks 1.0.4 OK
r-release-osx-x86_64-snowleopard 1.0.4 ERROR
r-release-windows-ix86+x86_64 1.0.4 5.00 61.00 66.00 OK
r-oldrel-windows-ix86+x86_64 1.0.4 6.00 59.00 65.00 OK

Check Details

Version: 1.0.4
Check: package dependencies
Result: ERROR
    Packages required but not available: ‘latticeExtra’ ‘XML’
    
    See section ‘The DESCRIPTION file’ in the ‘Writing R Extensions’
    manual.
Flavor: r-release-osx-x86_64-snowleopard