CRAN Package Check Results for Package waterfall

Last updated on 2015-04-02 08:49:47.

Flavor Version Tinstall Tcheck Ttotal Status Flags
r-devel-linux-x86_64-debian-clang 0.9.9.20121030 0.62 10.54 11.16 NOTE
r-devel-linux-x86_64-debian-gcc 0.9.9.20121030 0.63 10.93 11.56 NOTE
r-devel-linux-x86_64-fedora-clang 0.9.9.20121030 21.60 NOTE
r-devel-linux-x86_64-fedora-gcc 0.9.9.20121030 19.64 NOTE
r-devel-osx-x86_64-clang 0.9.9.20121030 27.10 NOTE
r-prerel-windows-ix86+x86_64 0.9.9.20121030 3.00 17.00 20.00 NOTE
r-prerel-linux-x86_64 0.9.9.20121030 0.63 10.39 11.02 NOTE
r-prerel-solaris-sparc 0.9.9.20121030 143.80 NOTE
r-prerel-solaris-x86 0.9.9.20121030 30.50 NOTE
r-release-linux-x86_64 0.9.9.20121030 0.74 12.06 12.80 NOTE
r-release-osx-x86_64-mavericks 0.9.9.20121030 NOTE
r-release-osx-x86_64-snowleopard 0.9.9.20121030 NOTE
r-release-windows-ix86+x86_64 0.9.9.20121030 3.00 20.00 23.00 NOTE
r-oldrel-windows-ix86+x86_64 0.9.9.20121030 3.00 19.00 22.00 NOTE

Check Details

Version: 0.9.9.20121030
Check: DESCRIPTION meta-information
Result: NOTE
    Deprecated license: BSD
Flavors: r-devel-linux-x86_64-debian-clang, r-devel-linux-x86_64-debian-gcc, r-devel-linux-x86_64-fedora-clang, r-devel-linux-x86_64-fedora-gcc, r-devel-osx-x86_64-clang, r-prerel-linux-x86_64, r-prerel-solaris-sparc, r-prerel-solaris-x86, r-release-linux-x86_64, r-release-osx-x86_64-mavericks, r-release-osx-x86_64-snowleopard

Version: 0.9.9.20121030
Check: top-level files
Result: NOTE
    File
     LICENSE
    is not mentioned in the DESCRIPTION file.
Flavors: r-devel-linux-x86_64-debian-clang, r-devel-linux-x86_64-debian-gcc, r-devel-linux-x86_64-fedora-clang, r-devel-linux-x86_64-fedora-gcc, r-devel-osx-x86_64-clang, r-prerel-windows-ix86+x86_64, r-prerel-linux-x86_64, r-prerel-solaris-sparc, r-prerel-solaris-x86, r-release-linux-x86_64, r-release-osx-x86_64-mavericks, r-release-osx-x86_64-snowleopard, r-release-windows-ix86+x86_64, r-oldrel-windows-ix86+x86_64

Version: 0.9.9.20121030
Check: S3 generic/method consistency
Result: NOTE
    Found the following apparent S3 methods exported but not registered:
     waterfallchart.formula waterfallplot.default
    See section ‘Registering S3 methods’ in the ‘Writing R Extensions’
    manual.
Flavors: r-devel-linux-x86_64-debian-clang, r-devel-linux-x86_64-debian-gcc, r-devel-linux-x86_64-fedora-clang, r-devel-linux-x86_64-fedora-gcc, r-devel-osx-x86_64-clang, r-prerel-linux-x86_64