CRAN Package Check Results for Package waterfall

Last updated on 2014-04-23 17:47:57.

Flavor Version Tinstall Tcheck Ttotal Status Flags
r-devel-linux-x86_64-debian-clang 0.9.9.20121030 0.76 11.40 12.16 NOTE
r-devel-linux-x86_64-debian-gcc 0.9.9.20121030 0.95 11.26 12.21 NOTE
r-devel-linux-x86_64-fedora-clang 0.9.9.20121030 23.30 NOTE
r-devel-linux-x86_64-fedora-gcc 0.9.9.20121030 22.49 NOTE
r-devel-osx-x86_64-clang 0.9.9.20121030 26.49 NOTE
r-devel-osx-x86_64-gcc 0.9.9.20121030 NOTE
r-devel-windows-ix86+x86_64 0.9.9.20121030 3.00 18.00 21.00 NOTE
r-patched-linux-x86_64 0.9.9.20121030 0.74 11.42 12.17 NOTE
r-patched-solaris-sparc 0.9.9.20121030 134.20 NOTE
r-patched-solaris-x86 0.9.9.20121030 33.90 NOTE
r-release-linux-ix86 0.9.9.20121030 2.00 25.00 27.00 NOTE
r-release-linux-x86_64 0.9.9.20121030 0.73 11.21 11.94 NOTE
r-release-osx-x86_64-mavericks 0.9.9.20121030 WARN
r-release-osx-x86_64-snowleopard 0.9.9.20121030 NOTE
r-release-windows-ix86+x86_64 0.9.9.20121030 3.00 20.00 23.00 NOTE
r-oldrel-windows-ix86+x86_64 0.9.9.20121030 3.00 20.00 23.00 NOTE

Check Details

Version: 0.9.9.20121030
Check: DESCRIPTION meta-information
Result: NOTE
    Deprecated license: BSD
Flavors: r-devel-linux-x86_64-debian-clang, r-devel-linux-x86_64-debian-gcc, r-devel-linux-x86_64-fedora-clang, r-devel-linux-x86_64-fedora-gcc, r-devel-osx-x86_64-clang, r-devel-osx-x86_64-gcc, r-patched-linux-x86_64, r-patched-solaris-sparc, r-patched-solaris-x86, r-release-linux-ix86, r-release-linux-x86_64, r-release-osx-x86_64-mavericks, r-release-osx-x86_64-snowleopard

Version: 0.9.9.20121030
Check: top-level files
Result: NOTE
    File
     LICENSE
    is not mentioned in the DESCRIPTION file.
Flavors: r-devel-linux-x86_64-debian-clang, r-devel-linux-x86_64-debian-gcc, r-devel-linux-x86_64-fedora-clang, r-devel-linux-x86_64-fedora-gcc, r-devel-osx-x86_64-clang, r-devel-osx-x86_64-gcc, r-devel-windows-ix86+x86_64, r-patched-linux-x86_64, r-patched-solaris-sparc, r-patched-solaris-x86, r-release-linux-ix86, r-release-linux-x86_64, r-release-osx-x86_64-mavericks, r-release-osx-x86_64-snowleopard, r-release-windows-ix86+x86_64, r-oldrel-windows-ix86+x86_64

Version: 0.9.9.20121030
Check: PDF version of manual
Result: WARNING
    LaTeX errors when creating PDF version.
    This typically indicates Rd problems.
    LaTeX errors found:
    ! LaTeX Error: File `upquote.sty' not found.
    
    Type X to quit or <RETURN> to proceed,
    or enter new name. (Default extension: sty)
    
    e228c82/Rd2.tex:8: ==> Fatal error occurred, no output PDF file produced!
Flavor: r-release-osx-x86_64-mavericks