CRAN Package Check Results for Package waterfall

Last updated on 2014-09-30 23:47:56.

Flavor Version Tinstall Tcheck Ttotal Status Flags
r-devel-linux-x86_64-debian-clang 0.9.9.20121030 0.67 11.39 12.06 NOTE
r-devel-linux-x86_64-debian-gcc 0.9.9.20121030 0.68 10.99 11.67 NOTE
r-devel-linux-x86_64-fedora-clang 0.9.9.20121030 23.98 NOTE
r-devel-linux-x86_64-fedora-gcc 0.9.9.20121030 22.08 NOTE
r-devel-osx-x86_64-clang 0.9.9.20121030 25.32 NOTE
r-devel-windows-ix86+x86_64 0.9.9.20121030 3.00 21.00 24.00 NOTE
r-patched-linux-x86_64 0.9.9.20121030 0.73 11.37 12.10 NOTE
r-patched-solaris-sparc 0.9.9.20121030 146.80 NOTE
r-patched-solaris-x86 0.9.9.20121030 35.20 NOTE
r-release-linux-ix86 0.9.9.20121030 0.99 18.24 19.24 NOTE
r-release-linux-x86_64 0.9.9.20121030 0.72 11.55 12.27 NOTE
r-release-osx-x86_64-mavericks 0.9.9.20121030 NOTE
r-release-osx-x86_64-snowleopard 0.9.9.20121030 NOTE
r-release-windows-ix86+x86_64 0.9.9.20121030 3.00 19.00 22.00 NOTE
r-oldrel-windows-ix86+x86_64 0.9.9.20121030 3.00 19.00 22.00 NOTE

Check Details

Version: 0.9.9.20121030
Check: DESCRIPTION meta-information
Result: NOTE
    Deprecated license: BSD
Flavors: r-devel-linux-x86_64-debian-clang, r-devel-linux-x86_64-debian-gcc, r-devel-linux-x86_64-fedora-clang, r-devel-linux-x86_64-fedora-gcc, r-devel-osx-x86_64-clang, r-patched-linux-x86_64, r-patched-solaris-sparc, r-patched-solaris-x86, r-release-linux-ix86, r-release-linux-x86_64, r-release-osx-x86_64-mavericks, r-release-osx-x86_64-snowleopard

Version: 0.9.9.20121030
Check: top-level files
Result: NOTE
    File
     LICENSE
    is not mentioned in the DESCRIPTION file.
Flavors: r-devel-linux-x86_64-debian-clang, r-devel-linux-x86_64-debian-gcc, r-devel-linux-x86_64-fedora-clang, r-devel-linux-x86_64-fedora-gcc, r-devel-osx-x86_64-clang, r-devel-windows-ix86+x86_64, r-patched-linux-x86_64, r-patched-solaris-sparc, r-patched-solaris-x86, r-release-linux-ix86, r-release-linux-x86_64, r-release-osx-x86_64-mavericks, r-release-osx-x86_64-snowleopard, r-release-windows-ix86+x86_64, r-oldrel-windows-ix86+x86_64