CRAN Package Check Results for Package waterquality

Last updated on 2020-12-03 14:47:02 CET.

Flavor Version Tinstall Tcheck Ttotal Status Flags
r-devel-linux-x86_64-debian-clang 0.2.6 25.43 312.52 337.95 OK
r-devel-linux-x86_64-debian-gcc 0.2.6 18.96 251.65 270.61 OK
r-devel-linux-x86_64-fedora-clang 0.2.6 403.27 NOTE
r-devel-linux-x86_64-fedora-gcc 0.2.6 395.00 NOTE
r-devel-windows-ix86+x86_64 0.2.6 49.00 272.00 321.00 OK
r-patched-linux-x86_64 0.2.6 22.50 304.33 326.83 OK
r-patched-solaris-x86 0.2.6 508.90 NOTE
r-release-linux-x86_64 0.2.6 24.87 303.96 328.83 OK
r-release-macos-x86_64 0.2.6 NOTE
r-release-windows-ix86+x86_64 0.2.6 35.00 312.00 347.00 OK
r-oldrel-macos-x86_64 0.2.6 NOTE
r-oldrel-windows-ix86+x86_64 0.2.6 42.00 338.00 380.00 OK

Check Details

Version: 0.2.6
Check: dependencies in R code
Result: NOTE
    Namespaces in Imports field not imported from:
     ‘rgdal’ ‘vctrs’
     All declared Imports should be used.
Flavors: r-devel-linux-x86_64-fedora-clang, r-devel-linux-x86_64-fedora-gcc, r-patched-solaris-x86, r-release-macos-x86_64, r-oldrel-macos-x86_64