CRAN Package Check Results for Package wav

Last updated on 2024-03-04 00:55:59 CET.

Flavor Version Tinstall Tcheck Ttotal Status Flags
r-devel-linux-x86_64-debian-clang 0.1.0 22.87 29.96 52.83 NOTE
r-devel-linux-x86_64-debian-gcc 0.1.0 17.98 23.11 41.09 NOTE
r-devel-linux-x86_64-fedora-clang 0.1.0 72.99 NOTE
r-devel-linux-x86_64-fedora-gcc 0.1.0 69.59 NOTE
r-devel-windows-x86_64 0.1.0 19.00 64.00 83.00 NOTE
r-patched-linux-x86_64 0.1.0 21.65 29.13 50.78 NOTE
r-release-linux-x86_64 0.1.0 23.23 29.15 52.38 NOTE
r-release-macos-arm64 0.1.0 27.00 NOTE
r-release-macos-x86_64 0.1.0 39.00 NOTE
r-release-windows-x86_64 0.1.0 19.00 72.00 91.00 NOTE
r-oldrel-macos-arm64 0.1.0 25.00 OK
r-oldrel-windows-x86_64 0.1.0 27.00 68.00 95.00 OK

Check Details

Version: 0.1.0
Check: C++ specification
Result: NOTE Specified C++11: please drop specification unless essential Flavors: r-devel-linux-x86_64-debian-clang, r-devel-linux-x86_64-debian-gcc, r-devel-linux-x86_64-fedora-clang, r-devel-linux-x86_64-fedora-gcc, r-devel-windows-x86_64, r-patched-linux-x86_64, r-release-linux-x86_64, r-release-macos-arm64, r-release-macos-x86_64, r-release-windows-x86_64