CRAN Package Check Results for Package waveband

Last updated on 2015-01-26 08:49:10.

Flavor Version Tinstall Tcheck Ttotal Status Flags
r-devel-linux-x86_64-debian-clang 4.6 1.22 12.84 14.06 OK
r-devel-linux-x86_64-debian-gcc 4.6 1.25 13.88 15.13 OK
r-devel-linux-x86_64-fedora-clang 4.6 31.55 NOTE
r-devel-linux-x86_64-fedora-gcc 4.6 29.83 NOTE
r-devel-osx-x86_64-clang 4.6 31.50 NOTE
r-devel-windows-ix86+x86_64 4.6 11.00 34.00 45.00 OK
r-patched-linux-x86_64 4.6 1.29 14.66 15.95 OK
r-patched-solaris-sparc 4.6 200.70 OK
r-patched-solaris-x86 4.6 42.60 OK
r-release-linux-ix86 4.6 1.77 21.23 23.00 OK
r-release-linux-x86_64 4.6 1.25 15.60 16.86 OK
r-release-osx-x86_64-mavericks 4.6 OK
r-release-osx-x86_64-snowleopard 4.6 OK
r-release-windows-ix86+x86_64 4.6 9.00 34.00 43.00 OK
r-oldrel-windows-ix86+x86_64 4.6 13.00 36.00 49.00 OK

Check Details

Version: 4.6
Check: S3 generic/method consistency
Result: NOTE
    Found the following apparent S3 methods exported but not registered:
     plot.wb
    See section ‘Registering S3 methods’ in the ‘Writing R Extensions’
    manual.
Flavors: r-devel-linux-x86_64-fedora-clang, r-devel-linux-x86_64-fedora-gcc, r-devel-osx-x86_64-clang