CRAN Package Check Results for Package waveband

Last updated on 2018-04-27 04:51:12 CEST.

Flavor Version Tinstall Tcheck Ttotal Status Flags
r-devel-linux-x86_64-debian-clang 4.7 2.70 19.40 22.10 NOTE
r-devel-linux-x86_64-debian-gcc 4.7 2.19 16.66 18.85 NOTE
r-devel-linux-x86_64-fedora-clang 4.7 28.76 NOTE
r-devel-linux-x86_64-fedora-gcc 4.7 27.67 NOTE
r-devel-windows-ix86+x86_64 4.7 9.00 41.00 50.00 NOTE
r-patched-linux-x86_64 4.7 2.51 20.99 23.50 NOTE
r-patched-solaris-x86 4.7 45.90 NOTE
r-release-linux-x86_64 4.7 2.05 20.63 22.68 NOTE
r-release-windows-ix86+x86_64 4.7 9.00 41.00 50.00 NOTE
r-release-osx-x86_64 4.7 NOTE
r-oldrel-windows-ix86+x86_64 4.7 11.00 62.00 73.00 NOTE
r-oldrel-osx-x86_64 4.7 NOTE

Check Details

Version: 4.7
Check: foreign function calls
Result: NOTE
    Foreign function call to a different package:
     .C("comwr", ..., PACKAGE = "wavethresh")
    See chapter ‘System and foreign language interfaces’ in the ‘Writing R
    Extensions’ manual.
Flavors: r-devel-linux-x86_64-debian-clang, r-devel-linux-x86_64-debian-gcc, r-devel-linux-x86_64-fedora-clang, r-devel-linux-x86_64-fedora-gcc, r-devel-windows-ix86+x86_64, r-patched-linux-x86_64, r-patched-solaris-x86, r-release-linux-x86_64, r-release-windows-ix86+x86_64, r-release-osx-x86_64, r-oldrel-windows-ix86+x86_64, r-oldrel-osx-x86_64