CRAN Package Check Results for Package waveband

Last updated on 2018-06-21 11:50:33 CEST.

Flavor Version Tinstall Tcheck Ttotal Status Flags
r-devel-linux-x86_64-debian-clang 4.7 3.00 20.51 23.51 NOTE
r-devel-linux-x86_64-debian-gcc 4.7 2.39 17.56 19.95 NOTE
r-devel-linux-x86_64-fedora-clang 4.7 29.90 NOTE
r-devel-linux-x86_64-fedora-gcc 4.7 28.22 NOTE
r-devel-windows-ix86+x86_64 4.7 19.00 57.00 76.00 NOTE
r-patched-linux-x86_64 4.7 2.81 21.33 24.14 NOTE
r-patched-solaris-x86 4.7 43.70 NOTE
r-release-linux-x86_64 4.7 2.94 20.97 23.91 NOTE
r-release-windows-ix86+x86_64 4.7 10.00 65.00 75.00 NOTE
r-release-osx-x86_64 4.7 NOTE
r-oldrel-windows-ix86+x86_64 4.7 17.00 44.00 61.00 NOTE
r-oldrel-osx-x86_64 4.7 NOTE

Check Details

Version: 4.7
Check: foreign function calls
Result: NOTE
    Foreign function call to a different package:
     .C("comwr", ..., PACKAGE = "wavethresh")
    See chapter ‘System and foreign language interfaces’ in the ‘Writing R
    Extensions’ manual.
Flavors: r-devel-linux-x86_64-debian-clang, r-devel-linux-x86_64-debian-gcc, r-devel-linux-x86_64-fedora-clang, r-devel-linux-x86_64-fedora-gcc, r-devel-windows-ix86+x86_64, r-patched-linux-x86_64, r-patched-solaris-x86, r-release-linux-x86_64, r-release-windows-ix86+x86_64, r-release-osx-x86_64, r-oldrel-windows-ix86+x86_64, r-oldrel-osx-x86_64