CRAN Package Check Results for Package waveband

Last updated on 2014-04-24 09:49:13.

Flavor Version Tinstall Tcheck Ttotal Status Flags
r-devel-linux-x86_64-debian-clang 4.6 1.28 14.19 15.46 OK
r-devel-linux-x86_64-debian-gcc 4.6 1.30 14.10 15.39 OK
r-devel-linux-x86_64-fedora-clang 4.6 29.30 OK
r-devel-linux-x86_64-fedora-gcc 4.6 27.85 OK
r-devel-osx-x86_64-clang 4.6 31.79 OK
r-devel-osx-x86_64-gcc 4.6 OK
r-devel-windows-ix86+x86_64 4.6 7.00 31.00 38.00 OK
r-patched-linux-x86_64 4.6 1.22 14.12 15.34 OK
r-patched-solaris-sparc 4.6 171.10 OK
r-patched-solaris-x86 4.6 41.20 OK
r-release-linux-ix86 4.6 2.00 30.00 32.00 OK
r-release-linux-x86_64 4.6 1.26 14.14 15.40 OK
r-release-osx-x86_64-mavericks 4.6 WARN
r-release-osx-x86_64-snowleopard 4.6 OK
r-release-windows-ix86+x86_64 4.6 8.00 31.00 39.00 OK
r-oldrel-windows-ix86+x86_64 4.6 8.00 32.00 40.00 OK

Check Details

Version: 4.6
Check: PDF version of manual
Result: WARNING
    LaTeX errors when creating PDF version.
    This typically indicates Rd problems.
    LaTeX errors found:
    ! LaTeX Error: File `upquote.sty' not found.
    
    Type X to quit or <RETURN> to proceed,
    or enter new name. (Default extension: sty)
    
    dfc8cd1/Rd2.tex:8: ==> Fatal error occurred, no output PDF file produced!
Flavor: r-release-osx-x86_64-mavericks