CRAN Package Check Results for Package waveband

Last updated on 2015-02-28 17:48:53.

Flavor Version Tinstall Tcheck Ttotal Status Flags
r-devel-linux-x86_64-debian-clang 4.6 1.19 12.71 13.90 NOTE
r-devel-linux-x86_64-debian-gcc 4.6 1.18 13.34 14.53 NOTE
r-devel-linux-x86_64-fedora-clang 4.6 26.46 NOTE
r-devel-linux-x86_64-fedora-gcc 4.6 25.49 NOTE
r-devel-osx-x86_64-clang 4.6 29.05 NOTE
r-devel-windows-ix86+x86_64 4.6 12.00 28.00 40.00 NOTE
r-patched-linux-x86_64 4.6 1.30 14.74 16.04 OK
r-patched-solaris-sparc 4.6 200.70 OK
r-patched-solaris-x86 4.6 43.40 OK
r-release-linux-ix86 4.6 1.78 20.62 22.41 OK
r-release-linux-x86_64 4.6 1.30 14.84 16.15 OK
r-release-osx-x86_64-mavericks 4.6 OK
r-release-osx-x86_64-snowleopard 4.6 OK
r-release-windows-ix86+x86_64 4.6 9.00 33.00 42.00 OK
r-oldrel-windows-ix86+x86_64 4.6 8.00 55.00 63.00 OK

Check Details

Version: 4.6
Check: DESCRIPTION meta-information
Result: NOTE
    Malformed Description field: should contain one or more complete sentences.
Flavors: r-devel-linux-x86_64-debian-clang, r-devel-linux-x86_64-debian-gcc, r-devel-linux-x86_64-fedora-clang, r-devel-linux-x86_64-fedora-gcc, r-devel-osx-x86_64-clang, r-devel-windows-ix86+x86_64

Version: 4.6
Check: S3 generic/method consistency
Result: NOTE
    Found the following apparent S3 methods exported but not registered:
     plot.wb
    See section ‘Registering S3 methods’ in the ‘Writing R Extensions’
    manual.
Flavors: r-devel-linux-x86_64-debian-clang, r-devel-linux-x86_64-debian-gcc, r-devel-linux-x86_64-fedora-clang, r-devel-linux-x86_64-fedora-gcc, r-devel-osx-x86_64-clang