CRAN Package Check Results for Package waveband

Last updated on 2015-04-01 08:50:21.

Flavor Version Tinstall Tcheck Ttotal Status Flags
r-devel-linux-x86_64-debian-clang 4.6 1.18 12.82 13.99 NOTE
r-devel-linux-x86_64-debian-gcc 4.6 1.20 12.74 13.94 NOTE
r-devel-linux-x86_64-fedora-clang 4.6 26.49 NOTE
r-devel-linux-x86_64-fedora-gcc 4.6 24.61 NOTE
r-devel-osx-x86_64-clang 4.6 31.42 NOTE
r-prerel-windows-ix86+x86_64 4.6 9.00 27.00 36.00 NOTE
r-prerel-linux-x86_64 4.6 1.16 12.29 13.45 NOTE
r-prerel-solaris-sparc 4.6 174.40 NOTE
r-prerel-solaris-x86 4.6 36.90 NOTE
r-release-linux-x86_64 4.6 1.45 14.44 15.89 OK
r-release-osx-x86_64-mavericks 4.6 OK
r-release-osx-x86_64-snowleopard 4.6 OK
r-release-windows-ix86+x86_64 4.6 8.00 33.00 41.00 OK
r-oldrel-windows-ix86+x86_64 4.6 7.00 36.00 43.00 OK

Check Details

Version: 4.6
Check: DESCRIPTION meta-information
Result: NOTE
    Malformed Description field: should contain one or more complete sentences.
Flavors: r-devel-linux-x86_64-debian-clang, r-devel-linux-x86_64-debian-gcc, r-devel-linux-x86_64-fedora-clang, r-devel-linux-x86_64-fedora-gcc, r-devel-osx-x86_64-clang, r-prerel-windows-ix86+x86_64, r-prerel-linux-x86_64, r-prerel-solaris-sparc, r-prerel-solaris-x86

Version: 4.6
Check: S3 generic/method consistency
Result: NOTE
    Found the following apparent S3 methods exported but not registered:
     plot.wb
    See section ‘Registering S3 methods’ in the ‘Writing R Extensions’
    manual.
Flavors: r-devel-linux-x86_64-debian-clang, r-devel-linux-x86_64-debian-gcc, r-devel-linux-x86_64-fedora-clang, r-devel-linux-x86_64-fedora-gcc, r-devel-osx-x86_64-clang, r-prerel-linux-x86_64