CRAN Package Check Results for Package waveband

Last updated on 2015-08-30 23:48:05.

Flavor Version Tinstall Tcheck Ttotal Status Flags
r-devel-linux-x86_64-debian-clang 4.6 1.07 11.88 12.94 NOTE
r-devel-linux-x86_64-debian-gcc 4.6 1.08 11.72 12.80 NOTE
r-devel-linux-x86_64-fedora-clang 4.6 24.66 NOTE
r-devel-linux-x86_64-fedora-gcc 4.6 22.99 NOTE
r-devel-osx-x86_64-clang 4.6 23.41 NOTE
r-devel-windows-ix86+x86_64 4.6 13.00 32.00 45.00 NOTE
r-patched-linux-x86_64 4.6 1.19 12.26 13.45 NOTE
r-patched-solaris-sparc 4.6 159.90 NOTE
r-patched-solaris-x86 4.6 37.90 NOTE
r-release-linux-x86_64 4.6 1.22 12.20 13.42 NOTE
r-release-osx-x86_64-mavericks 4.6 NOTE
r-release-windows-ix86+x86_64 4.6 9.00 32.00 41.00 NOTE
r-oldrel-windows-ix86+x86_64 4.6 12.00 39.00 51.00 OK

Check Details

Version: 4.6
Check: DESCRIPTION meta-information
Result: NOTE
    Malformed Description field: should contain one or more complete sentences.
Flavors: r-devel-linux-x86_64-debian-clang, r-devel-linux-x86_64-debian-gcc, r-devel-linux-x86_64-fedora-clang, r-devel-linux-x86_64-fedora-gcc, r-devel-osx-x86_64-clang, r-devel-windows-ix86+x86_64, r-patched-linux-x86_64, r-patched-solaris-sparc, r-patched-solaris-x86, r-release-linux-x86_64, r-release-osx-x86_64-mavericks, r-release-windows-ix86+x86_64

Version: 4.6
Check: S3 generic/method consistency
Result: NOTE
    Found the following apparent S3 methods exported but not registered:
     plot.wb
    See section ‘Registering S3 methods’ in the ‘Writing R Extensions’
    manual.
Flavors: r-devel-linux-x86_64-debian-clang, r-devel-linux-x86_64-debian-gcc, r-devel-linux-x86_64-fedora-clang, r-devel-linux-x86_64-fedora-gcc, r-devel-osx-x86_64-clang, r-patched-linux-x86_64, r-patched-solaris-sparc, r-patched-solaris-x86, r-release-linux-x86_64

Version: 4.6
Check: R code for possible problems
Result: NOTE
    plot.wb: no visible global function definition for ‘plot’
    plot.wb: no visible global function definition for ‘lines’
    power.sum: no visible global function definition for ‘plot’
    power.sum: no visible global function definition for ‘lines’
    test.data: no visible global function definition for ‘var’
    test.data: no visible global function definition for ‘rnorm’
    test.data: no visible global function definition for ‘plot’
    test.data: no visible global function definition for ‘lines’
    wave.band: no visible binding for global variable ‘var’
    wave.band: no visible global function definition for ‘pnorm’
    wave.band: no visible global function definition for ‘qnorm’
    wave.band: no visible global function definition for ‘plot’
    wave.band: no visible global function definition for ‘lines’
    wb.johnson.lims: no visible global function definition for ‘qnorm’
    Undefined global functions or variables:
     lines plot pnorm qnorm rnorm var
    Consider adding
     importFrom("graphics", "lines", "plot")
     importFrom("stats", "pnorm", "qnorm", "rnorm", "var")
    to your NAMESPACE.
Flavors: r-devel-linux-x86_64-debian-clang, r-devel-linux-x86_64-debian-gcc, r-devel-linux-x86_64-fedora-clang, r-devel-linux-x86_64-fedora-gcc, r-devel-windows-ix86+x86_64