CRAN Package Check Results for Package waveband

Last updated on 2015-05-25 08:48:43.

Flavor Version Tinstall Tcheck Ttotal Status Flags
r-devel-linux-x86_64-debian-clang 4.6 1.18 12.38 13.56 NOTE
r-devel-linux-x86_64-debian-gcc 4.6 1.14 12.52 13.67 NOTE
r-devel-linux-x86_64-fedora-clang 4.6 25.86 NOTE
r-devel-linux-x86_64-fedora-gcc 4.6 24.80 NOTE
r-devel-osx-x86_64-clang 4.6 28.67 NOTE
r-devel-windows-ix86+x86_64 4.6 9.00 28.00 37.00 NOTE
r-patched-linux-x86_64 4.6 1.15 12.56 13.72 NOTE
r-patched-solaris-sparc 4.6 157.00 NOTE
r-patched-solaris-x86 4.6 37.10 NOTE
r-release-linux-x86_64 4.6 1.16 12.52 13.68 NOTE
r-release-osx-x86_64-mavericks 4.6 NOTE
r-release-osx-x86_64-snowleopard 4.6 NOTE
r-release-windows-ix86+x86_64 4.6 7.00 29.00 36.00 NOTE
r-oldrel-windows-ix86+x86_64 4.6 8.00 49.00 57.00 OK

Check Details

Version: 4.6
Check: DESCRIPTION meta-information
Result: NOTE
    Malformed Description field: should contain one or more complete sentences.
Flavors: r-devel-linux-x86_64-debian-clang, r-devel-linux-x86_64-debian-gcc, r-devel-linux-x86_64-fedora-clang, r-devel-linux-x86_64-fedora-gcc, r-devel-osx-x86_64-clang, r-devel-windows-ix86+x86_64, r-patched-linux-x86_64, r-patched-solaris-sparc, r-patched-solaris-x86, r-release-linux-x86_64, r-release-osx-x86_64-mavericks, r-release-osx-x86_64-snowleopard, r-release-windows-ix86+x86_64

Version: 4.6
Check: S3 generic/method consistency
Result: NOTE
    Found the following apparent S3 methods exported but not registered:
     plot.wb
    See section ‘Registering S3 methods’ in the ‘Writing R Extensions’
    manual.
Flavors: r-devel-linux-x86_64-debian-clang, r-devel-linux-x86_64-debian-gcc, r-devel-linux-x86_64-fedora-clang, r-devel-linux-x86_64-fedora-gcc, r-devel-osx-x86_64-clang, r-patched-linux-x86_64, r-patched-solaris-sparc, r-patched-solaris-x86, r-release-linux-x86_64