CRAN Package Check Results for Package waveband

Last updated on 2016-04-29 19:50:05.

Flavor Version Tinstall Tcheck Ttotal Status Flags
r-devel-linux-x86_64-debian-gcc 4.6 1.31 12.21 13.52 NOTE
r-devel-linux-x86_64-fedora-clang 4.6 23.16 NOTE
r-devel-linux-x86_64-fedora-gcc 4.6 20.88 NOTE
r-devel-osx-x86_64-clang 4.6 27.59 NOTE
r-devel-windows-ix86+x86_64 4.6 7.00 37.00 44.00 NOTE
r-patched-linux-x86_64 4.6 1.23 11.87 13.09 NOTE
r-patched-solaris-sparc 4.6 139.80 NOTE
r-patched-solaris-x86 4.6 31.10 NOTE
r-release-linux-x86_64 4.6 1.21 12.98 14.19 NOTE
r-release-osx-x86_64-mavericks 4.6 NOTE
r-release-windows-ix86+x86_64 4.6 7.00 37.00 44.00 NOTE
r-oldrel-windows-ix86+x86_64 4.6 13.00 38.00 51.00 OK

Check Details

Version: 4.6
Check: DESCRIPTION meta-information
Result: NOTE
    Malformed Description field: should contain one or more complete sentences.
Flavors: r-devel-linux-x86_64-debian-gcc, r-devel-linux-x86_64-fedora-clang, r-devel-linux-x86_64-fedora-gcc, r-devel-osx-x86_64-clang, r-devel-windows-ix86+x86_64, r-patched-linux-x86_64, r-patched-solaris-sparc, r-patched-solaris-x86, r-release-linux-x86_64, r-release-osx-x86_64-mavericks, r-release-windows-ix86+x86_64

Version: 4.6
Check: S3 generic/method consistency
Result: NOTE
    Found the following apparent S3 methods exported but not registered:
     plot.wb
    See section ‘Registering S3 methods’ in the ‘Writing R Extensions’
    manual.
Flavors: r-devel-linux-x86_64-debian-gcc, r-devel-linux-x86_64-fedora-clang, r-devel-linux-x86_64-fedora-gcc, r-devel-osx-x86_64-clang, r-patched-linux-x86_64, r-patched-solaris-sparc, r-patched-solaris-x86, r-release-linux-x86_64

Version: 4.6
Check: R code for possible problems
Result: NOTE
    plot.wb: no visible global function definition for ‘plot’
    plot.wb: no visible global function definition for ‘lines’
    power.sum: no visible global function definition for ‘plot’
    power.sum: no visible global function definition for ‘lines’
    test.data: no visible global function definition for ‘var’
    test.data: no visible global function definition for ‘rnorm’
    test.data: no visible global function definition for ‘plot’
    test.data: no visible global function definition for ‘lines’
    wave.band: no visible binding for global variable ‘var’
    wave.band: no visible global function definition for ‘pnorm’
    wave.band: no visible global function definition for ‘qnorm’
    wave.band: no visible global function definition for ‘plot’
    wave.band: no visible global function definition for ‘lines’
    wb.johnson.lims: no visible global function definition for ‘qnorm’
    Undefined global functions or variables:
     lines plot pnorm qnorm rnorm var
    Consider adding
     importFrom("graphics", "lines", "plot")
     importFrom("stats", "pnorm", "qnorm", "rnorm", "var")
    to your NAMESPACE file.
Flavors: r-devel-linux-x86_64-debian-gcc, r-devel-linux-x86_64-fedora-clang, r-devel-linux-x86_64-fedora-gcc, r-devel-osx-x86_64-clang, r-devel-windows-ix86+x86_64, r-patched-linux-x86_64, r-patched-solaris-sparc, r-patched-solaris-x86