CRAN Package Check Results for Package wavelets

Last updated on 2015-01-26 03:52:43.

Flavor Version Tinstall Tcheck Ttotal Status Flags
r-devel-linux-x86_64-debian-clang 0.3-0 1.40 24.00 25.40 OK
r-devel-linux-x86_64-debian-gcc 0.3-0 1.35 24.31 25.66 OK
r-devel-linux-x86_64-fedora-clang 0.3-0 52.84 NOTE
r-devel-linux-x86_64-fedora-gcc 0.3-0 48.98 NOTE
r-devel-osx-x86_64-clang 0.3-0 48.80 NOTE
r-devel-windows-ix86+x86_64 0.3-0 8.00 45.00 53.00 OK
r-patched-linux-x86_64 0.3-0 1.33 24.80 26.13 OK
r-patched-solaris-sparc 0.3-0 325.40 OK
r-patched-solaris-x86 0.3-0 64.80 OK
r-release-linux-ix86 0.3-0 1.98 33.32 35.30 OK
r-release-linux-x86_64 0.3-0 1.38 24.91 26.29 OK
r-release-osx-x86_64-mavericks 0.3-0 OK
r-release-osx-x86_64-snowleopard 0.3-0 OK
r-release-windows-ix86+x86_64 0.3-0 8.00 63.00 71.00 OK
r-oldrel-windows-ix86+x86_64 0.3-0 9.00 56.00 65.00 OK

Check Details

Version: 0.3-0
Check: S3 generic/method consistency
Result: NOTE
    Found the following apparent S3 methods exported but not registered:
     print.dwt print.modwt print.wt.filter summary.dwt summary.modwt
     summary.wt.filter plot.dwt plot.dwt.multiple plot.modwt
    See section ‘Registering S3 methods’ in the ‘Writing R Extensions’
    manual.
Flavors: r-devel-linux-x86_64-fedora-clang, r-devel-linux-x86_64-fedora-gcc, r-devel-osx-x86_64-clang