CRAN Package Check Results for Package wavelets

Last updated on 2015-02-28 12:51:31.

Flavor Version Tinstall Tcheck Ttotal Status Flags
r-devel-linux-x86_64-debian-clang 0.3-0 1.38 23.69 25.07 NOTE
r-devel-linux-x86_64-debian-gcc 0.3-0 1.31 23.12 24.44 NOTE
r-devel-linux-x86_64-fedora-clang 0.3-0 48.27 NOTE
r-devel-linux-x86_64-fedora-gcc 0.3-0 45.23 NOTE
r-devel-osx-x86_64-clang 0.3-0 50.21 NOTE
r-devel-windows-ix86+x86_64 0.3-0 9.00 54.00 63.00 OK
r-patched-linux-x86_64 0.3-0 1.35 25.16 26.51 OK
r-patched-solaris-sparc 0.3-0 325.40 OK
r-patched-solaris-x86 0.3-0 65.50 OK
r-release-linux-ix86 0.3-0 1.98 32.49 34.47 OK
r-release-linux-x86_64 0.3-0 1.46 24.75 26.20 OK
r-release-osx-x86_64-mavericks 0.3-0 OK
r-release-osx-x86_64-snowleopard 0.3-0 OK
r-release-windows-ix86+x86_64 0.3-0 8.00 63.00 71.00 OK
r-oldrel-windows-ix86+x86_64 0.3-0 9.00 56.00 65.00 OK

Check Details

Version: 0.3-0
Check: S3 generic/method consistency
Result: NOTE
    Found the following apparent S3 methods exported but not registered:
     plot.dwt plot.dwt.multiple plot.modwt print.dwt print.modwt
     print.wt.filter summary.dwt summary.modwt summary.wt.filter
    See section ‘Registering S3 methods’ in the ‘Writing R Extensions’
    manual.
Flavors: r-devel-linux-x86_64-debian-clang, r-devel-linux-x86_64-debian-gcc, r-devel-linux-x86_64-fedora-clang, r-devel-linux-x86_64-fedora-gcc, r-devel-osx-x86_64-clang