CRAN Package Check Results for Package wavelets

Last updated on 2015-05-25 19:47:28.

Flavor Version Tinstall Tcheck Ttotal Status Flags
r-devel-linux-x86_64-debian-clang 0.3-0 1.28 23.58 24.86 NOTE
r-devel-linux-x86_64-debian-gcc 0.3-0 1.26 22.63 23.89 NOTE
r-devel-linux-x86_64-fedora-clang 0.3-0 46.99 NOTE
r-devel-linux-x86_64-fedora-gcc 0.3-0 44.54 NOTE
r-devel-osx-x86_64-clang 0.3-0 46.53 NOTE
r-devel-windows-ix86+x86_64 0.3-0 9.00 53.00 62.00 OK
r-patched-linux-x86_64 0.3-0 1.28 23.50 24.78 NOTE
r-patched-solaris-sparc 0.3-0 298.70 NOTE
r-patched-solaris-x86 0.3-0 60.10 NOTE
r-release-linux-x86_64 0.3-0 1.34 23.51 24.85 NOTE
r-release-osx-x86_64-mavericks 0.3-0 OK
r-release-osx-x86_64-snowleopard 0.3-0 OK
r-release-windows-ix86+x86_64 0.3-0 7.00 58.00 65.00 OK
r-oldrel-windows-ix86+x86_64 0.3-0 11.00 52.00 63.00 OK

Check Details

Version: 0.3-0
Check: S3 generic/method consistency
Result: NOTE
    Found the following apparent S3 methods exported but not registered:
     plot.dwt plot.dwt.multiple plot.modwt print.dwt print.modwt
     print.wt.filter summary.dwt summary.modwt summary.wt.filter
    See section ‘Registering S3 methods’ in the ‘Writing R Extensions’
    manual.
Flavors: r-devel-linux-x86_64-debian-clang, r-devel-linux-x86_64-debian-gcc, r-devel-linux-x86_64-fedora-clang, r-devel-linux-x86_64-fedora-gcc, r-devel-osx-x86_64-clang, r-patched-linux-x86_64, r-patched-solaris-sparc, r-patched-solaris-x86, r-release-linux-x86_64