CRAN Package Check Results for Package wavelets

Last updated on 2015-07-02 11:48:51.

Flavor Version Tinstall Tcheck Ttotal Status Flags
r-devel-linux-x86_64-debian-clang 0.3-0 1.30 22.86 24.16 NOTE
r-devel-linux-x86_64-debian-gcc 0.3-0 1.30 23.09 24.39 NOTE
r-devel-linux-x86_64-fedora-clang 0.3-0 46.97 NOTE
r-devel-linux-x86_64-fedora-gcc 0.3-0 44.28 NOTE
r-devel-osx-x86_64-clang 0.3-0 37.12 NOTE
r-devel-windows-ix86+x86_64 0.3-0 9.00 49.00 58.00 OK
r-patched-linux-x86_64 0.3-0 1.26 22.67 23.92 NOTE
r-patched-solaris-sparc 0.3-0 298.70 NOTE
r-patched-solaris-x86 0.3-0 59.40 NOTE
r-release-linux-x86_64 0.3-0 1.34 23.04 24.38 NOTE
r-release-osx-x86_64-mavericks 0.3-0 OK
r-release-windows-ix86+x86_64 0.3-0 10.00 49.00 59.00 OK
r-oldrel-windows-ix86+x86_64 0.3-0 11.00 52.00 63.00 OK

Check Details

Version: 0.3-0
Check: S3 generic/method consistency
Result: NOTE
    Found the following apparent S3 methods exported but not registered:
     plot.dwt plot.dwt.multiple plot.modwt print.dwt print.modwt
     print.wt.filter summary.dwt summary.modwt summary.wt.filter
    See section ‘Registering S3 methods’ in the ‘Writing R Extensions’
    manual.
Flavors: r-devel-linux-x86_64-debian-clang, r-devel-linux-x86_64-debian-gcc, r-devel-linux-x86_64-fedora-clang, r-devel-linux-x86_64-fedora-gcc, r-devel-osx-x86_64-clang, r-patched-linux-x86_64, r-patched-solaris-sparc, r-patched-solaris-x86, r-release-linux-x86_64

Version: 0.3-0
Check: R code for possible problems
Result: NOTE
    figure108.wt.filter : draw.leftlabels: no visible global function
     definition for ‘text’
    figure108.wt.filter: no visible global function definition for ‘plot’
    figure108.wt.filter: no visible global function definition for ‘axis’
    figure108.wt.filter: no visible global function definition for ‘par’
    figure108.wt.filter: no visible global function definition for ‘abline’
    figure108.wt.filter: no visible global function definition for
     ‘segments’
    figure108.wt.filter: no visible global function definition for ‘points’
    figure98.wt.filter : draw.leftlabels: no visible global function
     definition for ‘text’
    figure98.wt.filter: no visible global function definition for ‘plot’
    figure98.wt.filter: no visible global function definition for ‘par’
    figure98.wt.filter: no visible global function definition for ‘axis’
    figure98.wt.filter: no visible global function definition for ‘axTicks’
    figure98.wt.filter: no visible global function definition for ‘lines’
    figure98.wt.filter: no visible global function definition for ‘abline’
    plot.dwt : stackplot.dwt : innerplot: no visible global function
     definition for ‘plot’
    plot.dwt : stackplot.dwt : innerplot: no visible global function
     definition for ‘axis’
    plot.dwt : stackplot.dwt : innerplot: no visible global function
     definition for ‘axTicks’
    plot.dwt : stackplot.dwt : innerplot: no visible global function
     definition for ‘par’
    plot.dwt : stackplot.dwt: no visible global function definition for
     ‘layout’
    plot.dwt : stackplot.dwt: no visible global function definition for
     ‘par’
    plot.dwt : stackplot.dwt: no visible global function definition for
     ‘text’
    plot.dwt : stackplot.dwt: no visible global function definition for
     ‘mtext’
    plot.dwt.multiple : inner.plot.level: no visible global function
     definition for ‘lines’
    plot.dwt.multiple : inner.plot : draw.dash: no visible global function
     definition for ‘abline’
    plot.dwt.multiple : inner.plot : draw.level.labels: no visible global
     function definition for ‘mtext’
    plot.dwt.multiple : inner.plot: no visible global function definition
     for ‘plot’
    plot.dwt.multiple : inner.plot: no visible global function definition
     for ‘axis’
    plot.dwt.multiple : inner.plot: no visible global function definition
     for ‘mtext’
    plot.dwt.multiple : inner.plot: no visible global function definition
     for ‘par’
    plot.dwt.multiple: no visible global function definition for ‘par’
    plot.modwt : stackplot.modwt : innerplot: no visible global function
     definition for ‘plot’
    plot.modwt : stackplot.modwt : innerplot: no visible global function
     definition for ‘axis’
    plot.modwt : stackplot.modwt : innerplot: no visible global function
     definition for ‘axTicks’
    plot.modwt : stackplot.modwt : innerplot: no visible global function
     definition for ‘par’
    plot.modwt : stackplot.modwt: no visible global function definition for
     ‘layout’
    plot.modwt : stackplot.modwt: no visible global function definition for
     ‘par’
    plot.modwt : stackplot.modwt: no visible global function definition for
     ‘text’
    plot.modwt : stackplot.modwt: no visible global function definition for
     ‘mtext’
    squaredgain.wt.filter: no visible global function definition for ‘fft’
    squaredgain.wt.filter: no visible global function definition for ‘plot’
    squaredgain.wt.filter: no visible global function definition for
     ‘abline’
    stackplot : innerstackplot: no visible global function definition for
     ‘plot’
    stackplot : innerstackplot: no visible global function definition for
     ‘segments’
    stackplot : innerstackplot: no visible global function definition for
     ‘lines’
    stackplot : find.rightlabelpos: no visible global function definition
     for ‘par’
    stackplot : draw.rightlabels: no visible global function definition for
     ‘text’
    stackplot : find.leftlabelpos: no visible global function definition
     for ‘par’
    stackplot : draw.leftlabels: no visible global function definition for
     ‘text’
    stackplot : coercetomatrix: no visible global function definition for
     ‘start’
    stackplot : coercetomatrix: no visible global function definition for
     ‘end’
    stackplot: no visible global function definition for ‘plot’
    stackplot: no visible global function definition for ‘axis’
    stackplot: no visible global function definition for ‘axTicks’
    stackplot: no visible global function definition for ‘abline’
    stackplot: no visible global function definition for ‘par’
Flavors: r-devel-linux-x86_64-debian-clang, r-devel-linux-x86_64-debian-gcc, r-devel-linux-x86_64-fedora-gcc

Version: 0.3-0
Check: R code for possible problems
Result: NOTE
    figure108.wt.filter : draw.leftlabels: no visible global function
     definition for ‘text’
    figure108.wt.filter: no visible global function definition for ‘plot’
    figure108.wt.filter: no visible global function definition for ‘axis’
    figure108.wt.filter: no visible global function definition for ‘par’
    figure108.wt.filter: no visible global function definition for ‘abline’
    figure108.wt.filter: no visible global function definition for
     ‘segments’
    figure108.wt.filter: no visible global function definition for ‘points’
    figure98.wt.filter : draw.leftlabels: no visible global function
     definition for ‘text’
    figure98.wt.filter: no visible global function definition for ‘plot’
    figure98.wt.filter: no visible global function definition for ‘par’
    figure98.wt.filter: no visible global function definition for ‘axis’
    figure98.wt.filter: no visible global function definition for ‘axTicks’
    figure98.wt.filter: no visible global function definition for ‘lines’
    figure98.wt.filter: no visible global function definition for ‘abline’
    plot.dwt : stackplot.dwt : innerplot: no visible global function
     definition for ‘plot’
    plot.dwt : stackplot.dwt : innerplot: no visible global function
     definition for ‘axis’
    plot.dwt : stackplot.dwt : innerplot: no visible global function
     definition for ‘axTicks’
    plot.dwt : stackplot.dwt : innerplot: no visible global function
     definition for ‘par’
    plot.dwt : stackplot.dwt: no visible global function definition for
     ‘layout’
    plot.dwt : stackplot.dwt: no visible global function definition for
     ‘par’
    plot.dwt : stackplot.dwt: no visible global function definition for
     ‘text’
    plot.dwt : stackplot.dwt: no visible global function definition for
     ‘mtext’
    plot.dwt.multiple : inner.plot.level: no visible global function
     definition for ‘lines’
    plot.dwt.multiple : inner.plot : draw.dash: no visible global function
     definition for ‘abline’
    plot.dwt.multiple : inner.plot : draw.level.labels: no visible global
     function definition for ‘mtext’
    plot.dwt.multiple : inner.plot: no visible global function definition
     for ‘plot’
    plot.dwt.multiple : inner.plot: no visible global function definition
     for ‘axis’
    plot.dwt.multiple : inner.plot: no visible global function definition
     for ‘mtext’
    plot.dwt.multiple : inner.plot: no visible global function definition
     for ‘par’
    plot.dwt.multiple: no visible global function definition for ‘par’
    plot.modwt : stackplot.modwt : innerplot: no visible global function
     definition for ‘plot’
    plot.modwt : stackplot.modwt : innerplot: no visible global function
     definition for ‘axis’
    plot.modwt : stackplot.modwt : innerplot: no visible global function
     definition for ‘axTicks’
    plot.modwt : stackplot.modwt : innerplot: no visible global function
     definition for ‘par’
    plot.modwt : stackplot.modwt: no visible global function definition for
     ‘layout’
    plot.modwt : stackplot.modwt: no visible global function definition for
     ‘par’
    plot.modwt : stackplot.modwt: no visible global function definition for
     ‘text’
    plot.modwt : stackplot.modwt: no visible global function definition for
     ‘mtext’
    squaredgain.wt.filter: no visible global function definition for ‘fft’
    squaredgain.wt.filter: no visible global function definition for ‘plot’
    squaredgain.wt.filter: no visible global function definition for
     ‘abline’
    stackplot : innerstackplot: no visible global function definition for
     ‘plot’
    stackplot : innerstackplot: no visible global function definition for
     ‘segments’
    stackplot : innerstackplot: no visible global function definition for
     ‘lines’
    stackplot : find.rightlabelpos: no visible global function definition
     for ‘par’
    stackplot : draw.rightlabels: no visible global function definition for
     ‘text’
    stackplot : find.leftlabelpos: no visible global function definition
     for ‘par’
    stackplot : draw.leftlabels: no visible global function definition for
     ‘text’
    stackplot : coercetomatrix: no visible global function definition for
     ‘start’
    stackplot : coercetomatrix: no visible global function definition for
     ‘end’
    stackplot: no visible global function definition for ‘plot’
    stackplot: no visible global function definition for ‘axis’
    stackplot: no visible global function definition for ‘axTicks’
    stackplot: no visible global function definition for ‘abline’
    stackplot: no visible global function definition for ‘par’
    Undefined global functions or variables:
     abline axTicks axis end fft layout lines mtext par plot points
     segments start text
Flavor: r-devel-linux-x86_64-fedora-clang