CRAN Package Check Results for Package waveslim

Last updated on 2014-10-25 11:48:51.

Flavor Version Tinstall Tcheck Ttotal Status Flags
r-devel-linux-x86_64-debian-clang 1.7.3 2.53 31.56 34.08 OK
r-devel-linux-x86_64-debian-gcc 1.7.3 2.51 31.86 34.38 OK
r-devel-linux-x86_64-fedora-clang 1.7.3 65.75 OK
r-devel-linux-x86_64-fedora-gcc 1.7.3 62.01 OK
r-devel-osx-x86_64-clang 1.7.3 58.96 OK
r-devel-windows-ix86+x86_64 1.7.3 12.00 64.00 76.00 OK
r-patched-linux-x86_64 1.7.3 2.56 33.06 35.62 OK
r-patched-solaris-sparc 1.7.3 380.40 OK
r-patched-solaris-x86 1.7.3 86.50 OK
r-release-linux-ix86 1.7.3 3.37 43.11 46.48 OK
r-release-linux-x86_64 1.7.3 2.47 31.59 34.06 OK
r-release-osx-x86_64-mavericks 1.7.3 NOTE
r-release-osx-x86_64-snowleopard 1.7.3 OK
r-release-windows-ix86+x86_64 1.7.3 15.00 84.00 99.00 OK
r-oldrel-windows-ix86+x86_64 1.7.3 12.00 62.00 74.00 OK

Check Details

Version: 1.7.3
Check: package dependencies
Result: NOTE
    Package suggested but not available for checking: ‘fftw’
Flavor: r-release-osx-x86_64-mavericks