CRAN Package Check Results for Package waveslim

Last updated on 2015-03-05 06:46:54.

Flavor Version Tinstall Tcheck Ttotal Status Flags
r-devel-linux-x86_64-debian-clang 1.7.5 2.60 30.90 33.50 NOTE
r-devel-linux-x86_64-debian-gcc 1.7.5 2.30 30.79 33.08 NOTE
r-devel-linux-x86_64-fedora-clang 1.7.5 62.77 NOTE
r-devel-linux-x86_64-fedora-gcc 1.7.5 60.59 NOTE
r-devel-osx-x86_64-clang 1.7.5 61.67 NOTE
r-devel-windows-ix86+x86_64 1.7.5 20.00 71.00 91.00 OK
r-patched-linux-x86_64 1.7.5 2.40 33.88 36.27 OK
r-patched-solaris-sparc 1.7.5 421.50 OK
r-patched-solaris-x86 1.7.5 88.80 OK
r-release-linux-ix86 1.7.5 4.13 42.16 46.29 OK
r-release-linux-x86_64 1.7.5 2.46 33.08 35.53 OK
r-release-osx-x86_64-mavericks 1.7.5 NOTE
r-release-osx-x86_64-snowleopard 1.7.5 OK
r-release-windows-ix86+x86_64 1.7.5 12.00 63.00 75.00 OK
r-oldrel-windows-ix86+x86_64 1.7.5 12.00 73.00 85.00 OK

Check Details

Version: 1.7.5
Check: S3 generic/method consistency
Result: NOTE
    Found the following apparent S3 methods exported but not registered:
     plot.dwt.2d
    See section ‘Registering S3 methods’ in the ‘Writing R Extensions’
    manual.
Flavors: r-devel-linux-x86_64-debian-clang, r-devel-linux-x86_64-debian-gcc, r-devel-linux-x86_64-fedora-clang, r-devel-linux-x86_64-fedora-gcc, r-devel-osx-x86_64-clang

Version: 1.7.5
Check: package dependencies
Result: NOTE
    Package suggested but not available for checking: ‘fftw’
Flavor: r-release-osx-x86_64-mavericks