CRAN Package Check Results for Package waveslim

Last updated on 2014-07-23 08:49:57.

Flavor Version Tinstall Tcheck Ttotal Status Flags
r-devel-linux-x86_64-debian-clang 1.7.3 2.28 30.98 33.27 OK
r-devel-linux-x86_64-debian-gcc 1.7.3 2.46 31.38 33.84 OK
r-devel-linux-x86_64-fedora-clang 1.7.3 66.82 OK
r-devel-linux-x86_64-fedora-gcc 1.7.3 63.24 OK
r-devel-osx-x86_64-clang 1.7.3 55.84 OK
r-devel-windows-ix86+x86_64 1.7.3 13.00 72.00 85.00 OK
r-patched-linux-x86_64 1.7.3 2.34 30.88 33.22 OK
r-patched-solaris-sparc 1.7.3 388.10 OK
r-patched-solaris-x86 1.7.3 82.50 OK
r-release-linux-ix86 1.7.3 3.50 41.76 45.26 OK
r-release-linux-x86_64 1.7.3 2.42 31.17 33.59 OK
r-release-osx-x86_64-mavericks 1.7.3 NOTE
r-release-osx-x86_64-snowleopard 1.7.3 OK
r-release-windows-ix86+x86_64 1.7.3 15.00 84.00 99.00 OK
r-oldrel-windows-ix86+x86_64 1.7.3 12.00 62.00 74.00 OK

Check Details

Version: 1.7.3
Check: package dependencies
Result: NOTE
    Package suggested but not available for checking: ‘fftw’
Flavor: r-release-osx-x86_64-mavericks