CRAN Package Check Results for Package waveslim

Last updated on 2014-08-01 14:47:34.

Flavor Version Tinstall Tcheck Ttotal Status Flags
r-devel-linux-x86_64-debian-clang 1.7.3 2.20 30.58 32.78 OK
r-devel-linux-x86_64-debian-gcc 1.7.3 2.42 30.96 33.38 OK
r-devel-linux-x86_64-fedora-clang 1.7.3 67.72 OK
r-devel-linux-x86_64-fedora-gcc 1.7.3 61.88 OK
r-devel-osx-x86_64-clang 1.7.3 57.33 OK
r-devel-windows-ix86+x86_64 1.7.3 12.00 66.00 78.00 OK
r-patched-linux-x86_64 1.7.3 2.31 30.88 33.19 OK
r-patched-solaris-sparc 1.7.3 380.40 OK
r-patched-solaris-x86 1.7.3 81.50 OK
r-release-linux-ix86 1.7.3 3.42 41.31 44.73 OK
r-release-linux-x86_64 1.7.3 2.43 31.04 33.46 OK
r-release-osx-x86_64-mavericks 1.7.3 NOTE
r-release-osx-x86_64-snowleopard 1.7.3 OK
r-release-windows-ix86+x86_64 1.7.3 15.00 84.00 99.00 OK
r-oldrel-windows-ix86+x86_64 1.7.3 12.00 62.00 74.00 OK

Check Details

Version: 1.7.3
Check: package dependencies
Result: NOTE
    Package suggested but not available for checking: fftw
Flavor: r-release-osx-x86_64-mavericks