CRAN Package Check Results for Package waveslim

Last updated on 2014-09-22 21:47:20.

Flavor Version Tinstall Tcheck Ttotal Status Flags
r-devel-linux-x86_64-debian-clang 1.7.3 2.40 30.06 32.45 OK
r-devel-linux-x86_64-debian-gcc 1.7.3 2.30 30.15 32.45 OK
r-devel-linux-x86_64-fedora-clang 1.7.3 63.74 OK
r-devel-linux-x86_64-fedora-gcc 1.7.3 59.09 OK
r-devel-osx-x86_64-clang 1.7.3 54.02 OK
r-devel-windows-ix86+x86_64 1.7.3 12.00 64.00 76.00 OK
r-patched-linux-x86_64 1.7.3 2.42 31.35 33.77 OK
r-patched-solaris-sparc 1.7.3 380.40 OK
r-patched-solaris-x86 1.7.3 84.30 OK
r-release-linux-ix86 1.7.3 3.40 43.28 46.68 OK
r-release-linux-x86_64 1.7.3 2.42 31.79 34.21 OK
r-release-osx-x86_64-mavericks 1.7.3 NOTE
r-release-osx-x86_64-snowleopard 1.7.3 OK
r-release-windows-ix86+x86_64 1.7.3 15.00 84.00 99.00 OK
r-oldrel-windows-ix86+x86_64 1.7.3 12.00 62.00 74.00 OK

Check Details

Version: 1.7.3
Check: package dependencies
Result: NOTE
    Package suggested but not available for checking: ‘fftw’
Flavor: r-release-osx-x86_64-mavericks