CRAN Package Check Results for Package waveslim

Last updated on 2015-05-24 10:47:16.

Flavor Version Tinstall Tcheck Ttotal Status Flags
r-devel-linux-x86_64-debian-clang 1.7.5 2.35 30.80 33.15 NOTE
r-devel-linux-x86_64-debian-gcc 1.7.5 2.39 30.86 33.25 NOTE
r-devel-linux-x86_64-fedora-clang 1.7.5 62.04 NOTE
r-devel-linux-x86_64-fedora-gcc 1.7.5 60.06 NOTE
r-devel-osx-x86_64-clang 1.7.5 57.91 NOTE
r-devel-windows-ix86+x86_64 1.7.5 13.00 71.00 84.00 OK
r-patched-linux-x86_64 1.7.5 2.44 30.68 33.12 NOTE
r-patched-solaris-sparc 1.7.5 386.10 NOTE
r-patched-solaris-x86 1.7.5 81.40 NOTE
r-release-linux-x86_64 1.7.5 2.42 31.16 33.58 NOTE
r-release-osx-x86_64-mavericks 1.7.5 NOTE
r-release-osx-x86_64-snowleopard 1.7.5 OK
r-release-windows-ix86+x86_64 1.7.5 10.00 81.00 91.00 OK
r-oldrel-windows-ix86+x86_64 1.7.5 17.00 76.00 93.00 OK

Check Details

Version: 1.7.5
Check: S3 generic/method consistency
Result: NOTE
    Found the following apparent S3 methods exported but not registered:
     plot.dwt.2d
    See section ‘Registering S3 methods’ in the ‘Writing R Extensions’
    manual.
Flavors: r-devel-linux-x86_64-debian-clang, r-devel-linux-x86_64-debian-gcc, r-devel-linux-x86_64-fedora-clang, r-devel-linux-x86_64-fedora-gcc, r-devel-osx-x86_64-clang, r-patched-linux-x86_64, r-patched-solaris-sparc, r-patched-solaris-x86, r-release-linux-x86_64

Version: 1.7.5
Check: package dependencies
Result: NOTE
    Package suggested but not available for checking: ‘fftw’
Flavor: r-release-osx-x86_64-mavericks