CRAN Package Check Results for Package waveslim

Last updated on 2022-05-25 21:53:15 CEST.

Flavor Version Tinstall Tcheck Ttotal Status Flags
r-devel-linux-x86_64-debian-clang 1.8.2 12.53 81.33 93.86 NOTE
r-devel-linux-x86_64-debian-gcc 1.8.2 8.39 62.16 70.55 NOTE
r-devel-linux-x86_64-fedora-clang 1.8.2 110.19 OK
r-devel-linux-x86_64-fedora-gcc 1.8.2 98.89 OK
r-devel-windows-x86_64 1.8.2 73.00 100.00 173.00 OK
r-patched-linux-x86_64 1.8.2 10.45 77.53 87.98 OK
r-release-linux-x86_64 1.8.2 OK
r-release-macos-arm64 1.8.2 32.00 OK
r-release-macos-x86_64 1.8.2 51.00 OK
r-release-windows-x86_64 1.8.2 86.00 100.00 186.00 OK
r-oldrel-macos-arm64 1.8.2 43.00 OK
r-oldrel-macos-x86_64 1.8.2 64.00 OK
r-oldrel-windows-ix86+x86_64 1.8.2 25.00 121.00 146.00 OK

Check Details

Version: 1.8.2
Check: HTML version of manual
Result: NOTE
    Found the following problems:
    mra.2d.Rd:98:38: Warning: nested emphasis <code>
    mra.2d.Rd:102:38: Warning: nested emphasis <code>
Flavors: r-devel-linux-x86_64-debian-clang, r-devel-linux-x86_64-debian-gcc