CRAN Package Check Results for Package waveslim

Last updated on 2015-02-01 23:49:10.

Flavor Version Tinstall Tcheck Ttotal Status Flags
r-devel-linux-x86_64-debian-clang 1.7.5 2.47 30.84 33.32 NOTE
r-devel-linux-x86_64-debian-gcc 1.7.5 2.46 31.24 33.69 NOTE
r-devel-linux-x86_64-fedora-clang 1.7.5 62.64 NOTE
r-devel-linux-x86_64-fedora-gcc 1.7.5 60.49 NOTE
r-devel-osx-x86_64-clang 1.7.5 67.32 NOTE
r-devel-windows-ix86+x86_64 1.7.5 13.00 64.00 77.00 OK
r-patched-linux-x86_64 1.7.5 2.41 33.77 36.18 OK
r-patched-solaris-sparc 1.7.5 373.80 OK
r-patched-solaris-x86 1.7.5 87.30 OK
r-release-linux-ix86 1.7.5 3.26 42.08 45.34 OK
r-release-linux-x86_64 1.7.5 2.50 34.87 37.36 OK
r-release-osx-x86_64-mavericks 1.7.5 NOTE
r-release-osx-x86_64-snowleopard 1.7.5 OK
r-release-windows-ix86+x86_64 1.7.5 12.00 63.00 75.00 OK
r-oldrel-windows-ix86+x86_64 1.7.5 12.00 73.00 85.00 OK

Check Details

Version: 1.7.5
Check: S3 generic/method consistency
Result: NOTE
    Found the following apparent S3 methods exported but not registered:
     plot.dwt.2d
    See section ‘Registering S3 methods’ in the ‘Writing R Extensions’
    manual.
Flavors: r-devel-linux-x86_64-debian-clang, r-devel-linux-x86_64-debian-gcc, r-devel-linux-x86_64-fedora-clang, r-devel-linux-x86_64-fedora-gcc, r-devel-osx-x86_64-clang

Version: 1.7.5
Check: package dependencies
Result: NOTE
    Package suggested but not available for checking: ‘fftw’
Flavor: r-release-osx-x86_64-mavericks