CRAN Package Check Results for Package waveslim

Last updated on 2014-11-23 01:48:18.

Flavor Version Tinstall Tcheck Ttotal Status Flags
r-devel-linux-x86_64-debian-clang 1.7.3 2.64 31.49 34.13 OK
r-devel-linux-x86_64-debian-gcc 1.7.3 2.54 34.97 37.51 OK
r-devel-linux-x86_64-fedora-clang 1.7.3 66.72 OK
r-devel-linux-x86_64-fedora-gcc 1.7.3 63.45 OK
r-devel-osx-x86_64-clang 1.7.3 56.64 OK
r-devel-windows-ix86+x86_64 1.7.3 13.00 63.00 76.00 OK
r-patched-linux-x86_64 1.7.3 2.42 33.81 36.23 OK
r-patched-solaris-sparc 1.7.3 380.40 OK
r-patched-solaris-x86 1.7.3 89.10 OK
r-release-linux-ix86 1.7.3 3.20 40.88 44.08 OK
r-release-linux-x86_64 1.7.3 2.37 32.91 35.28 OK
r-release-osx-x86_64-mavericks 1.7.3 NOTE
r-release-osx-x86_64-snowleopard 1.7.3 OK
r-release-windows-ix86+x86_64 1.7.3 12.00 89.00 101.00 OK
r-oldrel-windows-ix86+x86_64 1.7.3 12.00 62.00 74.00 OK

Check Details

Version: 1.7.3
Check: package dependencies
Result: NOTE
    Package suggested but not available for checking: ‘fftw’
Flavor: r-release-osx-x86_64-mavericks