CRAN Package Check Results for Package waveslim

Last updated on 2014-12-22 03:49:09.

Flavor Version Tinstall Tcheck Ttotal Status Flags
r-devel-linux-x86_64-debian-clang 1.7.3 2.48 32.50 34.98 OK
r-devel-linux-x86_64-debian-gcc 1.7.3 2.52 31.41 33.93 OK
r-devel-linux-x86_64-fedora-clang 1.7.3 69.56 OK
r-devel-linux-x86_64-fedora-gcc 1.7.3 63.52 OK
r-devel-osx-x86_64-clang 1.7.3 62.33 OK
r-devel-windows-ix86+x86_64 1.7.3 20.00 85.00 105.00 OK
r-patched-linux-x86_64 1.7.3 2.58 32.41 34.99 OK
r-patched-solaris-sparc 1.7.3 380.40 OK
r-patched-solaris-x86 1.7.3 87.40 OK
r-release-linux-ix86 1.7.3 3.24 42.77 46.01 OK
r-release-linux-x86_64 1.7.3 2.50 32.71 35.21 OK
r-release-osx-x86_64-mavericks 1.7.3 NOTE
r-release-osx-x86_64-snowleopard 1.7.3 OK
r-release-windows-ix86+x86_64 1.7.3 12.00 89.00 101.00 OK
r-oldrel-windows-ix86+x86_64 1.7.3 12.00 62.00 74.00 OK

Check Details

Version: 1.7.3
Check: package dependencies
Result: NOTE
    Package suggested but not available for checking: ‘fftw’
Flavor: r-release-osx-x86_64-mavericks