CRAN Package Check Results for Package waveslim

Last updated on 2014-04-24 15:50:50.

Flavor Version Tinstall Tcheck Ttotal Status Flags
r-devel-linux-x86_64-debian-clang 1.7.3 2.14 31.06 33.20 OK
r-devel-linux-x86_64-debian-gcc 1.7.3 2.39 31.88 34.28 OK
r-devel-linux-x86_64-fedora-clang 1.7.3 64.28 OK
r-devel-linux-x86_64-fedora-gcc 1.7.3 64.58 OK
r-devel-osx-x86_64-clang 1.7.3 53.50 OK
r-devel-osx-x86_64-gcc 1.7.3 OK
r-devel-windows-ix86+x86_64 1.7.3 12.00 65.00 77.00 OK
r-patched-linux-x86_64 1.7.3 2.54 32.12 34.66 OK
r-patched-solaris-sparc 1.7.3 388.10 OK
r-patched-solaris-x86 1.7.3 81.50 OK
r-release-linux-ix86 1.7.3 4.00 55.00 59.00 OK
r-release-linux-x86_64 1.7.3 2.46 32.39 34.85 OK
r-release-osx-x86_64-mavericks 1.7.3 WARN
r-release-osx-x86_64-snowleopard 1.7.3 OK
r-release-windows-ix86+x86_64 1.7.3 18.00 67.00 85.00 OK
r-oldrel-windows-ix86+x86_64 1.7.3 12.00 66.00 78.00 OK

Check Details

Version: 1.7.3
Check: package dependencies
Result: NOTE
    Package suggested but not available for checking: ‘fftw’
Flavor: r-release-osx-x86_64-mavericks

Version: 1.7.3
Check: PDF version of manual
Result: WARNING
    LaTeX errors when creating PDF version.
    This typically indicates Rd problems.
    LaTeX errors found:
    ! LaTeX Error: File `upquote.sty' not found.
    
    Type X to quit or <RETURN> to proceed,
    or enter new name. (Default extension: sty)
    
    dab549/Rd2.tex:8: ==> Fatal error occurred, no output PDF file produced!
Flavor: r-release-osx-x86_64-mavericks