CRAN Package Check Results for Package wavethresh

Last updated on 2021-12-06 09:53:45 CET.

Flavor Version Tinstall Tcheck Ttotal Status Flags
r-devel-linux-x86_64-debian-clang 4.6.8 28.88 120.72 149.60 OK
r-devel-linux-x86_64-debian-gcc 4.6.8 19.02 90.98 110.00 OK
r-devel-linux-x86_64-fedora-clang 4.6.8 201.90 NOTE
r-devel-linux-x86_64-fedora-gcc 4.6.8 168.00 NOTE
r-devel-windows-x86_64-new-UL 4.6.8 65.00 161.00 226.00 OK
r-devel-windows-x86_64-new-TK 4.6.8 OK
r-devel-windows-x86_64-old 4.6.8 41.00 101.00 142.00 OK
r-patched-linux-x86_64 4.6.8 28.02 109.28 137.30 OK
r-release-linux-x86_64 4.6.8 22.74 116.29 139.03 OK
r-release-macos-arm64 4.6.8 OK
r-release-macos-x86_64 4.6.8 OK
r-release-windows-ix86+x86_64 4.6.8 51.00 153.00 204.00 OK
r-oldrel-macos-x86_64 4.6.8 OK
r-oldrel-windows-ix86+x86_64 4.6.8 47.00 155.00 202.00 OK

Check Details

Version: 4.6.8
Check: compiled code
Result: NOTE
    File ‘wavethresh/libs/wavethresh.so’:
     Found no calls to: ‘R_registerRoutines’, ‘R_useDynamicSymbols’
    
    It is good practice to register native routines and to disable symbol
    search.
    
    See ‘Writing portable packages’ in the ‘Writing R Extensions’ manual.
Flavors: r-devel-linux-x86_64-fedora-clang, r-devel-linux-x86_64-fedora-gcc