CRAN Package Check Results for Package wbstats

Last updated on 2024-02-24 05:48:54 CET.

Flavor Version Tinstall Tcheck Ttotal Status Flags
r-devel-linux-x86_64-debian-clang 1.0.4 6.12 54.15 60.27 OK
r-devel-linux-x86_64-debian-gcc 1.0.4 5.05 40.97 46.02 OK
r-devel-linux-x86_64-fedora-clang 1.0.4 74.11 NOTE
r-devel-linux-x86_64-fedora-gcc 1.0.4 83.96 NOTE
r-devel-windows-x86_64 1.0.4 8.00 68.00 76.00 OK
r-patched-linux-x86_64 1.0.4 7.48 52.43 59.91 OK
r-release-linux-x86_64 1.0.4 4.46 51.65 56.11 OK
r-release-macos-arm64 1.0.4 35.00 OK
r-release-macos-x86_64 1.0.4 55.00 OK
r-release-windows-x86_64 1.0.4 9.00 73.00 82.00 OK
r-oldrel-macos-arm64 1.0.4 28.00 NOTE
r-oldrel-windows-x86_64 1.0.4 10.00 71.00 81.00 OK

Check Details

Version: 1.0.4
Check: data for non-ASCII characters
Result: NOTE Note: found 3133 marked UTF-8 strings Flavors: r-devel-linux-x86_64-fedora-clang, r-devel-linux-x86_64-fedora-gcc, r-oldrel-macos-arm64