CRAN Package Check Results for Package wccsom

Last updated on 2017-06-26 22:47:02.

Flavor Version Tinstall Tcheck Ttotal Status Flags
r-devel-linux-x86_64-debian-clang 1.2.11 2.53 20.49 23.02 NOTE
r-devel-linux-x86_64-debian-gcc 1.2.11 1.68 17.91 19.59 NOTE
r-devel-linux-x86_64-fedora-clang 1.2.11 39.63 NOTE
r-devel-linux-x86_64-fedora-gcc 1.2.11 36.86 NOTE
r-devel-windows-ix86+x86_64 1.2.11 11.00 82.00 93.00 OK
r-patched-linux-x86_64 1.2.11 1.76 19.95 21.71 NOTE
r-patched-solaris-sparc 1.2.11 242.90 OK
r-patched-solaris-x86 1.2.11 53.50 OK
r-release-linux-x86_64 1.2.11 1.81 20.53 22.34 NOTE
r-release-windows-ix86+x86_64 1.2.11 12.00 70.00 82.00 OK
r-release-osx-x86_64 1.2.11 OK
r-oldrel-windows-ix86+x86_64 1.2.11 8.00 68.00 76.00 OK
r-oldrel-osx-x86_64 1.2.11 OK

Check Details

Version: 1.2.11
Check: compiled code
Result: NOTE
    File ‘wccsom/libs/wccsom.so’:
     Found no calls to: ‘R_registerRoutines’, ‘R_useDynamicSymbols’
    
    It is good practice to register native routines and to disable symbol
    search.
    
    See ‘Writing portable packages’ in the ‘Writing R Extensions’ manual.
Flavors: r-devel-linux-x86_64-debian-clang, r-devel-linux-x86_64-debian-gcc, r-devel-linux-x86_64-fedora-clang, r-devel-linux-x86_64-fedora-gcc, r-patched-linux-x86_64, r-release-linux-x86_64