CRAN Package Check Results for Package wccsom

Last updated on 2014-04-24 11:48:58.

Flavor Version Tinstall Tcheck Ttotal Status Flags
r-devel-linux-x86_64-debian-clang 1.2.8 1.39 44.88 46.28 OK
r-devel-linux-x86_64-debian-gcc 1.2.8 1.48 38.14 39.62 OK
r-devel-linux-x86_64-fedora-clang 1.2.8 74.24 OK
r-devel-linux-x86_64-fedora-gcc 1.2.8 64.53 OK
r-devel-osx-x86_64-clang 1.2.8 62.99 OK
r-devel-osx-x86_64-gcc 1.2.8 OK
r-devel-windows-ix86+x86_64 1.2.8 5.00 88.00 93.00 OK
r-patched-linux-x86_64 1.2.8 1.42 38.07 39.49 OK
r-patched-solaris-sparc 1.2.8 521.00 OK
r-patched-solaris-x86 1.2.8 86.70 OK
r-release-linux-ix86 1.2.8 2.00 58.00 60.00 OK
r-release-linux-x86_64 1.2.8 1.38 38.72 40.10 OK
r-release-osx-x86_64-mavericks 1.2.8 WARN
r-release-osx-x86_64-snowleopard 1.2.8 OK
r-release-windows-ix86+x86_64 1.2.8 6.00 84.00 90.00 OK
r-oldrel-windows-ix86+x86_64 1.2.8 6.00 88.00 94.00 OK

Check Details

Version: 1.2.8
Check: PDF version of manual
Result: WARNING
    LaTeX errors when creating PDF version.
    This typically indicates Rd problems.
    LaTeX errors found:
    ! LaTeX Error: File `upquote.sty' not found.
    
    Type X to quit or <RETURN> to proceed,
    or enter new name. (Default extension: sty)
    
    ef3824f/Rd2.tex:8: ==> Fatal error occurred, no output PDF file produced!
Flavor: r-release-osx-x86_64-mavericks