CRAN Package Check Results for Package wccsom

Last updated on 2017-02-20 20:48:25.

Flavor Version Tinstall Tcheck Ttotal Status Flags
r-devel-linux-x86_64-debian-clang 1.2.11 2.13 17.01 19.14 NOTE
r-devel-linux-x86_64-debian-gcc 1.2.11 1.43 17.14 18.57 NOTE
r-devel-linux-x86_64-fedora-clang 1.2.11 31.22 NOTE --no-stop-on-test-error
r-devel-linux-x86_64-fedora-gcc 1.2.11 29.69 NOTE --no-stop-on-test-error
r-devel-macos-x86_64-clang 1.2.11 27.32 NOTE --no-stop-on-test-error
r-devel-windows-ix86+x86_64 1.2.11 7.00 45.00 52.00 OK
r-patched-linux-x86_64 1.2.11 1.28 15.01 16.29 OK
r-patched-solaris-sparc 1.2.11 183.20 OK
r-patched-solaris-x86 1.2.11 38.60 OK
r-release-linux-x86_64 1.2.11 1.26 15.39 16.65 OK
r-release-osx-x86_64-mavericks 1.2.11 OK
r-release-windows-ix86+x86_64 1.2.11 7.00 44.00 51.00 OK
r-oldrel-windows-ix86+x86_64 1.2.11 7.00 55.00 62.00 OK

Check Details

Version: 1.2.11
Check: compiled code
Result: NOTE
    File ‘wccsom/libs/wccsom.so’:
     Found no calls to: ‘R_registerRoutines’, ‘R_useDynamicSymbols’
    
    It is good practice to register native routines and to disable symbol
    search.
    
    See ‘Writing portable packages’ in the ‘Writing R Extensions’ manual.
Flavors: r-devel-linux-x86_64-debian-clang, r-devel-linux-x86_64-debian-gcc

Version: 1.2.11
Flags: --no-stop-on-test-error
Check: compiled code
Result: NOTE
    File ‘wccsom/libs/wccsom.so’:
     Found no calls to: ‘R_registerRoutines’, ‘R_useDynamicSymbols’
    
    It is good practice to register native routines and to disable symbol
    search.
    
    See ‘Writing portable packages’ in the ‘Writing R Extensions’ manual.
Flavors: r-devel-linux-x86_64-fedora-clang, r-devel-linux-x86_64-fedora-gcc, r-devel-macos-x86_64-clang