CRAN Package Check Results for Package wccsom

Last updated on 2017-03-27 17:48:00.

Flavor Version Tinstall Tcheck Ttotal Status Flags
r-devel-linux-x86_64-debian-clang 1.2.11 2.59 20.77 23.36 NOTE
r-devel-linux-x86_64-debian-gcc 1.2.11 1.73 20.29 22.02 NOTE
r-devel-linux-x86_64-fedora-clang 1.2.11 39.23 NOTE --no-stop-on-test-error
r-devel-linux-x86_64-fedora-gcc 1.2.11 36.17 NOTE --no-stop-on-test-error
r-devel-macos-x86_64-clang 1.2.11 32.25 NOTE --no-stop-on-test-error
r-devel-windows-ix86+x86_64 1.2.11 8.00 68.00 76.00 OK
r-patched-linux-x86_64 1.2.11 1.68 19.99 21.67 NOTE
r-patched-solaris-sparc 1.2.11 242.90 OK
r-patched-solaris-x86 1.2.11 54.70 OK
r-release-linux-x86_64 1.2.11 1.68 18.17 19.86 OK
r-release-osx-x86_64-mavericks 1.2.11 OK
r-release-windows-ix86+x86_64 1.2.11 11.00 44.00 55.00 OK
r-oldrel-windows-ix86+x86_64 1.2.11 7.00 45.00 52.00 OK

Check Details

Version: 1.2.11
Check: compiled code
Result: NOTE
    File ‘wccsom/libs/wccsom.so’:
     Found no calls to: ‘R_registerRoutines’, ‘R_useDynamicSymbols’
    
    It is good practice to register native routines and to disable symbol
    search.
    
    See ‘Writing portable packages’ in the ‘Writing R Extensions’ manual.
Flavors: r-devel-linux-x86_64-debian-clang, r-devel-linux-x86_64-debian-gcc, r-patched-linux-x86_64

Version: 1.2.11
Flags: --no-stop-on-test-error
Check: compiled code
Result: NOTE
    File ‘wccsom/libs/wccsom.so’:
     Found no calls to: ‘R_registerRoutines’, ‘R_useDynamicSymbols’
    
    It is good practice to register native routines and to disable symbol
    search.
    
    See ‘Writing portable packages’ in the ‘Writing R Extensions’ manual.
Flavors: r-devel-linux-x86_64-fedora-clang, r-devel-linux-x86_64-fedora-gcc, r-devel-macos-x86_64-clang