CRAN Package Check Results for Package wccsom

Last updated on 2017-08-23 09:47:43.

Flavor Version Tinstall Tcheck Ttotal Status Flags
r-devel-linux-x86_64-debian-clang 1.2.11 2.62 21.27 23.89 NOTE
r-devel-linux-x86_64-debian-gcc 1.2.11 1.64 20.00 21.64 NOTE
r-devel-linux-x86_64-fedora-clang 1.2.11 41.04 NOTE
r-devel-linux-x86_64-fedora-gcc 1.2.11 36.87 NOTE
r-devel-windows-ix86+x86_64 1.2.11 8.00 68.00 76.00 OK
r-patched-linux-x86_64 1.2.11 1.68 20.69 22.36 NOTE
r-patched-solaris-x86 1.2.11 55.40 OK
r-release-linux-x86_64 1.2.11 1.69 20.40 22.09 NOTE
r-release-windows-ix86+x86_64 1.2.11 9.00 68.00 77.00 OK
r-release-osx-x86_64 1.2.11 OK
r-oldrel-windows-ix86+x86_64 1.2.11 12.00 65.00 77.00 OK
r-oldrel-osx-x86_64 1.2.11 OK

Check Details

Version: 1.2.11
Check: compiled code
Result: NOTE
    File ‘wccsom/libs/wccsom.so’:
     Found no calls to: ‘R_registerRoutines’, ‘R_useDynamicSymbols’
    
    It is good practice to register native routines and to disable symbol
    search.
    
    See ‘Writing portable packages’ in the ‘Writing R Extensions’ manual.
Flavors: r-devel-linux-x86_64-debian-clang, r-devel-linux-x86_64-debian-gcc, r-devel-linux-x86_64-fedora-clang, r-devel-linux-x86_64-fedora-gcc, r-patched-linux-x86_64, r-release-linux-x86_64