CRAN Package Check Results for Package weatherData

Last updated on 2017-05-27 20:46:40.

Flavor Version Tinstall Tcheck Ttotal Status Flags
r-devel-linux-x86_64-debian-clang 0.4.1 1.34 16.38 17.72 NOTE
r-devel-linux-x86_64-debian-gcc 0.4.1 1.37 16.95 18.32 NOTE
r-devel-linux-x86_64-fedora-clang 0.4.1 33.03 NOTE
r-devel-linux-x86_64-fedora-gcc 0.4.1 29.19 NOTE
r-devel-windows-ix86+x86_64 0.4.1 4.00 38.00 42.00 NOTE
r-patched-linux-x86_64 0.4.1 1.89 16.79 18.68 NOTE
r-patched-solaris-sparc 0.4.1 184.20 NOTE
r-patched-solaris-x86 0.4.1 43.60 NOTE
r-release-linux-x86_64 0.4.1 1.34 16.38 17.72 NOTE
r-release-windows-ix86+x86_64 0.4.1 5.00 41.00 46.00 NOTE
r-release-osx-x86_64 0.4.1 NOTE
r-oldrel-windows-ix86+x86_64 0.4.1 6.00 34.00 40.00 NOTE
r-oldrel-osx-x86_64 0.4.1 NOTE

Check Details

Version: 0.4.1
Check: R code for possible problems
Result: NOTE
    cleanAndSubsetDetailedData: no visible global function definition for
     ‘read.csv’
    cleanAndSubsetObtainedData: no visible global function definition for
     ‘read.csv’
    getStationCode: no visible binding for global variable
     ‘USAirportWeatherStations’
    getStationCode: no visible binding for global variable ‘IntlWxStations’
    getWeatherForDate: no visible global function definition for
     ‘write.csv’
    Undefined global functions or variables:
     IntlWxStations USAirportWeatherStations read.csv write.csv
    Consider adding
     importFrom("utils", "read.csv", "write.csv")
    to your NAMESPACE file.
Flavors: r-devel-linux-x86_64-debian-clang, r-devel-linux-x86_64-debian-gcc, r-devel-linux-x86_64-fedora-clang, r-devel-linux-x86_64-fedora-gcc, r-devel-windows-ix86+x86_64, r-patched-linux-x86_64, r-patched-solaris-sparc, r-patched-solaris-x86, r-release-linux-x86_64, r-release-windows-ix86+x86_64, r-release-osx-x86_64, r-oldrel-windows-ix86+x86_64, r-oldrel-osx-x86_64