CRAN Package Check Results for Package weatherData

Last updated on 2015-05-24 22:47:19.

Flavor Version Tinstall Tcheck Ttotal Status Flags
r-devel-linux-x86_64-debian-clang 0.4.1 1.26 14.08 15.35 NOTE
r-devel-linux-x86_64-debian-gcc 0.4.1 1.32 14.17 15.49 NOTE
r-devel-linux-x86_64-fedora-clang 0.4.1 29.70 NOTE
r-devel-linux-x86_64-fedora-gcc 0.4.1 29.58 NOTE
r-devel-osx-x86_64-clang 0.4.1 31.91 NOTE
r-devel-windows-ix86+x86_64 0.4.1 4.00 23.00 27.00 NOTE
r-patched-linux-x86_64 0.4.1 1.26 14.38 15.64 NOTE
r-patched-solaris-sparc 0.4.1 177.10 NOTE
r-patched-solaris-x86 0.4.1 43.00 NOTE
r-release-linux-x86_64 0.4.1 1.24 14.19 15.42 NOTE
r-release-osx-x86_64-mavericks 0.4.1 NOTE
r-release-osx-x86_64-snowleopard 0.4.1 NOTE
r-release-windows-ix86+x86_64 0.4.1 4.00 26.00 30.00 NOTE
r-oldrel-windows-ix86+x86_64 0.4.1 5.00 26.00 31.00 NOTE

Check Details

Version: 0.4.1
Check: R code for possible problems
Result: NOTE
    getStationCode: no visible binding for global variable
     ‘USAirportWeatherStations’
    getStationCode: no visible binding for global variable ‘IntlWxStations’
Flavors: r-devel-linux-x86_64-debian-clang, r-devel-linux-x86_64-debian-gcc, r-devel-linux-x86_64-fedora-clang, r-devel-linux-x86_64-fedora-gcc, r-devel-osx-x86_64-clang, r-devel-windows-ix86+x86_64, r-patched-linux-x86_64, r-patched-solaris-sparc, r-patched-solaris-x86, r-release-linux-x86_64, r-release-osx-x86_64-mavericks, r-release-osx-x86_64-snowleopard, r-release-windows-ix86+x86_64, r-oldrel-windows-ix86+x86_64