CRAN Package Check Results for Package weatherData

Last updated on 2017-02-26 17:51:53.

Flavor Version Tinstall Tcheck Ttotal Status Flags
r-devel-linux-x86_64-debian-clang 0.4.1 1.36 16.18 17.53 NOTE
r-devel-linux-x86_64-debian-gcc 0.4.1 1.30 15.98 17.28 NOTE
r-devel-linux-x86_64-fedora-clang 0.4.1 28.95 NOTE --no-stop-on-test-error
r-devel-linux-x86_64-fedora-gcc 0.4.1 32.32 NOTE --no-stop-on-test-error
r-devel-macos-x86_64-clang 0.4.1 26.01 NOTE --no-stop-on-test-error
r-devel-windows-ix86+x86_64 0.4.1 6.00 54.00 60.00 NOTE
r-patched-linux-x86_64 0.4.1 1.31 14.37 15.69 NOTE
r-patched-solaris-sparc 0.4.1 173.10 NOTE
r-patched-solaris-x86 0.4.1 38.10 NOTE
r-release-linux-x86_64 0.4.1 1.25 13.79 15.04 NOTE
r-release-osx-x86_64-mavericks 0.4.1 NOTE
r-release-windows-ix86+x86_64 0.4.1 5.00 45.00 50.00 NOTE
r-oldrel-windows-ix86+x86_64 0.4.1 5.00 34.00 39.00 NOTE

Check Details

Version: 0.4.1
Check: R code for possible problems
Result: NOTE
    cleanAndSubsetDetailedData: no visible global function definition for
     ‘read.csv’
    cleanAndSubsetObtainedData: no visible global function definition for
     ‘read.csv’
    getStationCode: no visible binding for global variable
     ‘USAirportWeatherStations’
    getStationCode: no visible binding for global variable ‘IntlWxStations’
    getWeatherForDate: no visible global function definition for
     ‘write.csv’
    Undefined global functions or variables:
     IntlWxStations USAirportWeatherStations read.csv write.csv
    Consider adding
     importFrom("utils", "read.csv", "write.csv")
    to your NAMESPACE file.
Flavors: r-devel-linux-x86_64-debian-clang, r-devel-linux-x86_64-debian-gcc, r-devel-windows-ix86+x86_64, r-patched-linux-x86_64, r-patched-solaris-sparc, r-patched-solaris-x86, r-release-linux-x86_64, r-release-osx-x86_64-mavericks, r-release-windows-ix86+x86_64

Version: 0.4.1
Flags: --no-stop-on-test-error
Check: R code for possible problems
Result: NOTE
    cleanAndSubsetDetailedData: no visible global function definition for
     ‘read.csv’
    cleanAndSubsetObtainedData: no visible global function definition for
     ‘read.csv’
    getStationCode: no visible binding for global variable
     ‘USAirportWeatherStations’
    getStationCode: no visible binding for global variable ‘IntlWxStations’
    getWeatherForDate: no visible global function definition for
     ‘write.csv’
    Undefined global functions or variables:
     IntlWxStations USAirportWeatherStations read.csv write.csv
    Consider adding
     importFrom("utils", "read.csv", "write.csv")
    to your NAMESPACE file.
Flavors: r-devel-linux-x86_64-fedora-clang, r-devel-linux-x86_64-fedora-gcc, r-devel-macos-x86_64-clang

Version: 0.4.1
Check: R code for possible problems
Result: NOTE
    getStationCode: no visible binding for global variable
     'USAirportWeatherStations'
    getStationCode: no visible binding for global variable 'IntlWxStations'
Flavor: r-oldrel-windows-ix86+x86_64