CRAN Package Check Results for Package weatherData

Last updated on 2017-03-30 19:48:18.

Flavor Version Tinstall Tcheck Ttotal Status Flags
r-devel-linux-x86_64-debian-clang 0.4.1 1.23 15.91 17.14 NOTE
r-devel-linux-x86_64-debian-gcc 0.4.1 1.39 16.17 17.56 NOTE
r-devel-linux-x86_64-fedora-clang 0.4.1 29.97 NOTE --no-stop-on-test-error
r-devel-linux-x86_64-fedora-gcc 0.4.1 29.01 NOTE --no-stop-on-test-error
r-devel-macos-x86_64-clang 0.4.1 26.02 NOTE --no-stop-on-test-error
r-devel-windows-ix86+x86_64 0.4.1 4.00 46.00 50.00 NOTE
r-patched-linux-x86_64 0.4.1 1.38 16.10 17.48 NOTE
r-patched-solaris-sparc 0.4.1 184.20 NOTE
r-release-linux-x86_64 0.4.1 1.23 13.74 14.97 NOTE
r-release-osx-x86_64-mavericks 0.4.1 NOTE
r-release-windows-ix86+x86_64 0.4.1 10.00 34.00 44.00 NOTE
r-oldrel-windows-ix86+x86_64 0.4.1 6.00 46.00 52.00 NOTE

Check Details

Version: 0.4.1
Check: R code for possible problems
Result: NOTE
    cleanAndSubsetDetailedData: no visible global function definition for
     ‘read.csv’
    cleanAndSubsetObtainedData: no visible global function definition for
     ‘read.csv’
    getStationCode: no visible binding for global variable
     ‘USAirportWeatherStations’
    getStationCode: no visible binding for global variable ‘IntlWxStations’
    getWeatherForDate: no visible global function definition for
     ‘write.csv’
    Undefined global functions or variables:
     IntlWxStations USAirportWeatherStations read.csv write.csv
    Consider adding
     importFrom("utils", "read.csv", "write.csv")
    to your NAMESPACE file.
Flavors: r-devel-linux-x86_64-debian-clang, r-devel-linux-x86_64-debian-gcc, r-devel-windows-ix86+x86_64, r-patched-linux-x86_64, r-patched-solaris-sparc, r-release-linux-x86_64, r-release-osx-x86_64-mavericks, r-release-windows-ix86+x86_64

Version: 0.4.1
Flags: --no-stop-on-test-error
Check: R code for possible problems
Result: NOTE
    cleanAndSubsetDetailedData: no visible global function definition for
     ‘read.csv’
    cleanAndSubsetObtainedData: no visible global function definition for
     ‘read.csv’
    getStationCode: no visible binding for global variable
     ‘USAirportWeatherStations’
    getStationCode: no visible binding for global variable ‘IntlWxStations’
    getWeatherForDate: no visible global function definition for
     ‘write.csv’
    Undefined global functions or variables:
     IntlWxStations USAirportWeatherStations read.csv write.csv
    Consider adding
     importFrom("utils", "read.csv", "write.csv")
    to your NAMESPACE file.
Flavors: r-devel-linux-x86_64-fedora-clang, r-devel-linux-x86_64-fedora-gcc, r-devel-macos-x86_64-clang

Version: 0.4.1
Check: R code for possible problems
Result: NOTE
    getStationCode: no visible binding for global variable
     'USAirportWeatherStations'
    getStationCode: no visible binding for global variable 'IntlWxStations'
Flavor: r-oldrel-windows-ix86+x86_64