CRAN Package Check Results for Package weatherData

Last updated on 2014-09-02 15:49:11.

Flavor Version Tinstall Tcheck Ttotal Status Flags
r-devel-linux-x86_64-debian-clang 0.4.1 1.63 15.05 16.68 NOTE
r-devel-linux-x86_64-debian-gcc 0.4.1 1.50 14.70 16.20 NOTE
r-devel-linux-x86_64-fedora-clang 0.4.1 35.44 NOTE
r-devel-linux-x86_64-fedora-gcc 0.4.1 32.16 NOTE
r-devel-osx-x86_64-clang 0.4.1 32.67 NOTE
r-devel-windows-ix86+x86_64 0.4.1 4.00 25.00 29.00 NOTE
r-patched-linux-x86_64 0.4.1 1.54 15.42 16.96 OK
r-patched-solaris-sparc 0.4.1 204.50 OK
r-patched-solaris-x86 0.4.1 49.10 OK
r-release-linux-ix86 0.4.1 2.10 21.80 23.89 OK
r-release-linux-x86_64 0.4.1 1.57 15.68 17.24 OK
r-release-osx-x86_64-mavericks 0.4.1 OK
r-release-osx-x86_64-snowleopard 0.4.1 OK
r-release-windows-ix86+x86_64 0.4.1 5.00 26.00 31.00 OK
r-oldrel-windows-ix86+x86_64 0.4.1 5.00 27.00 32.00 OK

Check Details

Version: 0.4.1
Check: R code for possible problems
Result: NOTE
    getStationCode: no visible binding for global variable
     ‘USAirportWeatherStations’
    getStationCode: no visible binding for global variable ‘IntlWxStations’
Flavors: r-devel-linux-x86_64-debian-clang, r-devel-linux-x86_64-debian-gcc, r-devel-linux-x86_64-fedora-clang, r-devel-linux-x86_64-fedora-gcc, r-devel-osx-x86_64-clang, r-devel-windows-ix86+x86_64