CRAN Package Check Results for Package weatherData

Last updated on 2016-09-27 23:49:26.

Flavor Version Tinstall Tcheck Ttotal Status Flags
r-devel-linux-x86_64-debian-clang 0.4.1 1.24 14.05 15.29 NOTE
r-devel-linux-x86_64-debian-gcc 0.4.1 1.31 13.82 15.13 NOTE
r-devel-linux-x86_64-fedora-clang 0.4.1 22.39 NOTE
r-devel-linux-x86_64-fedora-gcc 0.4.1 25.33 NOTE
r-devel-macos-x86_64-clang 0.4.1 22.91 NOTE
r-devel-windows-ix86+x86_64 0.4.1 6.00 44.00 50.00 NOTE
r-patched-linux-x86_64 0.4.1 1.24 13.93 15.17 NOTE
r-patched-solaris-sparc 0.4.1 174.40 NOTE
r-patched-solaris-x86 0.4.1 38.30 NOTE
r-release-linux-x86_64 0.4.1 1.23 14.21 15.43 NOTE
r-release-osx-x86_64-mavericks 0.4.1 NOTE
r-release-windows-ix86+x86_64 0.4.1 5.00 31.00 36.00 NOTE
r-oldrel-windows-ix86+x86_64 0.4.1 6.00 45.00 51.00 NOTE

Check Details

Version: 0.4.1
Check: R code for possible problems
Result: NOTE
    cleanAndSubsetDetailedData: no visible global function definition for
     ‘read.csv’
    cleanAndSubsetObtainedData: no visible global function definition for
     ‘read.csv’
    getStationCode: no visible binding for global variable
     ‘USAirportWeatherStations’
    getStationCode: no visible binding for global variable ‘IntlWxStations’
    getWeatherForDate: no visible global function definition for
     ‘write.csv’
    Undefined global functions or variables:
     IntlWxStations USAirportWeatherStations read.csv write.csv
    Consider adding
     importFrom("utils", "read.csv", "write.csv")
    to your NAMESPACE file.
Flavors: r-devel-linux-x86_64-debian-clang, r-devel-linux-x86_64-debian-gcc, r-devel-linux-x86_64-fedora-clang, r-devel-linux-x86_64-fedora-gcc, r-devel-macos-x86_64-clang, r-devel-windows-ix86+x86_64, r-patched-linux-x86_64, r-patched-solaris-sparc, r-patched-solaris-x86, r-release-linux-x86_64, r-release-osx-x86_64-mavericks, r-release-windows-ix86+x86_64

Version: 0.4.1
Check: R code for possible problems
Result: NOTE
    getStationCode: no visible binding for global variable
     'USAirportWeatherStations'
    getStationCode: no visible binding for global variable 'IntlWxStations'
Flavor: r-oldrel-windows-ix86+x86_64