CRAN Package Check Results for Package weatherData

Last updated on 2014-10-24 11:47:30.

Flavor Version Tinstall Tcheck Ttotal Status Flags
r-devel-linux-x86_64-debian-clang 0.4.1 1.58 16.04 17.62 NOTE
r-devel-linux-x86_64-debian-gcc 0.4.1 1.55 16.26 17.81 NOTE
r-devel-linux-x86_64-fedora-clang 0.4.1 35.39 NOTE
r-devel-linux-x86_64-fedora-gcc 0.4.1 32.44 NOTE
r-devel-osx-x86_64-clang 0.4.1 34.17 NOTE
r-devel-windows-ix86+x86_64 0.4.1 4.00 23.00 27.00 NOTE
r-patched-linux-x86_64 0.4.1 1.72 16.35 18.07 NOTE
r-patched-solaris-sparc 0.4.1 271.50 NOTE
r-patched-solaris-x86 0.4.1 49.30 NOTE
r-release-linux-ix86 0.4.1 2.11 23.60 25.71 OK
r-release-linux-x86_64 0.4.1 1.64 15.82 17.46 OK
r-release-osx-x86_64-mavericks 0.4.1 OK
r-release-osx-x86_64-snowleopard 0.4.1 OK
r-release-windows-ix86+x86_64 0.4.1 4.00 25.00 29.00 OK
r-oldrel-windows-ix86+x86_64 0.4.1 5.00 26.00 31.00 OK

Check Details

Version: 0.4.1
Check: R code for possible problems
Result: NOTE
    getStationCode: no visible binding for global variable
     ‘USAirportWeatherStations’
    getStationCode: no visible binding for global variable ‘IntlWxStations’
Flavors: r-devel-linux-x86_64-debian-clang, r-devel-linux-x86_64-debian-gcc, r-devel-linux-x86_64-fedora-clang, r-devel-linux-x86_64-fedora-gcc, r-devel-osx-x86_64-clang, r-devel-windows-ix86+x86_64, r-patched-linux-x86_64, r-patched-solaris-sparc, r-patched-solaris-x86