CRAN Package Check Results for Package weatherData

Last updated on 2017-07-20 19:48:25.

Flavor Version Tinstall Tcheck Ttotal Status Flags
r-devel-linux-x86_64-debian-clang 0.5.0 1.71 24.39 26.10 OK
r-devel-linux-x86_64-debian-gcc 0.5.0 1.74 24.59 26.33 OK
r-devel-linux-x86_64-fedora-clang 0.5.0 32.27 OK
r-devel-linux-x86_64-fedora-gcc 0.5.0 31.13 OK
r-devel-windows-ix86+x86_64 0.5.0 7.00 6.00 13.00 ERROR
r-patched-linux-x86_64 0.5.0 1.70 24.05 25.76 OK
r-patched-solaris-x86 0.5.0 46.90 OK
r-release-linux-x86_64 0.5.0 1.67 24.11 25.78 OK
r-release-windows-ix86+x86_64 0.5.0 5.00 53.00 58.00 OK
r-release-osx-x86_64 0.5.0 OK
r-oldrel-windows-ix86+x86_64 0.5.0 7.00 44.00 51.00 OK
r-oldrel-osx-x86_64 0.5.0 OK

Check Details

Version: 0.5.0
Check: whether the package can be loaded
Result: ERROR
    Loading this package had a fatal error status code 1
    Loading log:
    Error: package or namespace load failed for 'weatherData' in FUN(X[[i]], ...):
     no such symbol R_windows_build in package d:/RCompile/CRANpkg/lib/3.5/curl/libs/x64/curl.dll
    Execution halted
Flavor: r-devel-windows-ix86+x86_64