CRAN Package Check Results for Package weatherData

Last updated on 2015-01-30 17:52:10.

Flavor Version Tinstall Tcheck Ttotal Status Flags
r-devel-linux-x86_64-debian-clang 0.4.1 1.68 14.94 16.62 NOTE
r-devel-linux-x86_64-debian-gcc 0.4.1 1.36 14.41 15.77 NOTE
r-devel-linux-x86_64-fedora-clang 0.4.1 35.14 NOTE
r-devel-linux-x86_64-fedora-gcc 0.4.1 32.25 NOTE
r-devel-osx-x86_64-clang 0.4.1 36.32 NOTE
r-devel-windows-ix86+x86_64 0.4.1 6.00 24.00 30.00 NOTE
r-patched-linux-x86_64 0.4.1 1.78 16.09 17.87 NOTE
r-patched-solaris-sparc 0.4.1 205.50 NOTE
r-patched-solaris-x86 0.4.1 50.80 NOTE
r-release-linux-ix86 0.4.1 1.98 22.92 24.90 NOTE
r-release-linux-x86_64 0.4.1 1.65 15.86 17.51 NOTE
r-release-osx-x86_64-mavericks 0.4.1 NOTE
r-release-osx-x86_64-snowleopard 0.4.1 OK
r-release-windows-ix86+x86_64 0.4.1 5.00 28.00 33.00 NOTE
r-oldrel-windows-ix86+x86_64 0.4.1 5.00 46.00 51.00 OK

Check Details

Version: 0.4.1
Check: R code for possible problems
Result: NOTE
    getStationCode: no visible binding for global variable
     ‘USAirportWeatherStations’
    getStationCode: no visible binding for global variable ‘IntlWxStations’
Flavors: r-devel-linux-x86_64-debian-clang, r-devel-linux-x86_64-debian-gcc, r-devel-linux-x86_64-fedora-clang, r-devel-linux-x86_64-fedora-gcc, r-devel-osx-x86_64-clang, r-devel-windows-ix86+x86_64, r-patched-linux-x86_64, r-patched-solaris-sparc, r-patched-solaris-x86, r-release-linux-ix86, r-release-linux-x86_64, r-release-osx-x86_64-mavericks, r-release-windows-ix86+x86_64