CRAN Package Check Results for Package weatherData

Last updated on 2016-12-11 11:48:56.

Flavor Version Tinstall Tcheck Ttotal Status Flags
r-devel-linux-x86_64-debian-clang 0.4.1 1.33 15.91 17.24 NOTE
r-devel-linux-x86_64-debian-gcc 0.4.1 1.43 15.88 17.31 NOTE
r-devel-linux-x86_64-fedora-clang 0.4.1 31.55 NOTE --no-stop-on-test-error
r-devel-linux-x86_64-fedora-gcc 0.4.1 29.33 NOTE --no-stop-on-test-error
r-devel-macos-x86_64-clang 0.4.1 26.43 NOTE --no-stop-on-test-error
r-devel-windows-ix86+x86_64 0.4.1 4.00 49.00 53.00 NOTE
r-patched-linux-x86_64 0.4.1 1.20 13.95 15.14 NOTE
r-patched-solaris-sparc 0.4.1 174.40 NOTE
r-patched-solaris-x86 0.4.1 38.60 NOTE
r-release-linux-x86_64 0.4.1 1.28 13.85 15.13 NOTE
r-release-osx-x86_64-mavericks 0.4.1 NOTE
r-release-windows-ix86+x86_64 0.4.1 5.00 31.00 36.00 NOTE
r-oldrel-windows-ix86+x86_64 0.4.1 6.00 31.00 37.00 NOTE

Check Details

Version: 0.4.1
Check: R code for possible problems
Result: NOTE
    cleanAndSubsetDetailedData: no visible global function definition for
     ‘read.csv’
    cleanAndSubsetObtainedData: no visible global function definition for
     ‘read.csv’
    getStationCode: no visible binding for global variable
     ‘USAirportWeatherStations’
    getStationCode: no visible binding for global variable ‘IntlWxStations’
    getWeatherForDate: no visible global function definition for
     ‘write.csv’
    Undefined global functions or variables:
     IntlWxStations USAirportWeatherStations read.csv write.csv
    Consider adding
     importFrom("utils", "read.csv", "write.csv")
    to your NAMESPACE file.
Flavors: r-devel-linux-x86_64-debian-clang, r-devel-linux-x86_64-debian-gcc, r-devel-windows-ix86+x86_64, r-patched-linux-x86_64, r-patched-solaris-sparc, r-patched-solaris-x86, r-release-linux-x86_64, r-release-osx-x86_64-mavericks, r-release-windows-ix86+x86_64

Version: 0.4.1
Flags: --no-stop-on-test-error
Check: R code for possible problems
Result: NOTE
    cleanAndSubsetDetailedData: no visible global function definition for
     ‘read.csv’
    cleanAndSubsetObtainedData: no visible global function definition for
     ‘read.csv’
    getStationCode: no visible binding for global variable
     ‘USAirportWeatherStations’
    getStationCode: no visible binding for global variable ‘IntlWxStations’
    getWeatherForDate: no visible global function definition for
     ‘write.csv’
    Undefined global functions or variables:
     IntlWxStations USAirportWeatherStations read.csv write.csv
    Consider adding
     importFrom("utils", "read.csv", "write.csv")
    to your NAMESPACE file.
Flavors: r-devel-linux-x86_64-fedora-clang, r-devel-linux-x86_64-fedora-gcc, r-devel-macos-x86_64-clang

Version: 0.4.1
Check: R code for possible problems
Result: NOTE
    getStationCode: no visible binding for global variable
     'USAirportWeatherStations'
    getStationCode: no visible binding for global variable 'IntlWxStations'
Flavor: r-oldrel-windows-ix86+x86_64