CRAN Package Check Results for Package weatherData

Last updated on 2015-07-02 23:47:48.

Flavor Version Tinstall Tcheck Ttotal Status Flags
r-devel-linux-x86_64-debian-clang 0.4.1 1.33 12.54 13.88 NOTE
r-devel-linux-x86_64-debian-gcc 0.4.1 1.47 13.50 14.97 NOTE
r-devel-linux-x86_64-fedora-clang 0.4.1 28.17 NOTE
r-devel-linux-x86_64-fedora-gcc 0.4.1 27.16 NOTE
r-devel-osx-x86_64-clang 0.4.1 25.61 NOTE
r-devel-windows-ix86+x86_64 0.4.1 3.00 28.00 31.00 NOTE
r-patched-linux-x86_64 0.4.1 1.24 14.02 15.26 NOTE
r-patched-solaris-sparc 0.4.1 177.10 NOTE
r-patched-solaris-x86 0.4.1 42.80 NOTE
r-release-linux-x86_64 0.4.1 1.25 13.99 15.24 NOTE
r-release-osx-x86_64-mavericks 0.4.1 NOTE
r-release-windows-ix86+x86_64 0.4.1 4.00 25.00 29.00 NOTE
r-oldrel-windows-ix86+x86_64 0.4.1 5.00 26.00 31.00 NOTE

Check Details

Version: 0.4.1
Check: R code for possible problems
Result: NOTE
    cleanAndSubsetDetailedData: no visible global function definition for
     ‘read.csv’
    cleanAndSubsetObtainedData: no visible global function definition for
     ‘read.csv’
    getStationCode: no visible binding for global variable
     ‘USAirportWeatherStations’
    getStationCode: no visible binding for global variable ‘IntlWxStations’
    getWeatherForDate: no visible global function definition for
     ‘write.csv’
    Undefined global functions or variables:
     IntlWxStations USAirportWeatherStations read.csv write.csv
Flavors: r-devel-linux-x86_64-debian-clang, r-devel-linux-x86_64-fedora-clang, r-devel-linux-x86_64-fedora-gcc, r-devel-windows-ix86+x86_64

Version: 0.4.1
Check: R code for possible problems
Result: NOTE
    cleanAndSubsetDetailedData: no visible global function definition for
     ‘read.csv’
    cleanAndSubsetObtainedData: no visible global function definition for
     ‘read.csv’
    getStationCode: no visible binding for global variable
     ‘USAirportWeatherStations’
    getStationCode: no visible binding for global variable ‘IntlWxStations’
    getWeatherForDate: no visible global function definition for
     ‘write.csv’
Flavor: r-devel-linux-x86_64-debian-gcc

Version: 0.4.1
Check: R code for possible problems
Result: NOTE
    getStationCode: no visible binding for global variable
     ‘USAirportWeatherStations’
    getStationCode: no visible binding for global variable ‘IntlWxStations’
Flavors: r-devel-osx-x86_64-clang, r-patched-linux-x86_64, r-patched-solaris-sparc, r-patched-solaris-x86, r-release-linux-x86_64, r-release-osx-x86_64-mavericks, r-release-windows-ix86+x86_64, r-oldrel-windows-ix86+x86_64