CRAN Package Check Results for Package weatherData

Last updated on 2015-08-31 17:48:42.

Flavor Version Tinstall Tcheck Ttotal Status Flags
r-devel-linux-x86_64-debian-clang 0.4.1 1.18 13.74 14.91 NOTE
r-devel-linux-x86_64-debian-gcc 0.4.1 1.43 13.21 14.64 NOTE
r-devel-linux-x86_64-fedora-clang 0.4.1 28.31 NOTE
r-devel-linux-x86_64-fedora-gcc 0.4.1 25.99 NOTE
r-devel-osx-x86_64-clang 0.4.1 25.69 NOTE
r-devel-windows-ix86+x86_64 0.4.1 5.00 37.00 42.00 NOTE
r-patched-linux-x86_64 0.4.1 1.25 14.10 15.35 NOTE
r-patched-solaris-sparc 0.4.1 189.70 NOTE
r-patched-solaris-x86 0.4.1 43.90 NOTE
r-release-linux-x86_64 0.4.1 1.24 13.98 15.23 NOTE
r-release-osx-x86_64-mavericks 0.4.1 NOTE
r-release-windows-ix86+x86_64 0.4.1 4.00 27.00 31.00 NOTE
r-oldrel-windows-ix86+x86_64 0.4.1 7.00 31.00 38.00 NOTE

Check Details

Version: 0.4.1
Check: R code for possible problems
Result: NOTE
    cleanAndSubsetDetailedData: no visible global function definition for
     ‘read.csv’
    cleanAndSubsetObtainedData: no visible global function definition for
     ‘read.csv’
    getStationCode: no visible binding for global variable
     ‘USAirportWeatherStations’
    getStationCode: no visible binding for global variable ‘IntlWxStations’
    getWeatherForDate: no visible global function definition for
     ‘write.csv’
    Undefined global functions or variables:
     IntlWxStations USAirportWeatherStations read.csv write.csv
    Consider adding
     importFrom("utils", "read.csv", "write.csv")
    to your NAMESPACE.
Flavors: r-devel-linux-x86_64-debian-clang, r-devel-linux-x86_64-debian-gcc, r-devel-linux-x86_64-fedora-clang, r-devel-linux-x86_64-fedora-gcc, r-devel-windows-ix86+x86_64

Version: 0.4.1
Check: R code for possible problems
Result: NOTE
    getStationCode: no visible binding for global variable
     ‘USAirportWeatherStations’
    getStationCode: no visible binding for global variable ‘IntlWxStations’
    Undefined global functions or variables:
     IntlWxStations USAirportWeatherStations
Flavor: r-devel-osx-x86_64-clang

Version: 0.4.1
Check: R code for possible problems
Result: NOTE
    getStationCode: no visible binding for global variable
     ‘USAirportWeatherStations’
    getStationCode: no visible binding for global variable ‘IntlWxStations’
Flavors: r-patched-linux-x86_64, r-patched-solaris-sparc, r-patched-solaris-x86, r-release-linux-x86_64, r-release-osx-x86_64-mavericks, r-release-windows-ix86+x86_64, r-oldrel-windows-ix86+x86_64