CRAN Package Check Results for Package weatherData

Last updated on 2014-12-20 12:47:40.

Flavor Version Tinstall Tcheck Ttotal Status Flags
r-devel-linux-x86_64-debian-clang 0.4.1 1.57 16.58 18.15 NOTE
r-devel-linux-x86_64-debian-gcc 0.4.1 1.63 15.54 17.17 NOTE
r-devel-linux-x86_64-fedora-clang 0.4.1 38.68 NOTE
r-devel-linux-x86_64-fedora-gcc 0.4.1 34.63 NOTE
r-devel-osx-x86_64-clang 0.4.1 35.71 NOTE
r-devel-windows-ix86+x86_64 0.4.1 5.00 26.00 31.00 NOTE
r-patched-linux-x86_64 0.4.1 1.83 15.80 17.63 NOTE
r-patched-solaris-sparc 0.4.1 271.50 NOTE
r-patched-solaris-x86 0.4.1 50.30 NOTE
r-release-linux-ix86 0.4.1 2.05 22.78 24.84 NOTE
r-release-linux-x86_64 0.4.1 1.62 16.09 17.71 NOTE
r-release-osx-x86_64-mavericks 0.4.1 OK
r-release-osx-x86_64-snowleopard 0.4.1 OK
r-release-windows-ix86+x86_64 0.4.1 4.00 28.00 32.00 NOTE
r-oldrel-windows-ix86+x86_64 0.4.1 5.00 26.00 31.00 OK

Check Details

Version: 0.4.1
Check: R code for possible problems
Result: NOTE
    getStationCode: no visible binding for global variable
     ‘USAirportWeatherStations’
    getStationCode: no visible binding for global variable ‘IntlWxStations’
Flavors: r-devel-linux-x86_64-debian-clang, r-devel-linux-x86_64-debian-gcc, r-devel-linux-x86_64-fedora-clang, r-devel-linux-x86_64-fedora-gcc, r-devel-osx-x86_64-clang, r-devel-windows-ix86+x86_64, r-patched-linux-x86_64, r-patched-solaris-sparc, r-patched-solaris-x86, r-release-linux-ix86, r-release-linux-x86_64, r-release-windows-ix86+x86_64