CRAN Package Check Results for Package weatherData

Last updated on 2014-08-23 13:48:11.

Flavor Version Tinstall Tcheck Ttotal Status Flags
r-devel-linux-x86_64-debian-clang 0.4.1 1.52 15.16 16.68 NOTE
r-devel-linux-x86_64-debian-gcc 0.4.1 1.52 14.76 16.28 NOTE
r-devel-linux-x86_64-fedora-clang 0.4.1 35.10 NOTE
r-devel-linux-x86_64-fedora-gcc 0.4.1 32.78 NOTE
r-devel-osx-x86_64-clang 0.4.1 32.44 NOTE
r-devel-windows-ix86+x86_64 0.4.1 4.00 25.00 29.00 OK
r-patched-linux-x86_64 0.4.1 1.53 14.36 15.88 OK
r-patched-solaris-sparc 0.4.1 204.50 OK
r-patched-solaris-x86 0.4.1 48.10 OK
r-release-linux-ix86 0.4.1 2.12 22.13 24.25 OK
r-release-linux-x86_64 0.4.1 1.56 15.73 17.30 OK
r-release-osx-x86_64-mavericks 0.4.1 OK
r-release-osx-x86_64-snowleopard 0.4.1 OK
r-release-windows-ix86+x86_64 0.4.1 4.00 27.00 31.00 OK
r-oldrel-windows-ix86+x86_64 0.4.1 5.00 29.00 34.00 OK

Check Details

Version: 0.4.1
Check: R code for possible problems
Result: NOTE
    getStationCode: no visible binding for global variable
     ‘USAirportWeatherStations’
    getStationCode: no visible binding for global variable ‘IntlWxStations’
Flavors: r-devel-linux-x86_64-debian-clang, r-devel-linux-x86_64-debian-gcc, r-devel-linux-x86_64-fedora-clang, r-devel-linux-x86_64-fedora-gcc, r-devel-osx-x86_64-clang