CRAN Package Check Results for Package weatherData

Last updated on 2016-05-30 17:48:18.

Flavor Version Tinstall Tcheck Ttotal Status Flags
r-devel-linux-x86_64-debian-gcc 0.4.1 1.32 13.81 15.13 NOTE
r-devel-linux-x86_64-fedora-clang 0.4.1 25.97 NOTE
r-devel-linux-x86_64-fedora-gcc 0.4.1 24.14 NOTE
r-devel-osx-x86_64-clang 0.4.1 30.33 NOTE
r-devel-windows-ix86+x86_64 0.4.1 3.00 31.00 34.00 NOTE
r-patched-linux-x86_64 0.4.1 1.34 13.75 15.09 NOTE
r-patched-solaris-sparc 0.4.1 171.70 NOTE
r-patched-solaris-x86 0.4.1 40.00 NOTE
r-release-linux-x86_64 0.4.1 1.26 14.00 15.27 NOTE
r-release-osx-x86_64-mavericks 0.4.1 NOTE
r-release-windows-ix86+x86_64 0.4.1 5.00 32.00 37.00 NOTE
r-oldrel-windows-ix86+x86_64 0.4.1 4.00 31.00 35.00 NOTE

Check Details

Version: 0.4.1
Check: R code for possible problems
Result: NOTE
    cleanAndSubsetDetailedData: no visible global function definition for
     ‘read.csv’
    cleanAndSubsetObtainedData: no visible global function definition for
     ‘read.csv’
    getStationCode: no visible binding for global variable
     ‘USAirportWeatherStations’
    getStationCode: no visible binding for global variable ‘IntlWxStations’
    getWeatherForDate: no visible global function definition for
     ‘write.csv’
    Undefined global functions or variables:
     IntlWxStations USAirportWeatherStations read.csv write.csv
    Consider adding
     importFrom("utils", "read.csv", "write.csv")
    to your NAMESPACE file.
Flavors: r-devel-linux-x86_64-debian-gcc, r-devel-linux-x86_64-fedora-clang, r-devel-linux-x86_64-fedora-gcc, r-devel-osx-x86_64-clang, r-devel-windows-ix86+x86_64, r-patched-linux-x86_64, r-patched-solaris-sparc, r-patched-solaris-x86, r-release-linux-x86_64, r-release-osx-x86_64-mavericks, r-release-windows-ix86+x86_64

Version: 0.4.1
Check: R code for possible problems
Result: NOTE
    getStationCode: no visible binding for global variable
     'USAirportWeatherStations'
    getStationCode: no visible binding for global variable 'IntlWxStations'
Flavor: r-oldrel-windows-ix86+x86_64