CRAN Package Check Results for Package weatherData

Last updated on 2015-03-03 22:48:36.

Flavor Version Tinstall Tcheck Ttotal Status Flags
r-devel-linux-x86_64-debian-clang 0.4.1 1.31 14.04 15.36 NOTE
r-devel-linux-x86_64-debian-gcc 0.4.1 1.25 13.62 14.87 NOTE
r-devel-linux-x86_64-fedora-clang 0.4.1 30.33 NOTE
r-devel-linux-x86_64-fedora-gcc 0.4.1 28.37 NOTE
r-devel-osx-x86_64-clang 0.4.1 34.25 NOTE
r-devel-windows-ix86+x86_64 0.4.1 4.00 25.00 29.00 NOTE
r-patched-linux-x86_64 0.4.1 1.60 16.63 18.23 NOTE
r-patched-solaris-sparc 0.4.1 228.20 NOTE
r-patched-solaris-x86 0.4.1 51.30 NOTE
r-release-linux-ix86 0.4.1 1.96 22.50 24.46 NOTE
r-release-linux-x86_64 0.4.1 1.62 16.12 17.74 NOTE
r-release-osx-x86_64-mavericks 0.4.1 NOTE
r-release-osx-x86_64-snowleopard 0.4.1 OK
r-release-windows-ix86+x86_64 0.4.1 8.00 27.00 35.00 NOTE
r-oldrel-windows-ix86+x86_64 0.4.1 5.00 26.00 31.00 OK

Check Details

Version: 0.4.1
Check: R code for possible problems
Result: NOTE
    getStationCode: no visible binding for global variable
     ‘USAirportWeatherStations’
    getStationCode: no visible binding for global variable ‘IntlWxStations’
Flavors: r-devel-linux-x86_64-debian-clang, r-devel-linux-x86_64-debian-gcc, r-devel-linux-x86_64-fedora-clang, r-devel-linux-x86_64-fedora-gcc, r-devel-osx-x86_64-clang, r-devel-windows-ix86+x86_64, r-patched-linux-x86_64, r-patched-solaris-sparc, r-patched-solaris-x86, r-release-linux-ix86, r-release-linux-x86_64, r-release-osx-x86_64-mavericks, r-release-windows-ix86+x86_64