CRAN Package Check Results for Package weathercan

Last updated on 2019-05-21 10:48:42 CEST.

Flavor Version Tinstall Tcheck Ttotal Status Flags
r-devel-linux-x86_64-debian-clang 0.2.8 5.71 152.00 157.71 OK
r-devel-linux-x86_64-debian-gcc 0.2.8 4.91 115.59 120.50 OK
r-devel-linux-x86_64-fedora-clang 0.2.8 188.64 NOTE
r-devel-linux-x86_64-fedora-gcc 0.2.8 175.28 NOTE
r-devel-windows-ix86+x86_64 0.2.8 20.00 259.00 279.00 OK
r-patched-linux-x86_64 0.2.8 5.13 152.70 157.83 OK
r-patched-solaris-x86 0.2.8 232.60 NOTE
r-release-linux-x86_64 0.2.8 5.32 153.47 158.79 OK
r-release-windows-ix86+x86_64 0.2.8 20.00 274.00 294.00 OK
r-release-osx-x86_64 0.2.8 NOTE
r-oldrel-windows-ix86+x86_64 0.2.8 7.00 188.00 195.00 OK
r-oldrel-osx-x86_64 0.2.8 NOTE

Check Details

Version: 0.2.8
Check: dependencies in R code
Result: NOTE
    Namespace in Imports field not imported from: ‘xml2’
     All declared Imports should be used.
Flavors: r-devel-linux-x86_64-fedora-clang, r-devel-linux-x86_64-fedora-gcc, r-patched-solaris-x86, r-release-osx-x86_64, r-oldrel-osx-x86_64

Version: 0.2.8
Check: data for non-ASCII characters
Result: NOTE
     Note: found 25 marked UTF-8 strings
Flavors: r-devel-linux-x86_64-fedora-clang, r-devel-linux-x86_64-fedora-gcc, r-patched-solaris-x86, r-release-osx-x86_64, r-oldrel-osx-x86_64