CRAN Package Check Results for Package webdriver

Last updated on 2021-11-27 15:50:58 CET.

Flavor Version Tinstall Tcheck Ttotal Status Flags
r-devel-linux-x86_64-debian-clang 1.0.6 NOTE
r-devel-linux-x86_64-debian-gcc 1.0.6 4.81 24.58 29.39 NOTE
r-devel-linux-x86_64-fedora-clang 1.0.6 55.67 NOTE
r-devel-linux-x86_64-fedora-gcc 1.0.6 43.93 NOTE
r-devel-windows-x86_64-new-UL 1.0.6 13.00 65.00 78.00 NOTE
r-devel-windows-x86_64-new-TK 1.0.6 NOTE
r-devel-windows-x86_64-old 1.0.6 7.00 60.00 67.00 NOTE
r-patched-linux-x86_64 1.0.6 5.24 29.72 34.96 NOTE
r-patched-solaris-x86 1.0.6 67.00 NOTE
r-release-linux-x86_64 1.0.6 NOTE
r-release-macos-arm64 1.0.6 NOTE
r-release-macos-x86_64 1.0.6 NOTE
r-release-windows-ix86+x86_64 1.0.6 11.00 35.00 46.00 NOTE
r-oldrel-macos-x86_64 1.0.6 OK
r-oldrel-windows-ix86+x86_64 1.0.6 8.00 48.00 56.00 OK

Check Details

Version: 1.0.6
Check: LazyData
Result: NOTE
     'LazyData' is specified without a 'data' directory
Flavors: r-devel-linux-x86_64-debian-clang, r-devel-linux-x86_64-debian-gcc, r-devel-linux-x86_64-fedora-clang, r-devel-linux-x86_64-fedora-gcc, r-devel-windows-x86_64-new-UL, r-devel-windows-x86_64-new-TK, r-devel-windows-x86_64-old, r-patched-linux-x86_64, r-patched-solaris-x86, r-release-linux-x86_64, r-release-macos-arm64, r-release-macos-x86_64, r-release-windows-ix86+x86_64