Last updated on 2021-03-05 01:48:33 CET.
Flavor | Version | Tinstall | Tcheck | Ttotal | Status | Flags |
---|---|---|---|---|---|---|
r-devel-linux-x86_64-debian-clang | 1.0.3 | 7.56 | 74.58 | 82.14 | OK | |
r-devel-linux-x86_64-debian-gcc | 1.0.3 | 6.63 | 57.23 | 63.86 | OK | |
r-devel-linux-x86_64-fedora-clang | 1.0.3 | 110.45 | NOTE | |||
r-devel-linux-x86_64-fedora-gcc | 1.0.3 | 99.74 | OK | |||
r-devel-windows-ix86+x86_64 | 1.0.3 | 27.00 | 126.00 | 153.00 | NOTE | |
r-patched-linux-x86_64 | 1.0.3 | OK | ||||
r-patched-solaris-x86 | 1.0.3 | 162.40 | NOTE | |||
r-release-linux-x86_64 | 1.0.3 | 8.51 | 71.07 | 79.58 | OK | |
r-release-macos-x86_64 | 1.0.3 | NOTE | ||||
r-release-windows-ix86+x86_64 | 1.0.3 | 28.00 | 103.00 | 131.00 | NOTE | |
r-oldrel-macos-x86_64 | 1.0.3 | NOTE | ||||
r-oldrel-windows-ix86+x86_64 | 1.0.3 | 27.00 | 122.00 | 149.00 | NOTE |
Version: 1.0.3
Check: installed package size
Result: NOTE
installed size is 10.8Mb
sub-directories of 1Mb or more:
client 9.6Mb
doc 1.0Mb
Flavors: r-devel-linux-x86_64-fedora-clang, r-devel-windows-ix86+x86_64, r-patched-solaris-x86, r-release-macos-x86_64, r-release-windows-ix86+x86_64, r-oldrel-macos-x86_64, r-oldrel-windows-ix86+x86_64