CRAN Package Check Results for Package webmockr

Last updated on 2018-12-19 08:49:09 CET.

Flavor Version Tinstall Tcheck Ttotal Status Flags
r-devel-linux-x86_64-debian-clang 0.2.9 9.97 27.76 37.73 OK
r-devel-linux-x86_64-debian-gcc 0.2.9 7.97 22.14 30.11 OK
r-devel-linux-x86_64-fedora-clang 0.2.9 46.26 OK
r-devel-linux-x86_64-fedora-gcc 0.2.9 44.07 OK
r-devel-windows-ix86+x86_64 0.2.9 20.00 58.00 78.00 OK
r-patched-linux-x86_64 0.2.9 11.64 25.62 37.26 OK
r-patched-solaris-x86 0.2.9 60.50 OK
r-release-linux-x86_64 0.2.9 9.77 25.76 35.53 OK
r-release-windows-ix86+x86_64 0.2.9 16.00 52.00 68.00 OK
r-release-osx-x86_64 0.2.9 OK
r-oldrel-windows-ix86+x86_64 0.2.9 7.00 55.00 62.00 OK
r-oldrel-osx-x86_64 0.2.9 ERROR

Check Details

Version: 0.2.9
Check: package dependencies
Result: NOTE
    Package suggested but not available for checking: ‘vcr’
Flavor: r-oldrel-osx-x86_64

Version: 0.2.9
Check: tests
Result: ERROR
     Running ‘test-all.R’ [2s/2s]
    Running the tests in ‘tests/test-all.R’ failed.
    Last 13 lines of output:
     > library("testthat")
     > test_check("webmockr")
     Loading required package: webmockr
     ── 1. Error: (unknown) (@test-no-cassette-in-use.R#3) ─────────────────────────
     there is no package called 'vcr'
     1: library(vcr) at testthat/test-no-cassette-in-use.R:3
     2: stop(txt, domain = NA)
    
     ══ testthat results ═══════════════════════════════════════════════════════════
     OK: 424 SKIPPED: 8 FAILED: 1
     1. Error: (unknown) (@test-no-cassette-in-use.R#3)
    
     Error: testthat unit tests failed
     Execution halted
Flavor: r-oldrel-osx-x86_64