CRAN Package Check Results for Package webmockr

Last updated on 2018-06-21 15:49:34 CEST.

Flavor Version Tinstall Tcheck Ttotal Status Flags
r-devel-linux-x86_64-debian-clang 0.2.6 7.65 24.39 32.04 OK
r-devel-linux-x86_64-debian-gcc 0.2.6 6.43 21.07 27.50 OK
r-devel-linux-x86_64-fedora-clang 0.2.6 41.46 OK
r-devel-linux-x86_64-fedora-gcc 0.2.6 39.14 OK
r-devel-windows-ix86+x86_64 0.2.6 15.00 40.00 55.00 OK
r-patched-linux-x86_64 0.2.6 7.66 24.50 32.16 OK
r-patched-solaris-x86 0.2.6 55.00 OK
r-release-linux-x86_64 0.2.6 6.50 24.30 30.80 OK
r-release-windows-ix86+x86_64 0.2.6 9.00 39.00 48.00 OK
r-release-osx-x86_64 0.2.6 OK
r-oldrel-windows-ix86+x86_64 0.2.6 4.00 36.00 40.00 OK
r-oldrel-osx-x86_64 0.2.6 ERROR

Check Details

Version: 0.2.6
Check: package dependencies
Result: NOTE
    Package suggested but not available for checking: ‘vcr’
Flavor: r-oldrel-osx-x86_64

Version: 0.2.6
Check: tests
Result: ERROR
     Running ‘test-all.R’ [2s/2s]
    Running the tests in ‘tests/test-all.R’ failed.
    Last 13 lines of output:
     > library("testthat")
     > test_check("webmockr")
     Loading required package: webmockr
     ── 1. Error: (unknown) (@test-no-cassette-in-use.R#3) ─────────────────────────
     there is no package called 'vcr'
     1: library(vcr) at testthat/test-no-cassette-in-use.R:3
     2: stop(txt, domain = NA)
    
     ══ testthat results ═══════════════════════════════════════════════════════════
     OK: 422 SKIPPED: 7 FAILED: 1
     1. Error: (unknown) (@test-no-cassette-in-use.R#3)
    
     Error: testthat unit tests failed
     Execution halted
Flavor: r-oldrel-osx-x86_64