CRAN Package Check Results for Package webmockr

Last updated on 2018-09-24 19:46:51 CEST.

Flavor Version Tinstall Tcheck Ttotal Status Flags
r-devel-linux-x86_64-debian-clang 0.2.6 7.77 26.01 33.78 OK
r-devel-linux-x86_64-debian-gcc 0.2.6 6.19 21.50 27.69 OK
r-devel-linux-x86_64-fedora-clang 0.2.6 41.39 OK
r-devel-linux-x86_64-fedora-gcc 0.2.6 40.95 OK
r-devel-windows-ix86+x86_64 0.2.6 18.00 40.00 58.00 OK
r-patched-linux-x86_64 0.2.6 8.20 24.52 32.72 OK
r-patched-solaris-x86 0.2.6 54.60 OK
r-release-linux-x86_64 0.2.6 6.78 24.71 31.49 OK
r-release-windows-ix86+x86_64 0.2.6 16.00 53.00 69.00 OK
r-release-osx-x86_64 0.2.6 OK
r-oldrel-windows-ix86+x86_64 0.2.6 3.00 48.00 51.00 OK
r-oldrel-osx-x86_64 0.2.6 ERROR

Check Details

Version: 0.2.6
Check: package dependencies
Result: NOTE
    Package suggested but not available for checking: ‘vcr’
Flavor: r-oldrel-osx-x86_64

Version: 0.2.6
Check: tests
Result: ERROR
     Running ‘test-all.R’ [2s/2s]
    Running the tests in ‘tests/test-all.R’ failed.
    Last 13 lines of output:
     > library("testthat")
     > test_check("webmockr")
     Loading required package: webmockr
     ── 1. Error: (unknown) (@test-no-cassette-in-use.R#3) ─────────────────────────
     there is no package called 'vcr'
     1: library(vcr) at testthat/test-no-cassette-in-use.R:3
     2: stop(txt, domain = NA)
    
     ══ testthat results ═══════════════════════════════════════════════════════════
     OK: 422 SKIPPED: 7 FAILED: 1
     1. Error: (unknown) (@test-no-cassette-in-use.R#3)
    
     Error: testthat unit tests failed
     Execution halted
Flavor: r-oldrel-osx-x86_64