Last updated on 2022-05-29 06:51:46 CEST.
Flavor | Version | Tinstall | Tcheck | Ttotal | Status | Flags |
---|---|---|---|---|---|---|
r-devel-linux-x86_64-debian-clang | 0.8.0 | 15.94 | 60.64 | 76.58 | NOTE | |
r-devel-linux-x86_64-debian-gcc | 0.8.0 | 12.10 | 45.43 | 57.53 | NOTE | |
r-devel-linux-x86_64-fedora-clang | 0.8.0 | 91.15 | NOTE | |||
r-devel-linux-x86_64-fedora-gcc | 0.8.0 | 80.65 | NOTE | |||
r-devel-windows-x86_64 | 0.8.0 | 69.00 | 79.00 | 148.00 | NOTE | |
r-patched-linux-x86_64 | 0.8.0 | 16.17 | 57.32 | 73.49 | NOTE | |
r-release-linux-x86_64 | 0.8.0 | 12.47 | 56.94 | 69.41 | NOTE | |
r-release-macos-arm64 | 0.8.0 | 27.00 | NOTE | |||
r-release-macos-x86_64 | 0.8.0 | 38.00 | NOTE | |||
r-release-windows-x86_64 | 0.8.0 | 65.00 | 79.00 | 144.00 | NOTE | |
r-oldrel-macos-arm64 | 0.8.0 | 32.00 | NOTE | |||
r-oldrel-macos-x86_64 | 0.8.0 | 51.00 | NOTE | |||
r-oldrel-windows-ix86+x86_64 | 0.8.0 | 26.00 | 72.00 | 98.00 | NOTE |
Version: 0.8.0
Check: LazyData
Result: NOTE
'LazyData' is specified without a 'data' directory
Flavors: r-devel-linux-x86_64-debian-clang, r-devel-linux-x86_64-debian-gcc, r-devel-linux-x86_64-fedora-clang, r-devel-linux-x86_64-fedora-gcc, r-devel-windows-x86_64, r-patched-linux-x86_64, r-release-linux-x86_64, r-release-macos-arm64, r-release-macos-x86_64, r-release-windows-x86_64, r-oldrel-macos-arm64, r-oldrel-macos-x86_64, r-oldrel-windows-ix86+x86_64