CRAN Package Check Results for Package webmorphR

Last updated on 2022-08-18 06:49:43 CEST.

Flavor Version Tinstall Tcheck Ttotal Status Flags
r-devel-linux-x86_64-debian-clang 0.1.1 10.93 295.38 306.31 OK
r-devel-linux-x86_64-debian-gcc 0.1.1 7.01 160.59 167.60 OK
r-devel-linux-x86_64-fedora-clang 0.1.1 324.79 NOTE
r-devel-linux-x86_64-fedora-gcc 0.1.1 248.85 OK
r-devel-windows-x86_64 0.1.1 76.00 223.00 299.00 OK
r-patched-linux-x86_64 0.1.1 12.44 191.48 203.92 OK
r-release-linux-x86_64 0.1.1 6.39 190.81 197.20 OK
r-release-macos-arm64 0.1.1 62.00 OK
r-release-macos-x86_64 0.1.1 99.00 OK
r-release-windows-x86_64 0.1.1 98.00 212.00 310.00 OK
r-oldrel-macos-arm64 0.1.1 60.00 OK
r-oldrel-macos-x86_64 0.1.1 98.00 OK
r-oldrel-windows-ix86+x86_64 0.1.1 22.00 220.00 242.00 OK

Check Details

Version: 0.1.1
Check: Rd cross-references
Result: NOTE
    Undeclared package ‘purrr’ in Rd xrefs
Flavor: r-devel-linux-x86_64-fedora-clang