CRAN Package Check Results for Package webtrackR

Last updated on 2023-06-05 20:57:55 CEST.

Flavor Version Tinstall Tcheck Ttotal Status Flags
r-devel-linux-x86_64-debian-clang 0.0.1 2.87 46.97 49.84 OK
r-devel-linux-x86_64-debian-gcc 0.0.1 2.67 31.13 33.80 OK
r-devel-linux-x86_64-fedora-clang 0.0.1 56.39 NOTE
r-devel-linux-x86_64-fedora-gcc 0.0.1 50.81 NOTE
r-devel-windows-x86_64 0.0.1 5.00 54.00 59.00 OK
r-patched-linux-x86_64 0.0.1 7.30 38.12 45.42 OK
r-release-linux-x86_64 0.0.1 3.30 38.78 42.08 OK
r-release-macos-arm64 0.0.1 21.00 OK
r-release-macos-x86_64 0.0.1 30.00 OK
r-release-windows-x86_64 0.0.1 6.00 56.00 62.00 OK
r-oldrel-macos-arm64 0.0.1 26.00 OK
r-oldrel-macos-x86_64 0.0.1 31.00 OK
r-oldrel-windows-x86_64 0.0.1 7.00 58.00 65.00 OK

Check Details

Version: 0.0.1
Check: data for non-ASCII characters
Result: NOTE
     Note: found 14 marked UTF-8 strings
Flavors: r-devel-linux-x86_64-fedora-clang, r-devel-linux-x86_64-fedora-gcc