CRAN Package Check Results for Package weibulltools

Last updated on 2019-10-24 03:58:46 CEST.

Flavor Version Tinstall Tcheck Ttotal Status Flags
r-devel-linux-x86_64-debian-clang 1.0.1 37.67 84.32 121.99 OK
r-devel-linux-x86_64-debian-gcc 1.0.1 29.32 62.95 92.27 OK
r-devel-linux-x86_64-fedora-clang 1.0.1 152.95 NOTE
r-devel-linux-x86_64-fedora-gcc 1.0.1 160.93 OK
r-devel-windows-ix86+x86_64 1.0.1 89.00 194.00 283.00 NOTE
r-patched-linux-x86_64 1.0.1 29.65 81.69 111.34 OK
r-patched-solaris-x86 1.0.1 171.10 NOTE
r-release-linux-x86_64 1.0.1 36.05 83.15 119.20 OK
r-release-windows-ix86+x86_64 1.0.1 108.00 146.00 254.00 NOTE
r-release-osx-x86_64 1.0.1 NOTE
r-oldrel-windows-ix86+x86_64 1.0.1 101.00 173.00 274.00 NOTE
r-oldrel-osx-x86_64 1.0.1 NOTE

Check Details

Version: 1.0.1
Check: installed package size
Result: NOTE
     installed size is 13.5Mb
     sub-directories of 1Mb or more:
     doc 11.9Mb
     libs 1.3Mb
Flavors: r-devel-linux-x86_64-fedora-clang, r-devel-windows-ix86+x86_64, r-patched-solaris-x86, r-release-windows-ix86+x86_64, r-release-osx-x86_64, r-oldrel-windows-ix86+x86_64, r-oldrel-osx-x86_64