CRAN Package Check Results for Package weibulltools

Last updated on 2019-07-20 11:47:34 CEST.

Flavor Version Tinstall Tcheck Ttotal Status Flags
r-devel-linux-x86_64-debian-clang 1.0.1 34.55 86.63 121.18 OK
r-devel-linux-x86_64-debian-gcc 1.0.1 29.02 64.87 93.89 OK
r-devel-linux-x86_64-fedora-clang 1.0.1 136.58 NOTE
r-devel-linux-x86_64-fedora-gcc 1.0.1 132.14 OK
r-devel-windows-ix86+x86_64 1.0.1 100.00 192.00 292.00 NOTE
r-patched-linux-x86_64 1.0.1 34.70 83.29 117.99 OK
r-patched-solaris-x86 1.0.1 184.00 NOTE
r-release-linux-x86_64 1.0.1 32.72 83.33 116.05 OK
r-release-windows-ix86+x86_64 1.0.1 71.00 149.00 220.00 NOTE
r-release-osx-x86_64 1.0.1 NOTE
r-oldrel-windows-ix86+x86_64 1.0.1 77.00 181.00 258.00 NOTE
r-oldrel-osx-x86_64 1.0.1 NOTE

Check Details

Version: 1.0.1
Check: installed package size
Result: NOTE
     installed size is 13.4Mb
     sub-directories of 1Mb or more:
     doc 11.9Mb
     libs 1.2Mb
Flavors: r-devel-linux-x86_64-fedora-clang, r-devel-windows-ix86+x86_64, r-patched-solaris-x86, r-release-windows-ix86+x86_64, r-release-osx-x86_64, r-oldrel-windows-ix86+x86_64, r-oldrel-osx-x86_64