CRAN Package Check Results for Package weightedCL

Last updated on 2023-06-06 14:59:42 CEST.

Flavor Version Tinstall Tcheck Ttotal Status Flags
r-devel-linux-x86_64-debian-clang 0.5 8.02 60.40 68.42 OK
r-devel-linux-x86_64-debian-gcc 0.5 6.85 45.10 51.95 OK
r-devel-linux-x86_64-fedora-clang 0.5 86.30 NOTE
r-devel-linux-x86_64-fedora-gcc 0.5 80.19 NOTE
r-devel-windows-x86_64 0.5 12.00 68.00 80.00 OK
r-patched-linux-x86_64 0.5 7.76 56.10 63.86 OK
r-release-linux-x86_64 0.5 6.80 56.41 63.21 OK
r-release-macos-arm64 0.5 32.00 OK
r-release-macos-x86_64 0.5 42.00 OK
r-release-windows-x86_64 0.5 13.00 73.00 86.00 OK
r-oldrel-macos-arm64 0.5 33.00 OK
r-oldrel-macos-x86_64 0.5 40.00 OK
r-oldrel-windows-x86_64 0.5 12.00 76.00 88.00 OK

Check Details

Version: 0.5
Check: compiled code
Result: NOTE
    File ‘weightedCL/libs/weightedCL.so’:
     Found no calls to: ‘R_registerRoutines’, ‘R_useDynamicSymbols’
    
    It is good practice to register native routines and to disable symbol
    search.
    
    See ‘Writing portable packages’ in the ‘Writing R Extensions’ manual.
Flavors: r-devel-linux-x86_64-fedora-clang, r-devel-linux-x86_64-fedora-gcc