CRAN Package Check Results for Package weightedKmeans

Last updated on 2015-04-27 08:48:29.

Flavor Version Tinstall Tcheck Ttotal Status Flags
r-devel-linux-x86_64-debian-clang 1.2.0 1.49 12.06 13.55 NOTE
r-devel-linux-x86_64-debian-gcc 1.2.0 1.74 12.03 13.77 NOTE
r-devel-linux-x86_64-fedora-clang 1.2.0 26.53 NOTE
r-devel-linux-x86_64-fedora-gcc 1.2.0 24.88 NOTE
r-devel-osx-x86_64-clang 1.2.0 28.60 NOTE
r-devel-windows-ix86+x86_64 1.2.0 10.00 61.00 71.00 NOTE
r-patched-linux-x86_64 1.2.0 1.58 12.22 13.80 NOTE
r-patched-solaris-sparc 1.2.0 185.80 NOTE
r-patched-solaris-x86 1.2.0 39.80 NOTE
r-release-linux-x86_64 1.2.0 1.62 12.23 13.85 NOTE
r-release-osx-x86_64-mavericks 1.2.0 NOTE
r-release-osx-x86_64-snowleopard 1.2.0 ERROR
r-release-windows-ix86+x86_64 1.2.0 10.00 29.00 39.00 NOTE
r-oldrel-windows-ix86+x86_64 1.2.0 8.00 37.00 45.00 NOTE

Check Details

Version: 1.2.0
Check: top-level files
Result: NOTE
    File
     LICENSE
    is not mentioned in the DESCRIPTION file.
Flavors: r-devel-linux-x86_64-debian-clang, r-devel-linux-x86_64-debian-gcc, r-devel-linux-x86_64-fedora-clang, r-devel-linux-x86_64-fedora-gcc, r-devel-osx-x86_64-clang, r-devel-windows-ix86+x86_64, r-patched-solaris-sparc, r-patched-solaris-x86, r-release-osx-x86_64-mavericks, r-release-windows-ix86+x86_64, r-oldrel-windows-ix86+x86_64

Version: 1.2.0
Check: dependencies in R code
Result: NOTE
    'library' or 'require' calls to packages already attached by Depends:
     ‘lattice’ ‘latticeExtra’
     Please remove these calls from your code.
    Package in Depends field not imported from: ‘latticeExtra’
     These packages need to be imported from (in the NAMESPACE file)
     for when this namespace is loaded but not attached.
Flavors: r-devel-linux-x86_64-debian-clang, r-devel-linux-x86_64-debian-gcc, r-devel-linux-x86_64-fedora-clang, r-devel-linux-x86_64-fedora-gcc, r-devel-osx-x86_64-clang, r-devel-windows-ix86+x86_64, r-patched-solaris-sparc, r-patched-solaris-x86, r-release-osx-x86_64-mavericks, r-release-windows-ix86+x86_64, r-oldrel-windows-ix86+x86_64

Version: 1.2.0
Check: R code for possible problems
Result: NOTE
    levelplot.ewkm: no visible binding for global variable ‘dendrogramGrob’
Flavors: r-devel-linux-x86_64-debian-clang, r-devel-linux-x86_64-debian-gcc, r-devel-linux-x86_64-fedora-clang, r-devel-linux-x86_64-fedora-gcc, r-devel-osx-x86_64-clang, r-devel-windows-ix86+x86_64, r-patched-solaris-sparc, r-patched-solaris-x86, r-release-osx-x86_64-mavericks, r-release-windows-ix86+x86_64, r-oldrel-windows-ix86+x86_64

Version: 1.2.0
Check: compiled code
Result: NOTE
    File ‘weightedKmeans/libs/weightedKmeans.so’:
     Found ‘rand’, possibly from ‘rand’ (C)
     Objects: ‘ewkm.o’, ‘fgkm.o’
     Found ‘srand’, possibly from ‘srand’ (C)
     Objects: ‘ewkm.o’, ‘fgkm.o’
    
    Compiled code should not call entry points which might terminate R nor
    write to stdout/stderr instead of to the console, nor the system RNG.
    
    See ‘Writing portable packages’ in the ‘Writing R Extensions’ manual.
Flavors: r-devel-linux-x86_64-debian-clang, r-devel-linux-x86_64-debian-gcc, r-devel-linux-x86_64-fedora-clang, r-devel-linux-x86_64-fedora-gcc, r-patched-solaris-sparc, r-patched-solaris-x86

Version: 1.2.0
Check: compiled code
Result: NOTE
    File ‘weightedKmeans/libs/weightedKmeans.so’:
     Found ‘_rand’, possibly from ‘rand’ (C)
     Objects: ‘ewkm.o’, ‘fgkm.o’
     Found ‘_srand’, possibly from ‘srand’ (C)
     Objects: ‘ewkm.o’, ‘fgkm.o’
    
    Compiled code should not call entry points which might terminate R nor
    write to stdout/stderr instead of to the console, nor the system RNG.
    
    See ‘Writing portable packages’ in the ‘Writing R Extensions’ manual.
Flavors: r-devel-osx-x86_64-clang, r-release-osx-x86_64-mavericks

Version: 1.2.0
Check: compiled code
Result: NOTE
    File 'weightedKmeans/libs/i386/weightedKmeans.dll':
     Found 'rand', possibly from 'rand' (C)
     Objects: 'ewkm.o', 'fgkm.o'
     Found 'srand', possibly from 'srand' (C)
     Objects: 'ewkm.o', 'fgkm.o'
    File 'weightedKmeans/libs/x64/weightedKmeans.dll':
     Found 'rand', possibly from 'rand' (C)
     Objects: 'ewkm.o', 'fgkm.o'
     Found 'srand', possibly from 'srand' (C)
     Objects: 'ewkm.o', 'fgkm.o'
    
    Compiled code should not call entry points which might terminate R nor
    write to stdout/stderr instead of to the console, nor the system RNG.
    
    See 'Writing portable packages' in the 'Writing R Extensions' manual.
Flavors: r-devel-windows-ix86+x86_64, r-release-windows-ix86+x86_64, r-oldrel-windows-ix86+x86_64

Version: 1.2.0
Check: package dependencies
Result: ERROR
    Package required but not available: ‘latticeExtra’
    
    See section ‘The DESCRIPTION file’ in the ‘Writing R Extensions’
    manual.
Flavor: r-release-osx-x86_64-snowleopard