CRAN Package Check Results for Package weightedKmeans

Last updated on 2014-07-24 14:48:51.

Flavor Version Tinstall Tcheck Ttotal Status Flags
r-devel-linux-x86_64-debian-clang 1.2.0 1.48 14.14 15.62 NOTE
r-devel-linux-x86_64-debian-gcc 1.2.0 1.66 14.24 15.90 NOTE
r-devel-linux-x86_64-fedora-clang 1.2.0 31.79 NOTE
r-devel-linux-x86_64-fedora-gcc 1.2.0 30.62 NOTE
r-devel-osx-x86_64-clang 1.2.0 30.25 NOTE
r-devel-windows-ix86+x86_64 1.2.0 9.00 34.00 43.00 NOTE
r-patched-linux-x86_64 1.2.0 1.70 14.08 15.78 NOTE
r-patched-solaris-sparc 1.2.0 196.80 NOTE
r-patched-solaris-x86 1.2.0 45.50 NOTE
r-release-linux-ix86 1.2.0 2.38 22.43 24.81 NOTE
r-release-linux-x86_64 1.2.0 1.73 14.57 16.30 NOTE
r-release-osx-x86_64-mavericks 1.2.0 NOTE
r-release-osx-x86_64-snowleopard 1.2.0 WARN
r-release-windows-ix86+x86_64 1.2.0 9.00 36.00 45.00 NOTE
r-oldrel-windows-ix86+x86_64 1.2.0 10.00 36.00 46.00 NOTE

Check Details

Version: 1.2.0
Check: top-level files
Result: NOTE
    File
     LICENSE
    is not mentioned in the DESCRIPTION file.
Flavors: r-devel-linux-x86_64-debian-clang, r-devel-linux-x86_64-debian-gcc, r-devel-linux-x86_64-fedora-clang, r-devel-linux-x86_64-fedora-gcc, r-devel-osx-x86_64-clang, r-devel-windows-ix86+x86_64, r-patched-linux-x86_64, r-patched-solaris-sparc, r-patched-solaris-x86, r-release-linux-ix86, r-release-linux-x86_64, r-release-osx-x86_64-mavericks, r-release-osx-x86_64-snowleopard, r-release-windows-ix86+x86_64, r-oldrel-windows-ix86+x86_64

Version: 1.2.0
Check: dependencies in R code
Result: NOTE
    'library' or 'require' calls to packages already attached by Depends:
     ‘lattice’ ‘latticeExtra’
     Please remove these calls from your code.
    Package in Depends field not imported from: ‘latticeExtra’
     These packages need to be imported from (in the NAMESPACE file)
     for when this namespace is loaded but not attached.
    See the information on DESCRIPTION files in the chapter ‘Creating R
    packages’ of the ‘Writing R Extensions’ manual.
Flavors: r-devel-linux-x86_64-debian-clang, r-devel-linux-x86_64-debian-gcc, r-devel-linux-x86_64-fedora-clang, r-devel-linux-x86_64-fedora-gcc, r-devel-osx-x86_64-clang, r-devel-windows-ix86+x86_64, r-patched-linux-x86_64, r-patched-solaris-sparc, r-patched-solaris-x86, r-release-linux-ix86, r-release-linux-x86_64, r-release-osx-x86_64-mavericks, r-release-windows-ix86+x86_64, r-oldrel-windows-ix86+x86_64

Version: 1.2.0
Check: whether package can be installed
Result: WARNING
    Found the following significant warnings:
     fgkm.c:428: warning: passing argument 1 of 'sum_squares' discards qualifiers from pointer target type
     fgkm.c:428: warning: passing argument 2 of 'sum_squares' discards qualifiers from pointer target type
     fgkm.c:428: warning: passing argument 3 of 'sum_squares' discards qualifiers from pointer target type
     fgkm.c:428: warning: passing argument 4 of 'sum_squares' discards qualifiers from pointer target type
    See '/Volumes/XT3/Builds/R-dev-web/QA/Simon/packages/snowleopard-x86_64/results/3.1/weightedKmeans.Rcheck/00install.out' for details.
Flavor: r-release-osx-x86_64-snowleopard

Version: 1.2.0
Check: dependencies in R code
Result: NOTE
    'library' or 'require' calls to packages already attached by Depends:
     'lattice' 'latticeExtra'
     Please remove these calls from your code.
    Package in Depends field not imported from: 'latticeExtra'
     These packages need to be imported from for the case when
     this namespace is loaded but not attached.
    See the information on DESCRIPTION files in the chapter 'Creating R
    packages' of the 'Writing R Extensions' manual.
Flavor: r-release-osx-x86_64-snowleopard