CRAN Package Check Results for Package weightedKmeans

Last updated on 2015-07-05 08:47:43.

Flavor Version Tinstall Tcheck Ttotal Status Flags
r-devel-linux-x86_64-debian-clang 1.2.0 1.42 11.61 13.02 NOTE
r-devel-linux-x86_64-debian-gcc 1.2.0 1.60 11.90 13.50 NOTE
r-devel-linux-x86_64-fedora-clang 1.2.0 24.44 NOTE
r-devel-linux-x86_64-fedora-gcc 1.2.0 22.80 NOTE
r-devel-osx-x86_64-clang 1.2.0 23.16 NOTE
r-devel-windows-ix86+x86_64 1.2.0 9.00 30.00 39.00 NOTE
r-patched-linux-x86_64 1.2.0 1.58 11.86 13.44 NOTE
r-patched-solaris-sparc 1.2.0 170.70 NOTE
r-patched-solaris-x86 1.2.0 40.80 NOTE
r-release-linux-x86_64 1.2.0 1.52 12.03 13.55 NOTE
r-release-osx-x86_64-mavericks 1.2.0 NOTE
r-release-windows-ix86+x86_64 1.2.0 13.00 31.00 44.00 NOTE
r-oldrel-windows-ix86+x86_64 1.2.0 13.00 39.00 52.00 NOTE

Check Details

Version: 1.2.0
Check: top-level files
Result: NOTE
    File
     LICENSE
    is not mentioned in the DESCRIPTION file.
Flavors: r-devel-linux-x86_64-debian-clang, r-devel-linux-x86_64-debian-gcc, r-devel-linux-x86_64-fedora-clang, r-devel-linux-x86_64-fedora-gcc, r-devel-osx-x86_64-clang, r-devel-windows-ix86+x86_64, r-patched-linux-x86_64, r-patched-solaris-sparc, r-patched-solaris-x86, r-release-linux-x86_64, r-release-osx-x86_64-mavericks, r-release-windows-ix86+x86_64, r-oldrel-windows-ix86+x86_64

Version: 1.2.0
Check: dependencies in R code
Result: NOTE
    'library' or 'require' calls to packages already attached by Depends:
     ‘lattice’ ‘latticeExtra’
     Please remove these calls from your code.
    Package in Depends field not imported from: ‘latticeExtra’
     These packages need to be imported from (in the NAMESPACE file)
     for when this namespace is loaded but not attached.
Flavors: r-devel-linux-x86_64-debian-clang, r-devel-linux-x86_64-debian-gcc, r-devel-linux-x86_64-fedora-clang, r-devel-linux-x86_64-fedora-gcc, r-devel-osx-x86_64-clang, r-devel-windows-ix86+x86_64, r-patched-linux-x86_64, r-patched-solaris-sparc, r-patched-solaris-x86, r-release-linux-x86_64, r-release-osx-x86_64-mavericks, r-release-windows-ix86+x86_64, r-oldrel-windows-ix86+x86_64

Version: 1.2.0
Check: R code for possible problems
Result: NOTE
    ewkm: no visible global function definition for ‘aggregate’
    fgkm: no visible global function definition for ‘aggregate’
    levelplot.ewkm: no visible global function definition for
     ‘as.dendrogram’
    levelplot.ewkm: no visible global function definition for ‘hclust’
    levelplot.ewkm: no visible global function definition for ‘dist’
    levelplot.ewkm: no visible global function definition for
     ‘order.dendrogram’
    levelplot.ewkm : my.colors: no visible global function definition for
     ‘heat.colors’
    levelplot.ewkm: no visible binding for global variable ‘dendrogramGrob’
    plot.ewkm: no visible global function definition for ‘rainbow’
    plot.ewkm: no visible global function definition for ‘heatmap’
    plot.ewkm: no visible global function definition for ‘cm.colors’
    Undefined global functions or variables:
     aggregate as.dendrogram cm.colors dendrogramGrob dist hclust
     heat.colors heatmap order.dendrogram rainbow
Flavors: r-devel-linux-x86_64-debian-clang, r-devel-linux-x86_64-debian-gcc, r-devel-linux-x86_64-fedora-clang, r-devel-linux-x86_64-fedora-gcc, r-devel-windows-ix86+x86_64

Version: 1.2.0
Check: compiled code
Result: NOTE
    File ‘weightedKmeans/libs/weightedKmeans.so’:
     Found ‘rand’, possibly from ‘rand’ (C)
     Objects: ‘ewkm.o’, ‘fgkm.o’
     Found ‘srand’, possibly from ‘srand’ (C)
     Objects: ‘ewkm.o’, ‘fgkm.o’
    
    Compiled code should not call entry points which might terminate R nor
    write to stdout/stderr instead of to the console, nor the system RNG.
    
    See ‘Writing portable packages’ in the ‘Writing R Extensions’ manual.
Flavors: r-devel-linux-x86_64-debian-clang, r-devel-linux-x86_64-debian-gcc, r-devel-linux-x86_64-fedora-clang, r-devel-linux-x86_64-fedora-gcc, r-patched-linux-x86_64, r-patched-solaris-sparc, r-patched-solaris-x86, r-release-linux-x86_64

Version: 1.2.0
Check: R code for possible problems
Result: NOTE
    levelplot.ewkm: no visible binding for global variable ‘dendrogramGrob’
    Undefined global functions or variables:
     dendrogramGrob
Flavor: r-devel-osx-x86_64-clang

Version: 1.2.0
Check: compiled code
Result: NOTE
    File ‘weightedKmeans/libs/weightedKmeans.so’:
     Found ‘_rand’, possibly from ‘rand’ (C)
     Objects: ‘ewkm.o’, ‘fgkm.o’
     Found ‘_srand’, possibly from ‘srand’ (C)
     Objects: ‘ewkm.o’, ‘fgkm.o’
    
    Compiled code should not call entry points which might terminate R nor
    write to stdout/stderr instead of to the console, nor the system RNG.
    
    See ‘Writing portable packages’ in the ‘Writing R Extensions’ manual.
Flavors: r-devel-osx-x86_64-clang, r-release-osx-x86_64-mavericks

Version: 1.2.0
Check: compiled code
Result: NOTE
    File 'weightedKmeans/libs/i386/weightedKmeans.dll':
     Found 'rand', possibly from 'rand' (C)
     Objects: 'ewkm.o', 'fgkm.o'
     Found 'srand', possibly from 'srand' (C)
     Objects: 'ewkm.o', 'fgkm.o'
    File 'weightedKmeans/libs/x64/weightedKmeans.dll':
     Found 'rand', possibly from 'rand' (C)
     Objects: 'ewkm.o', 'fgkm.o'
     Found 'srand', possibly from 'srand' (C)
     Objects: 'ewkm.o', 'fgkm.o'
    
    Compiled code should not call entry points which might terminate R nor
    write to stdout/stderr instead of to the console, nor the system RNG.
    
    See 'Writing portable packages' in the 'Writing R Extensions' manual.
Flavors: r-devel-windows-ix86+x86_64, r-release-windows-ix86+x86_64, r-oldrel-windows-ix86+x86_64

Version: 1.2.0
Check: R code for possible problems
Result: NOTE
    levelplot.ewkm: no visible binding for global variable ‘dendrogramGrob’
Flavors: r-patched-linux-x86_64, r-patched-solaris-sparc, r-patched-solaris-x86, r-release-linux-x86_64, r-release-osx-x86_64-mavericks, r-release-windows-ix86+x86_64, r-oldrel-windows-ix86+x86_64