CRAN Package Check Results for Package weightedScores

Last updated on 2017-07-26 12:48:55.

Flavor Version Tinstall Tcheck Ttotal Status Flags
r-devel-linux-x86_64-debian-clang 0.9.5.1 4.42 87.84 92.25 NOTE
r-devel-linux-x86_64-debian-gcc 0.9.5.1 4.59 85.25 89.84 NOTE
r-devel-linux-x86_64-fedora-clang 0.9.5.1 157.09 NOTE
r-devel-linux-x86_64-fedora-gcc 0.9.5.1 154.06 NOTE
r-devel-windows-ix86+x86_64 0.9.5.1 30.00 221.00 251.00 OK
r-patched-linux-x86_64 0.9.5.1 4.27 83.88 88.15 NOTE
r-patched-solaris-x86 0.9.5.1 166.40 OK
r-release-linux-x86_64 0.9.5.1 4.20 84.23 88.42 NOTE
r-release-windows-ix86+x86_64 0.9.5.1 24.00 209.00 233.00 OK
r-release-osx-x86_64 0.9.5.1 OK
r-oldrel-windows-ix86+x86_64 0.9.5.1 35.00 298.00 333.00 OK
r-oldrel-osx-x86_64 0.9.5.1 OK

Additional issues

valgrind

Check Details

Version: 0.9.5.1
Check: compiled code
Result: NOTE
    File ‘weightedScores/libs/weightedScores.so’:
     Found no calls to: ‘R_registerRoutines’, ‘R_useDynamicSymbols’
    
    It is good practice to register native routines and to disable symbol
    search.
    
    See ‘Writing portable packages’ in the ‘Writing R Extensions’ manual.
Flavors: r-devel-linux-x86_64-debian-clang, r-devel-linux-x86_64-debian-gcc, r-devel-linux-x86_64-fedora-clang, r-devel-linux-x86_64-fedora-gcc, r-patched-linux-x86_64, r-release-linux-x86_64