CRAN Package Check Results for Package weightedScores

Last updated on 2017-01-17 05:49:20.

Flavor Version Tinstall Tcheck Ttotal Status Flags
r-devel-linux-x86_64-debian-clang 0.9.5.1 4.24 83.29 87.53 OK
r-devel-linux-x86_64-debian-gcc 0.9.5.1 4.52 80.69 85.21 OK
r-devel-linux-x86_64-fedora-clang 0.9.5.1 166.26 OK --no-stop-on-test-error
r-devel-linux-x86_64-fedora-gcc 0.9.5.1 161.27 NOTE --no-stop-on-test-error
r-devel-macos-x86_64-clang 0.9.5.1 116.74 OK --no-stop-on-test-error
r-devel-windows-ix86+x86_64 0.9.5.1 26.00 274.00 300.00 OK
r-patched-linux-x86_64 0.9.5.1 3.88 90.30 94.18 OK
r-patched-solaris-sparc 0.9.5.1 1016.90 OK
r-patched-solaris-x86 0.9.5.1 179.90 OK
r-release-linux-x86_64 0.9.5.1 3.75 88.44 92.18 OK
r-release-osx-x86_64-mavericks 0.9.5.1 OK
r-release-windows-ix86+x86_64 0.9.5.1 23.00 292.00 315.00 OK
r-oldrel-windows-ix86+x86_64 0.9.5.1 29.00 303.00 332.00 OK

Memtest notes: valgrind

Check Details

Version: 0.9.5.1
Flags: --no-stop-on-test-error
Check: compiled code
Result: NOTE
    File ‘weightedScores/libs/weightedScores.so’:
     Found no calls to: ‘R_registerRoutines’, ‘R_useDynamicSymbols’
    
    It is good practice to use registered native symbols and disable symbol
    search.
    
    See ‘Writing portable packages’ in the ‘Writing R Extensions’ manual.
Flavor: r-devel-linux-x86_64-fedora-gcc