CRAN Package Check Results for Package weightedScores

Last updated on 2017-09-23 05:48:45.

Flavor Version Tinstall Tcheck Ttotal Status Flags
r-devel-linux-x86_64-debian-clang 0.9.5.1 3.87 75.96 79.82 NOTE
r-devel-linux-x86_64-debian-gcc 0.9.5.1 4.51 73.91 78.42 NOTE
r-devel-linux-x86_64-fedora-clang 0.9.5.1 169.68 NOTE
r-devel-linux-x86_64-fedora-gcc 0.9.5.1 151.10 NOTE
r-devel-windows-ix86+x86_64 0.9.5.1 23.00 278.00 301.00 OK
r-patched-linux-x86_64 0.9.5.1 4.39 74.33 78.72 NOTE
r-patched-solaris-x86 0.9.5.1 163.60 OK
r-release-linux-x86_64 0.9.5.1 4.16 77.25 81.40 NOTE
r-release-windows-ix86+x86_64 0.9.5.1 22.00 213.00 235.00 OK
r-release-osx-x86_64 0.9.5.1 OK
r-oldrel-windows-ix86+x86_64 0.9.5.1 35.00 298.00 333.00 OK
r-oldrel-osx-x86_64 0.9.5.1 OK

Additional issues

valgrind

Check Details

Version: 0.9.5.1
Check: compiled code
Result: NOTE
    File ‘weightedScores/libs/weightedScores.so’:
     Found no calls to: ‘R_registerRoutines’, ‘R_useDynamicSymbols’
    
    It is good practice to register native routines and to disable symbol
    search.
    
    See ‘Writing portable packages’ in the ‘Writing R Extensions’ manual.
Flavors: r-devel-linux-x86_64-debian-clang, r-devel-linux-x86_64-debian-gcc, r-devel-linux-x86_64-fedora-clang, r-devel-linux-x86_64-fedora-gcc, r-patched-linux-x86_64, r-release-linux-x86_64