CRAN Package Check Results for Package weightedScores

Last updated on 2017-05-27 01:47:13.

Flavor Version Tinstall Tcheck Ttotal Status Flags
r-devel-linux-x86_64-debian-clang 0.9.5.1 4.58 79.98 84.56 NOTE
r-devel-linux-x86_64-debian-gcc 0.9.5.1 4.67 75.55 80.22 NOTE
r-devel-linux-x86_64-fedora-clang 0.9.5.1 164.09 NOTE
r-devel-linux-x86_64-fedora-gcc 0.9.5.1 152.88 NOTE
r-devel-windows-ix86+x86_64 0.9.5.1 31.00 229.00 260.00 OK
r-patched-linux-x86_64 0.9.5.1 4.25 76.53 80.77 NOTE
r-patched-solaris-sparc 0.9.5.1 953.00 OK
r-patched-solaris-x86 0.9.5.1 163.50 OK
r-release-linux-x86_64 0.9.5.1 3.94 74.27 78.20 NOTE
r-release-windows-ix86+x86_64 0.9.5.1 24.00 209.00 233.00 OK
r-release-osx-x86_64 0.9.5.1 OK
r-oldrel-windows-ix86+x86_64 0.9.5.1 35.00 298.00 333.00 OK
r-oldrel-osx-x86_64 0.9.5.1 OK

Additional issues

valgrind

Check Details

Version: 0.9.5.1
Check: compiled code
Result: NOTE
    File ‘weightedScores/libs/weightedScores.so’:
     Found no calls to: ‘R_registerRoutines’, ‘R_useDynamicSymbols’
    
    It is good practice to register native routines and to disable symbol
    search.
    
    See ‘Writing portable packages’ in the ‘Writing R Extensions’ manual.
Flavors: r-devel-linux-x86_64-debian-clang, r-devel-linux-x86_64-debian-gcc, r-devel-linux-x86_64-fedora-clang, r-devel-linux-x86_64-fedora-gcc, r-patched-linux-x86_64, r-release-linux-x86_64