CRAN Package Check Results for Package weightedScores

Last updated on 2017-03-28 11:51:54.

Flavor Version Tinstall Tcheck Ttotal Status Flags
r-devel-linux-x86_64-debian-clang 0.9.5.1 4.35 80.46 84.81 NOTE
r-devel-linux-x86_64-debian-gcc 0.9.5.1 4.60 73.79 78.39 NOTE
r-devel-linux-x86_64-fedora-clang 0.9.5.1 153.29 NOTE --no-stop-on-test-error
r-devel-linux-x86_64-fedora-gcc 0.9.5.1 151.60 NOTE --no-stop-on-test-error
r-devel-macos-x86_64-clang 0.9.5.1 115.54 NOTE --no-stop-on-test-error
r-devel-windows-ix86+x86_64 0.9.5.1 24.00 269.00 293.00 OK
r-patched-linux-x86_64 0.9.5.1 4.03 76.09 80.12 NOTE
r-patched-solaris-sparc 0.9.5.1 953.00 OK
r-patched-solaris-x86 0.9.5.1 167.80 OK
r-release-linux-x86_64 0.9.5.1 3.67 80.90 84.57 OK
r-release-osx-x86_64-mavericks 0.9.5.1 OK
r-release-windows-ix86+x86_64 0.9.5.1 35.00 298.00 333.00 OK
r-oldrel-windows-ix86+x86_64 0.9.5.1 33.00 224.00 257.00 OK

Memtest notes: valgrind

Check Details

Version: 0.9.5.1
Check: compiled code
Result: NOTE
    File ‘weightedScores/libs/weightedScores.so’:
     Found no calls to: ‘R_registerRoutines’, ‘R_useDynamicSymbols’
    
    It is good practice to register native routines and to disable symbol
    search.
    
    See ‘Writing portable packages’ in the ‘Writing R Extensions’ manual.
Flavors: r-devel-linux-x86_64-debian-clang, r-devel-linux-x86_64-debian-gcc, r-patched-linux-x86_64

Version: 0.9.5.1
Flags: --no-stop-on-test-error
Check: compiled code
Result: NOTE
    File ‘weightedScores/libs/weightedScores.so’:
     Found no calls to: ‘R_registerRoutines’, ‘R_useDynamicSymbols’
    
    It is good practice to register native routines and to disable symbol
    search.
    
    See ‘Writing portable packages’ in the ‘Writing R Extensions’ manual.
Flavors: r-devel-linux-x86_64-fedora-clang, r-devel-linux-x86_64-fedora-gcc, r-devel-macos-x86_64-clang