CRAN Package Check Results for Package weightedScores

Last updated on 2015-09-02 14:48:11.

Flavor Version Tinstall Tcheck Ttotal Status Flags
r-devel-linux-x86_64-debian-clang 0.9.1 0.68 71.77 72.44 NOTE
r-devel-linux-x86_64-debian-gcc 0.9.1 0.66 75.79 76.46 NOTE
r-devel-linux-x86_64-fedora-clang 0.9.1 144.51 NOTE
r-devel-linux-x86_64-fedora-gcc 0.9.1 134.37 NOTE
r-devel-osx-x86_64-clang 0.9.1 106.46 OK
r-devel-windows-ix86+x86_64 0.9.1 3.00 130.00 133.00 NOTE
r-patched-linux-x86_64 0.9.1 0.70 74.82 75.52 OK
r-patched-solaris-sparc 0.9.1 898.50 OK
r-patched-solaris-x86 0.9.1 151.50 OK
r-release-linux-x86_64 0.9.1 0.70 71.63 72.33 OK
r-release-osx-x86_64-mavericks 0.9.1 OK
r-release-windows-ix86+x86_64 0.9.1 6.00 130.00 136.00 OK
r-oldrel-windows-ix86+x86_64 0.9.1 5.00 127.00 132.00 OK

Check Details

Version: 0.9.1
Check: R code for possible problems
Result: NOTE
    bcl: no visible global function definition for ‘qnorm’
    cl1: no visible global function definition for ‘nlm’
    derlik.nu: no visible global function definition for ‘qnorm’
    derlik.nu: no visible global function definition for ‘dnorm’
    dmargmodel: no visible global function definition for ‘dpois’
    dmargmodel: no visible global function definition for ‘dbinom’
    dmargmodel: no visible global function definition for ‘dnbinom’
    fisher.nu: no visible global function definition for ‘qnorm’
    fisher.nu: no visible global function definition for ‘dnorm’
    iderlik.nu: no visible global function definition for ‘qnorm’
    iderlik.nu: no visible global function definition for ‘dnorm’
    iee: no visible global function definition for ‘glm’
    iee: no visible global function definition for ‘poisson’
    iee: no visible global function definition for ‘binomial’
    iee: no visible global function definition for ‘nlm’
    linked.mu: no visible global function definition for ‘pnorm’
    pmargmodel: no visible global function definition for ‘ppois’
    pmargmodel: no visible global function definition for ‘pbinom’
    pmargmodel: no visible global function definition for ‘pnbinom’
    qmargmodel: no visible global function definition for ‘qpois’
    qmargmodel: no visible global function definition for ‘qbinom’
    qmargmodel: no visible global function definition for ‘qnbinom’
    weightMat: no visible global function definition for ‘qnorm’
    weightMat: no visible global function definition for ‘pnorm’
    weightMat: no visible global function definition for ‘dnorm’
    Undefined global functions or variables:
     binomial dbinom dnbinom dnorm dpois glm nlm pbinom pnbinom pnorm
     poisson ppois qbinom qnbinom qnorm qpois
    Consider adding
     importFrom("stats", "binomial", "dbinom", "dnbinom", "dnorm", "dpois",
     "glm", "nlm", "pbinom", "pnbinom", "pnorm", "poisson",
     "ppois", "qbinom", "qnbinom", "qnorm", "qpois")
    to your NAMESPACE.
Flavors: r-devel-linux-x86_64-debian-clang, r-devel-linux-x86_64-debian-gcc, r-devel-linux-x86_64-fedora-clang, r-devel-linux-x86_64-fedora-gcc, r-devel-windows-ix86+x86_64