CRAN Package Check Results for Package weightedScores

Last updated on 2018-07-16 06:47:21 CEST.

Flavor Version Tinstall Tcheck Ttotal Status Flags
r-devel-linux-x86_64-debian-clang 0.9.5.1 8.87 99.15 108.02 NOTE
r-devel-linux-x86_64-debian-gcc 0.9.5.1 7.63 91.16 98.79 NOTE
r-devel-linux-x86_64-fedora-clang 0.9.5.1 148.28 NOTE
r-devel-linux-x86_64-fedora-gcc 0.9.5.1 146.16 NOTE
r-devel-windows-ix86+x86_64 0.9.5.1 35.00 218.00 253.00 OK
r-patched-linux-x86_64 0.9.5.1 10.17 118.48 128.65 NOTE
r-patched-solaris-x86 0.9.5.1 180.60 OK
r-release-linux-x86_64 0.9.5.1 9.41 119.31 128.72 NOTE
r-release-windows-ix86+x86_64 0.9.5.1 25.00 198.00 223.00 OK
r-release-osx-x86_64 0.9.5.1 OK
r-oldrel-windows-ix86+x86_64 0.9.5.1 24.00 277.00 301.00 OK
r-oldrel-osx-x86_64 0.9.5.1 OK

Additional issues

valgrind

Check Details

Version: 0.9.5.1
Check: compiled code
Result: NOTE
    File ‘weightedScores/libs/weightedScores.so’:
     Found no calls to: ‘R_registerRoutines’, ‘R_useDynamicSymbols’
    
    It is good practice to register native routines and to disable symbol
    search.
    
    See ‘Writing portable packages’ in the ‘Writing R Extensions’ manual.
Flavors: r-devel-linux-x86_64-debian-clang, r-devel-linux-x86_64-debian-gcc, r-devel-linux-x86_64-fedora-clang, r-devel-linux-x86_64-fedora-gcc, r-patched-linux-x86_64, r-release-linux-x86_64