CRAN Package Check Results for Package weightedScores

Last updated on 2017-11-22 22:58:04 CET.

Flavor Version Tinstall Tcheck Ttotal Status Flags
r-devel-linux-x86_64-debian-clang 0.9.5.1 3.74 75.01 78.75 NOTE
r-devel-linux-x86_64-debian-gcc 0.9.5.1 5.48 148.62 154.09 NOTE
r-devel-linux-x86_64-fedora-clang 0.9.5.1 149.08 NOTE
r-devel-linux-x86_64-fedora-gcc 0.9.5.1 149.66 NOTE
r-devel-windows-ix86+x86_64 0.9.5.1 34.00 220.00 254.00 OK
r-patched-linux-x86_64 0.9.5.1 4.20 79.74 83.93 NOTE
r-patched-solaris-x86 0.9.5.1 168.30 OK
r-release-linux-x86_64 0.9.5.1 4.20 77.80 82.00 NOTE
r-release-windows-ix86+x86_64 0.9.5.1 22.00 213.00 235.00 OK
r-release-osx-x86_64 0.9.5.1 OK
r-oldrel-windows-ix86+x86_64 0.9.5.1 35.00 298.00 333.00 OK
r-oldrel-osx-x86_64 0.9.5.1 OK

Additional issues

valgrind

Check Details

Version: 0.9.5.1
Check: compiled code
Result: NOTE
    File ‘weightedScores/libs/weightedScores.so’:
     Found no calls to: ‘R_registerRoutines’, ‘R_useDynamicSymbols’
    
    It is good practice to register native routines and to disable symbol
    search.
    
    See ‘Writing portable packages’ in the ‘Writing R Extensions’ manual.
Flavors: r-devel-linux-x86_64-debian-clang, r-devel-linux-x86_64-debian-gcc, r-devel-linux-x86_64-fedora-clang, r-devel-linux-x86_64-fedora-gcc, r-patched-linux-x86_64, r-release-linux-x86_64