CRAN Package Check Results for Package weightedScores

Last updated on 2014-07-23 23:48:33.

Flavor Version Tinstall Tcheck Ttotal Status Flags
r-devel-linux-x86_64-debian-clang 0.9 0.90 13.28 14.18 OK
r-devel-linux-x86_64-debian-gcc 0.9 0.96 13.44 14.41 OK
r-devel-linux-x86_64-fedora-clang 0.9 29.67 NOTE
r-devel-linux-x86_64-fedora-gcc 0.9 27.51 NOTE
r-devel-osx-x86_64-clang 0.9 30.23 OK
r-devel-windows-ix86+x86_64 0.9 3.00 24.00 27.00 OK
r-patched-linux-x86_64 0.9 0.76 13.03 13.80 OK
r-patched-solaris-sparc 0.9 170.10 OK
r-patched-solaris-x86 0.9 38.10 OK
r-release-linux-ix86 0.9 1.18 20.37 21.55 OK
r-release-linux-x86_64 0.9 0.80 13.41 14.21 OK
r-release-osx-x86_64-mavericks 0.9 OK
r-release-osx-x86_64-snowleopard 0.9 OK
r-release-windows-ix86+x86_64 0.9 5.00 31.00 36.00 OK
r-oldrel-windows-ix86+x86_64 0.9 3.00 24.00 27.00 OK

Check Details

Version: 0.9
Check: top-level files
Result: NOTE
    Non-standard file/directory found at top level:
     ‘testing’
Flavors: r-devel-linux-x86_64-fedora-clang, r-devel-linux-x86_64-fedora-gcc