CRAN Package Check Results for Package weightedScores

Last updated on 2017-02-25 07:49:39.

Flavor Version Tinstall Tcheck Ttotal Status Flags
r-devel-linux-x86_64-debian-clang 0.9.5.1 4.23 76.64 80.87 NOTE
r-devel-linux-x86_64-debian-gcc 0.9.5.1 4.22 77.57 81.78 NOTE
r-devel-linux-x86_64-fedora-clang 0.9.5.1 157.25 NOTE --no-stop-on-test-error
r-devel-linux-x86_64-fedora-gcc 0.9.5.1 152.99 NOTE --no-stop-on-test-error
r-devel-macos-x86_64-clang 0.9.5.1 118.15 NOTE --no-stop-on-test-error
r-devel-windows-ix86+x86_64 0.9.5.1 16.00 219.00 235.00 OK
r-patched-linux-x86_64 0.9.5.1 3.73 83.08 86.81 OK
r-patched-solaris-sparc 0.9.5.1 1016.90 OK
r-patched-solaris-x86 0.9.5.1 179.70 OK
r-release-linux-x86_64 0.9.5.1 3.73 82.41 86.14 OK
r-release-osx-x86_64-mavericks 0.9.5.1 OK
r-release-windows-ix86+x86_64 0.9.5.1 23.00 292.00 315.00 OK
r-oldrel-windows-ix86+x86_64 0.9.5.1 29.00 303.00 332.00 OK

Memtest notes: valgrind

Check Details

Version: 0.9.5.1
Check: compiled code
Result: NOTE
    File ‘weightedScores/libs/weightedScores.so’:
     Found no calls to: ‘R_registerRoutines’, ‘R_useDynamicSymbols’
    
    It is good practice to register native routines and to disable symbol
    search.
    
    See ‘Writing portable packages’ in the ‘Writing R Extensions’ manual.
Flavors: r-devel-linux-x86_64-debian-clang, r-devel-linux-x86_64-debian-gcc

Version: 0.9.5.1
Flags: --no-stop-on-test-error
Check: compiled code
Result: NOTE
    File ‘weightedScores/libs/weightedScores.so’:
     Found no calls to: ‘R_registerRoutines’, ‘R_useDynamicSymbols’
    
    It is good practice to register native routines and to disable symbol
    search.
    
    See ‘Writing portable packages’ in the ‘Writing R Extensions’ manual.
Flavors: r-devel-linux-x86_64-fedora-clang, r-devel-linux-x86_64-fedora-gcc, r-devel-macos-x86_64-clang