CRAN Package Check Results for Package weights

Last updated on 2017-12-13 07:48:53 CET.

Flavor Version Tinstall Tcheck Ttotal Status Flags
r-devel-linux-x86_64-debian-clang 0.85 6.18 73.92 80.10 NOTE
r-devel-linux-x86_64-debian-gcc 0.85 5.47 59.39 64.86 NOTE
r-devel-linux-x86_64-fedora-clang 0.85 101.49 NOTE
r-devel-linux-x86_64-fedora-gcc 0.85 102.85 NOTE
r-devel-windows-ix86+x86_64 0.85 25.00 163.00 188.00 OK
r-patched-linux-x86_64 0.85 5.81 79.60 85.41 NOTE
r-patched-solaris-x86 0.85 157.40 OK
r-release-linux-x86_64 0.85 7.20 79.26 86.46 NOTE
r-release-windows-ix86+x86_64 0.85 15.00 123.00 138.00 OK
r-release-osx-x86_64 0.85 OK
r-oldrel-windows-ix86+x86_64 0.85 17.00 148.00 165.00 OK
r-oldrel-osx-x86_64 0.85 OK

Check Details

Version: 0.85
Check: compiled code
Result: NOTE
    File ‘weights/libs/weights.so’:
     Found no calls to: ‘R_registerRoutines’, ‘R_useDynamicSymbols’
    
    It is good practice to register native routines and to disable symbol
    search.
    
    See ‘Writing portable packages’ in the ‘Writing R Extensions’ manual.
Flavors: r-devel-linux-x86_64-debian-clang, r-devel-linux-x86_64-debian-gcc, r-devel-linux-x86_64-fedora-clang, r-devel-linux-x86_64-fedora-gcc, r-patched-linux-x86_64, r-release-linux-x86_64