CRAN Package Check Results for Package weights

Last updated on 2016-12-02 22:50:41.

Flavor Version Tinstall Tcheck Ttotal Status Flags
r-devel-linux-x86_64-debian-clang 0.85 4.76 46.53 51.29 OK
r-devel-linux-x86_64-debian-gcc 0.85 4.65 46.11 50.76 OK
r-devel-linux-x86_64-fedora-clang 0.85 112.12 OK
r-devel-linux-x86_64-fedora-gcc 0.85 111.56 OK
r-devel-macos-x86_64-clang 0.85 86.19 NOTE
r-devel-windows-ix86+x86_64 0.85 15.00 97.00 112.00 OK
r-patched-linux-x86_64 0.85 4.59 44.07 48.66 OK
r-patched-solaris-sparc 0.85 590.20 OK
r-patched-solaris-x86 0.85 130.20 OK
r-release-linux-x86_64 0.85 4.13 43.90 48.03 OK
r-release-osx-x86_64-mavericks 0.85 OK
r-release-windows-ix86+x86_64 0.85 21.00 132.00 153.00 OK
r-oldrel-windows-ix86+x86_64 0.85 26.00 147.00 173.00 OK

Check Details

Version: 0.85
Check: R code for possible problems
Result: NOTE
    
    This data.table install has not detected OpenMP support. It will work but slower in single threaded mode.
Flavor: r-devel-macos-x86_64-clang