CRAN Package Check Results for Package weights

Last updated on 2017-02-25 03:48:48.

Flavor Version Tinstall Tcheck Ttotal Status Flags
r-devel-linux-x86_64-debian-clang 0.85 4.21 47.87 52.08 NOTE
r-devel-linux-x86_64-debian-gcc 0.85 4.26 46.55 50.81 NOTE
r-devel-linux-x86_64-fedora-clang 0.85 111.95 NOTE --no-stop-on-test-error
r-devel-linux-x86_64-fedora-gcc 0.85 114.24 NOTE --no-stop-on-test-error
r-devel-macos-x86_64-clang 0.85 86.68 NOTE --no-stop-on-test-error
r-devel-windows-ix86+x86_64 0.85 24.00 150.00 174.00 OK
r-patched-linux-x86_64 0.85 4.47 45.07 49.54 OK
r-patched-solaris-sparc 0.85 575.10 OK
r-patched-solaris-x86 0.85 134.10 OK
r-release-linux-x86_64 0.85 4.33 44.76 49.09 OK
r-release-osx-x86_64-mavericks 0.85 OK
r-release-windows-ix86+x86_64 0.85 22.00 154.00 176.00 OK
r-oldrel-windows-ix86+x86_64 0.85 25.00 139.00 164.00 OK

Check Details

Version: 0.85
Check: compiled code
Result: NOTE
    File ‘weights/libs/weights.so’:
     Found no calls to: ‘R_registerRoutines’, ‘R_useDynamicSymbols’
    
    It is good practice to register native routines and to disable symbol
    search.
    
    See ‘Writing portable packages’ in the ‘Writing R Extensions’ manual.
Flavors: r-devel-linux-x86_64-debian-clang, r-devel-linux-x86_64-debian-gcc

Version: 0.85
Flags: --no-stop-on-test-error
Check: compiled code
Result: NOTE
    File ‘weights/libs/weights.so’:
     Found no calls to: ‘R_registerRoutines’, ‘R_useDynamicSymbols’
    
    It is good practice to register native routines and to disable symbol
    search.
    
    See ‘Writing portable packages’ in the ‘Writing R Extensions’ manual.
Flavors: r-devel-linux-x86_64-fedora-clang, r-devel-linux-x86_64-fedora-gcc, r-devel-macos-x86_64-clang