CRAN Package Check Results for Package weights

Last updated on 2017-03-27 21:49:21.

Flavor Version Tinstall Tcheck Ttotal Status Flags
r-devel-linux-x86_64-debian-clang 0.85 4.44 47.15 51.58 NOTE
r-devel-linux-x86_64-debian-gcc 0.85 4.30 46.19 50.49 NOTE
r-devel-linux-x86_64-fedora-clang 0.85 112.16 NOTE --no-stop-on-test-error
r-devel-linux-x86_64-fedora-gcc 0.85 111.73 NOTE --no-stop-on-test-error
r-devel-macos-x86_64-clang 0.85 86.24 NOTE --no-stop-on-test-error
r-devel-windows-ix86+x86_64 0.85 17.00 171.00 188.00 OK
r-patched-linux-x86_64 0.85 4.46 46.25 50.71 NOTE
r-patched-solaris-sparc 0.85 634.90 OK
r-patched-solaris-x86 0.85 150.90 OK
r-release-linux-x86_64 0.85 4.46 44.22 48.69 OK
r-release-osx-x86_64-mavericks 0.85 OK
r-release-windows-ix86+x86_64 0.85 23.00 99.00 122.00 OK
r-oldrel-windows-ix86+x86_64 0.85 17.00 108.00 125.00 OK

Check Details

Version: 0.85
Check: compiled code
Result: NOTE
    File ‘weights/libs/weights.so’:
     Found no calls to: ‘R_registerRoutines’, ‘R_useDynamicSymbols’
    
    It is good practice to register native routines and to disable symbol
    search.
    
    See ‘Writing portable packages’ in the ‘Writing R Extensions’ manual.
Flavors: r-devel-linux-x86_64-debian-clang, r-devel-linux-x86_64-debian-gcc, r-patched-linux-x86_64

Version: 0.85
Flags: --no-stop-on-test-error
Check: compiled code
Result: NOTE
    File ‘weights/libs/weights.so’:
     Found no calls to: ‘R_registerRoutines’, ‘R_useDynamicSymbols’
    
    It is good practice to register native routines and to disable symbol
    search.
    
    See ‘Writing portable packages’ in the ‘Writing R Extensions’ manual.
Flavors: r-devel-linux-x86_64-fedora-clang, r-devel-linux-x86_64-fedora-gcc, r-devel-macos-x86_64-clang