CRAN Package Check Results for Package weights

Last updated on 2017-10-19 12:49:53.

Flavor Version Tinstall Tcheck Ttotal Status Flags
r-devel-linux-x86_64-debian-clang 0.85 4.22 49.70 53.93 NOTE
r-devel-linux-x86_64-debian-gcc 0.85 5.18 51.42 56.60 NOTE
r-devel-linux-x86_64-fedora-clang 0.85 112.73 NOTE
r-devel-linux-x86_64-fedora-gcc 0.85 115.80 NOTE
r-devel-windows-ix86+x86_64 0.85 13.00 107.00 120.00 OK
r-patched-linux-x86_64 0.85 4.46 47.31 51.78 NOTE
r-patched-solaris-x86 0.85 152.30 OK
r-release-linux-x86_64 0.85 4.49 47.98 52.47 NOTE
r-release-windows-ix86+x86_64 0.85 18.00 145.00 163.00 OK
r-release-osx-x86_64 0.85 OK
r-oldrel-windows-ix86+x86_64 0.85 19.00 158.00 177.00 OK
r-oldrel-osx-x86_64 0.85 OK

Check Details

Version: 0.85
Check: compiled code
Result: NOTE
    File ‘weights/libs/weights.so’:
     Found no calls to: ‘R_registerRoutines’, ‘R_useDynamicSymbols’
    
    It is good practice to register native routines and to disable symbol
    search.
    
    See ‘Writing portable packages’ in the ‘Writing R Extensions’ manual.
Flavors: r-devel-linux-x86_64-debian-clang, r-devel-linux-x86_64-debian-gcc, r-devel-linux-x86_64-fedora-clang, r-devel-linux-x86_64-fedora-gcc, r-patched-linux-x86_64, r-release-linux-x86_64