CRAN Package Check Results for Package weights

Last updated on 2017-04-27 11:54:06.

Flavor Version Tinstall Tcheck Ttotal Status Flags
r-devel-linux-x86_64-debian-clang 0.85 4.16 47.67 51.84 NOTE
r-devel-linux-x86_64-debian-gcc 0.85 4.24 46.26 50.50 NOTE
r-devel-linux-x86_64-fedora-clang 0.85 117.77 NOTE --no-stop-on-test-error
r-devel-linux-x86_64-fedora-gcc 0.85 109.88 NOTE --no-stop-on-test-error
r-devel-windows-ix86+x86_64 0.85 16.00 147.00 163.00 OK
r-patched-linux-x86_64 0.85 4.28 47.65 51.93 NOTE
r-patched-solaris-sparc 0.85 634.90 OK
r-patched-solaris-x86 0.85 150.30 OK
r-release-linux-x86_64 0.85 4.50 47.90 52.40 NOTE
r-release-windows-ix86+x86_64 0.85 13.00 129.00 142.00 OK
r-release-osx-x86_64 0.85 OK
r-oldrel-windows-ix86+x86_64 0.85 24.00 99.00 123.00 OK
r-oldrel-osx-x86_64 0.85 OK

Check Details

Version: 0.85
Check: compiled code
Result: NOTE
    File ‘weights/libs/weights.so’:
     Found no calls to: ‘R_registerRoutines’, ‘R_useDynamicSymbols’
    
    It is good practice to register native routines and to disable symbol
    search.
    
    See ‘Writing portable packages’ in the ‘Writing R Extensions’ manual.
Flavors: r-devel-linux-x86_64-debian-clang, r-devel-linux-x86_64-debian-gcc, r-patched-linux-x86_64, r-release-linux-x86_64

Version: 0.85
Flags: --no-stop-on-test-error
Check: compiled code
Result: NOTE
    File ‘weights/libs/weights.so’:
     Found no calls to: ‘R_registerRoutines’, ‘R_useDynamicSymbols’
    
    It is good practice to register native routines and to disable symbol
    search.
    
    See ‘Writing portable packages’ in the ‘Writing R Extensions’ manual.
Flavors: r-devel-linux-x86_64-fedora-clang, r-devel-linux-x86_64-fedora-gcc