CRAN Package Check Results for Package weights

Last updated on 2018-02-25 19:49:25 CET.

Flavor Version Tinstall Tcheck Ttotal Status Flags
r-devel-linux-x86_64-debian-clang 0.85 7.41 75.47 82.88 NOTE
r-devel-linux-x86_64-debian-gcc 0.85 6.23 59.67 65.90 NOTE
r-devel-linux-x86_64-fedora-clang 0.85 102.09 NOTE
r-devel-linux-x86_64-fedora-gcc 0.85 100.29 NOTE
r-devel-windows-ix86+x86_64 0.85 21.00 149.00 170.00 OK
r-patched-linux-x86_64 0.85 6.20 77.62 83.82 NOTE
r-patched-solaris-x86 0.85 147.80 OK
r-release-linux-x86_64 0.85 6.20 76.78 82.98 NOTE
r-release-windows-ix86+x86_64 0.85 26.00 151.00 177.00 OK
r-release-osx-x86_64 0.85 OK
r-oldrel-windows-ix86+x86_64 0.85 15.00 139.00 154.00 OK
r-oldrel-osx-x86_64 0.85 OK

Check Details

Version: 0.85
Check: compiled code
Result: NOTE
    File ‘weights/libs/weights.so’:
     Found no calls to: ‘R_registerRoutines’, ‘R_useDynamicSymbols’
    
    It is good practice to register native routines and to disable symbol
    search.
    
    See ‘Writing portable packages’ in the ‘Writing R Extensions’ manual.
Flavors: r-devel-linux-x86_64-debian-clang, r-devel-linux-x86_64-debian-gcc, r-devel-linux-x86_64-fedora-clang, r-devel-linux-x86_64-fedora-gcc, r-patched-linux-x86_64, r-release-linux-x86_64