CRAN Package Check Results for Package weights

Last updated on 2015-08-31 19:48:05.

Flavor Version Tinstall Tcheck Ttotal Status Flags
r-devel-linux-x86_64-debian-clang 0.80 1.95 21.98 23.94 NOTE
r-devel-linux-x86_64-debian-gcc 0.80 1.98 21.92 23.89 NOTE
r-devel-linux-x86_64-fedora-clang 0.80 49.04 NOTE
r-devel-linux-x86_64-fedora-gcc 0.80 46.55 NOTE
r-devel-osx-x86_64-clang 0.80 40.40 OK
r-devel-windows-ix86+x86_64 0.80 20.00 60.00 80.00 NOTE
r-patched-linux-x86_64 0.80 2.22 23.33 25.56 OK
r-patched-solaris-sparc 0.80 301.50 OK
r-patched-solaris-x86 0.80 70.80 OK
r-release-linux-x86_64 0.80 2.14 24.36 26.49 OK
r-release-osx-x86_64-mavericks 0.80 OK
r-release-windows-ix86+x86_64 0.80 17.00 111.00 128.00 OK
r-oldrel-windows-ix86+x86_64 0.80 23.00 100.00 123.00 OK

Check Details

Version: 0.80
Check: R code for possible problems
Result: NOTE
    dummify: no visible global function definition for ‘model.matrix’
    na.levs.factor : <anonymous>: no visible binding for global variable
     ‘weights’
    onecor.wtd: no visible global function definition for ‘coef’
    onecor.wtd: no visible global function definition for ‘lm’
    wtd.chi.sq: no visible global function definition for ‘xtabs’
    wtd.chi.sq : <anonymous>: no visible global function definition for
     ‘xtabs’
    wtd.chi.sq: no visible global function definition for ‘pchisq’
    wtd.hist: no visible global function definition for ‘nclass.Sturges’
    wtd.hist: no visible global function definition for ‘nclass.FD’
    wtd.hist: no visible global function definition for ‘nclass.scott’
    wtd.hist: no visible global function definition for ‘xtabs’
    wtd.t.test: no visible global function definition for ‘pt’
    Undefined global functions or variables:
     coef lm model.matrix nclass.FD nclass.Sturges nclass.scott pchisq pt
     weights xtabs
    Consider adding
     importFrom("grDevices", "nclass.FD", "nclass.Sturges", "nclass.scott")
     importFrom("stats", "coef", "lm", "model.matrix", "pchisq", "pt",
     "weights", "xtabs")
    to your NAMESPACE.
Flavors: r-devel-linux-x86_64-debian-clang, r-devel-linux-x86_64-debian-gcc, r-devel-linux-x86_64-fedora-clang, r-devel-linux-x86_64-fedora-gcc, r-devel-windows-ix86+x86_64