Last updated on 2025-01-15 06:48:40 CET.
Flavor | Version | Tinstall | Tcheck | Ttotal | Status | Flags |
---|---|---|---|---|---|---|
r-devel-linux-x86_64-debian-clang | 1.0.4 | 13.29 | 104.41 | 117.70 | NOTE | |
r-devel-linux-x86_64-debian-gcc | 1.0.4 | 8.86 | 73.15 | 82.01 | NOTE | |
r-devel-linux-x86_64-fedora-clang | 1.0.4 | 191.60 | OK | |||
r-devel-linux-x86_64-fedora-gcc | 1.0.4 | 178.36 | OK | |||
r-devel-windows-x86_64 | 1.0.4 | 19.00 | 113.00 | 132.00 | NOTE | |
r-patched-linux-x86_64 | 1.0.4 | 21.46 | 95.19 | 116.65 | OK | |
r-release-linux-x86_64 | 1.0.4 | 15.48 | 97.22 | 112.70 | OK | |
r-release-macos-arm64 | 1.0.4 | 49.00 | OK | |||
r-release-macos-x86_64 | 1.0.4 | 75.00 | OK | |||
r-release-windows-x86_64 | 1.0.4 | 19.00 | 105.00 | 124.00 | OK | |
r-oldrel-macos-arm64 | 1.0.4 | 60.00 | OK | |||
r-oldrel-macos-x86_64 | 1.0.4 | 91.00 | OK | |||
r-oldrel-windows-x86_64 | 1.0.4 | 24.00 | 136.00 | 160.00 | OK |
Version: 1.0.4
Check: Rd cross-references
Result: NOTE
Found the following Rd file(s) with Rd \link{} targets missing package
anchors:
plotwtdinteraction.Rd: mice, gam, bam
wpct.Rd: wtd.table
Please provide package anchors for all Rd \link{} targets not in the
package itself and the base packages.
Flavors: r-devel-linux-x86_64-debian-clang, r-devel-linux-x86_64-debian-gcc, r-devel-windows-x86_64