CRAN Package Check Results for Package weights

Last updated on 2018-06-25 00:49:58 CEST.

Flavor Version Tinstall Tcheck Ttotal Status Flags
r-devel-linux-x86_64-debian-clang 0.90 13.06 101.79 114.85 OK
r-devel-linux-x86_64-debian-gcc 0.90 10.47 90.93 101.40 OK
r-devel-linux-x86_64-fedora-clang 0.90 150.14 OK
r-devel-linux-x86_64-fedora-gcc 0.90 144.04 OK
r-devel-windows-ix86+x86_64 0.90 24.00 168.00 192.00 ERROR
r-patched-linux-x86_64 0.90 9.84 97.60 107.44 OK
r-patched-solaris-x86 0.90 174.90 OK
r-release-linux-x86_64 0.90 12.06 96.04 108.10 OK
r-release-windows-ix86+x86_64 0.90 13.00 5.00 18.00 ERROR
r-release-osx-x86_64 0.90 OK
r-oldrel-windows-ix86+x86_64 0.90 11.00 4.00 15.00 ERROR
r-oldrel-osx-x86_64 0.90 OK

Check Details

Version: 0.90
Check: whether package can be installed
Result: ERROR
    Installation failed.
Flavors: r-devel-windows-ix86+x86_64, r-release-windows-ix86+x86_64, r-oldrel-windows-ix86+x86_64