CRAN Package Check Results for Package weights

Last updated on 2015-07-29 06:48:09.

Flavor Version Tinstall Tcheck Ttotal Status Flags
r-devel-linux-x86_64-debian-clang 0.80 2.18 24.14 26.32 NOTE
r-devel-linux-x86_64-debian-gcc 0.80 2.30 23.79 26.08 NOTE
r-devel-linux-x86_64-fedora-clang 0.80 52.51 NOTE
r-devel-linux-x86_64-fedora-gcc 0.80 49.28 NOTE
r-devel-osx-x86_64-clang 0.80 43.84 OK
r-devel-windows-ix86+x86_64 0.80 11.00 49.00 60.00 NOTE
r-patched-linux-x86_64 0.80 2.12 24.17 26.29 OK
r-patched-solaris-sparc 0.80 301.50 OK
r-patched-solaris-x86 0.80 69.40 OK
r-release-linux-x86_64 0.80 2.25 23.88 26.13 OK
r-release-osx-x86_64-mavericks 0.80 OK
r-release-windows-ix86+x86_64 0.80 15.00 56.00 71.00 OK
r-oldrel-windows-ix86+x86_64 0.80 17.00 91.00 108.00 OK

Check Details

Version: 0.80
Check: R code for possible problems
Result: NOTE
    dummify: no visible global function definition for ‘model.matrix’
    na.levs.factor : <anonymous>: no visible binding for global variable
     ‘weights’
    onecor.wtd: no visible global function definition for ‘coef’
    onecor.wtd: no visible global function definition for ‘lm’
    wtd.chi.sq: no visible global function definition for ‘xtabs’
    wtd.chi.sq : <anonymous>: no visible global function definition for
     ‘xtabs’
    wtd.chi.sq: no visible global function definition for ‘pchisq’
    wtd.hist: no visible global function definition for ‘nclass.Sturges’
    wtd.hist: no visible global function definition for ‘nclass.FD’
    wtd.hist: no visible global function definition for ‘nclass.scott’
    wtd.hist: no visible global function definition for ‘xtabs’
    wtd.t.test: no visible global function definition for ‘pt’
    Undefined global functions or variables:
     coef lm model.matrix nclass.FD nclass.Sturges nclass.scott pchisq pt
     weights xtabs
    Consider adding
     importFrom("grDevices", "nclass.FD", "nclass.Sturges", "nclass.scott")
     importFrom("stats", "coef", "lm", "model.matrix", "pchisq", "pt",
     "weights", "xtabs")
    to your NAMESPACE.
Flavors: r-devel-linux-x86_64-debian-clang, r-devel-linux-x86_64-debian-gcc, r-devel-linux-x86_64-fedora-clang, r-devel-linux-x86_64-fedora-gcc, r-devel-windows-ix86+x86_64