CRAN Package Check Results for Package weights

Last updated on 2014-04-21 12:31:44.

Flavor Version Tinstall Tcheck Ttotal Status Flags
r-devel-linux-x86_64-debian-clang 0.80 1.85 21.73 23.58 OK
r-devel-linux-x86_64-debian-gcc 0.80 1.82 21.84 23.66 OK
r-devel-linux-x86_64-fedora-clang 0.80 45.52 OK
r-devel-linux-x86_64-fedora-gcc 0.80 43.04 OK
r-devel-osx-x86_64-clang 0.80 48.20 OK
r-devel-osx-x86_64-gcc 0.80 ERROR
r-devel-windows-ix86+x86_64 0.80 8.00 45.00 53.00 OK
r-patched-linux-x86_64 0.80 1.76 21.60 23.37 OK
r-patched-solaris-sparc 0.80 255.50 OK
r-patched-solaris-x86 0.80 59.60 OK
r-release-linux-x86_64 0.80 1.82 21.65 23.47 OK
r-release-osx-x86_64-mavericks 0.80 WARN
r-release-osx-x86_64-snowleopard 0.80 OK
r-release-windows-ix86+x86_64 0.80 13.00 44.00 57.00 OK
r-oldrel-windows-ix86+x86_64 0.80 10.00 48.00 58.00 OK

Check Details

Version: 0.80
Check: package dependencies
Result: ERROR
    Package required but not available: ‘Hmisc’
    
    See the information on DESCRIPTION files in the chapter ‘Creating R
    packages’ of the ‘Writing R Extensions’ manual.
Flavor: r-devel-osx-x86_64-gcc

Version: 0.80
Check: PDF version of manual
Result: WARNING
    LaTeX errors when creating PDF version.
    This typically indicates Rd problems.
    LaTeX errors found:
    ! LaTeX Error: File `upquote.sty' not found.
    
    Type X to quit or <RETURN> to proceed,
    or enter new name. (Default extension: sty)
    
    39039fa/Rd2.tex:8: ==> Fatal error occurred, no output PDF file produced!
Flavor: r-release-osx-x86_64-mavericks