CRAN Package Check Results for Package weights

Last updated on 2017-08-17 09:47:30.

Flavor Version Tinstall Tcheck Ttotal Status Flags
r-devel-linux-x86_64-debian-clang 0.85 4.33 47.00 51.33 NOTE
r-devel-linux-x86_64-debian-gcc 0.85 4.14 46.34 50.48 NOTE
r-devel-linux-x86_64-fedora-clang 0.85 113.45 NOTE
r-devel-linux-x86_64-fedora-gcc 0.85 118.36 NOTE
r-devel-windows-ix86+x86_64 0.85 15.00 105.00 120.00 OK
r-patched-linux-x86_64 0.85 4.47 48.25 52.72 NOTE
r-patched-solaris-x86 0.85 151.00 OK
r-release-linux-x86_64 0.85 4.39 48.36 52.75 NOTE
r-release-windows-ix86+x86_64 0.85 14.00 111.00 125.00 OK
r-release-osx-x86_64 0.85 OK
r-oldrel-windows-ix86+x86_64 0.85 13.00 99.00 112.00 OK
r-oldrel-osx-x86_64 0.85 OK

Check Details

Version: 0.85
Check: compiled code
Result: NOTE
    File ‘weights/libs/weights.so’:
     Found no calls to: ‘R_registerRoutines’, ‘R_useDynamicSymbols’
    
    It is good practice to register native routines and to disable symbol
    search.
    
    See ‘Writing portable packages’ in the ‘Writing R Extensions’ manual.
Flavors: r-devel-linux-x86_64-debian-clang, r-devel-linux-x86_64-debian-gcc, r-devel-linux-x86_64-fedora-clang, r-devel-linux-x86_64-fedora-gcc, r-patched-linux-x86_64, r-release-linux-x86_64