CRAN Package Check Results for Package weights

Last updated on 2016-02-06 02:50:08.

Flavor Version Tinstall Tcheck Ttotal Status Flags
r-devel-linux-x86_64-debian-gcc 0.80 1.88 20.51 22.38 NOTE
r-devel-linux-x86_64-fedora-clang 0.80 42.94 NOTE
r-devel-linux-x86_64-fedora-gcc 0.80 40.71 NOTE
r-devel-osx-x86_64-clang 0.80 46.08 OK
r-devel-windows-ix86+x86_64 0.80 14.00 53.00 67.00 NOTE
r-patched-linux-x86_64 0.80 2.11 22.38 24.49 OK
r-patched-solaris-sparc 0.80 253.10 OK
r-patched-solaris-x86 0.80 57.20 OK
r-release-linux-x86_64 0.80 2.10 22.38 24.48 OK
r-release-osx-x86_64-mavericks 0.80 OK
r-release-windows-ix86+x86_64 0.80 15.00 54.00 69.00 OK
r-oldrel-windows-ix86+x86_64 0.80 23.00 98.00 121.00 OK

Check Details

Version: 0.80
Check: R code for possible problems
Result: NOTE
    dummify: no visible global function definition for ‘model.matrix’
    na.levs.factor : <anonymous>: no visible binding for global variable
     ‘weights’
    onecor.wtd: no visible global function definition for ‘coef’
    onecor.wtd: no visible global function definition for ‘lm’
    wtd.chi.sq: no visible global function definition for ‘xtabs’
    wtd.chi.sq : <anonymous>: no visible global function definition for
     ‘xtabs’
    wtd.chi.sq: no visible global function definition for ‘pchisq’
    wtd.hist: no visible global function definition for ‘nclass.Sturges’
    wtd.hist: no visible global function definition for ‘nclass.FD’
    wtd.hist: no visible global function definition for ‘nclass.scott’
    wtd.hist: no visible global function definition for ‘xtabs’
    wtd.t.test: no visible global function definition for ‘pt’
    Undefined global functions or variables:
     coef lm model.matrix nclass.FD nclass.Sturges nclass.scott pchisq pt
     weights xtabs
    Consider adding
     importFrom("grDevices", "nclass.FD", "nclass.Sturges", "nclass.scott")
     importFrom("stats", "coef", "lm", "model.matrix", "pchisq", "pt",
     "weights", "xtabs")
    to your NAMESPACE.
Flavors: r-devel-linux-x86_64-debian-gcc, r-devel-linux-x86_64-fedora-clang, r-devel-linux-x86_64-fedora-gcc, r-devel-windows-ix86+x86_64