CRAN Package Check Results for Package weights

Last updated on 2015-05-28 00:47:18.

Flavor Version Tinstall Tcheck Ttotal Status Flags
r-devel-linux-x86_64-debian-clang 0.80 2.26 23.97 26.24 OK
r-devel-linux-x86_64-debian-gcc 0.80 2.11 23.52 25.63 OK
r-devel-linux-x86_64-fedora-clang 0.80 52.42 OK
r-devel-linux-x86_64-fedora-gcc 0.80 49.18 OK
r-devel-osx-x86_64-clang 0.80 50.20 OK
r-devel-windows-ix86+x86_64 0.80 12.00 56.00 68.00 OK
r-patched-linux-x86_64 0.80 2.24 23.49 25.72 OK
r-patched-solaris-sparc 0.80 280.10 OK
r-patched-solaris-x86 0.80 70.90 OK
r-release-linux-x86_64 0.80 2.13 23.82 25.95 OK
r-release-osx-x86_64-mavericks 0.80 OK
r-release-osx-x86_64-snowleopard 0.80 ERROR
r-release-windows-ix86+x86_64 0.80 12.00 57.00 69.00 OK
r-oldrel-windows-ix86+x86_64 0.80 17.00 94.00 111.00 OK

Check Details

Version: 0.80
Check: package dependencies
Result: ERROR
    Package required but not available: ‘Hmisc’
    
    See section ‘The DESCRIPTION file’ in the ‘Writing R Extensions’
    manual.
Flavor: r-release-osx-x86_64-snowleopard