CRAN Package Check Results for Package weights

Last updated on 2015-04-27 05:47:52.

Flavor Version Tinstall Tcheck Ttotal Status Flags
r-devel-linux-x86_64-debian-clang 0.80 1.96 22.05 24.02 OK
r-devel-linux-x86_64-debian-gcc 0.80 1.92 21.58 23.50 OK
r-devel-linux-x86_64-fedora-clang 0.80 48.64 OK
r-devel-linux-x86_64-fedora-gcc 0.80 45.03 OK
r-devel-osx-x86_64-clang 0.80 46.96 OK
r-devel-windows-ix86+x86_64 0.80 11.00 55.00 66.00 OK
r-patched-linux-x86_64 0.80 2.04 21.90 23.94 OK
r-patched-solaris-sparc 0.80 282.00 OK
r-patched-solaris-x86 0.80 64.00 OK
r-release-linux-x86_64 0.80 1.92 21.74 23.66 OK
r-release-osx-x86_64-mavericks 0.80 OK
r-release-osx-x86_64-snowleopard 0.80 ERROR
r-release-windows-ix86+x86_64 0.80 10.00 53.00 63.00 OK
r-oldrel-windows-ix86+x86_64 0.80 15.00 84.00 99.00 OK

Check Details

Version: 0.80
Check: package dependencies
Result: ERROR
    Package required but not available: ‘Hmisc’
    
    See section ‘The DESCRIPTION file’ in the ‘Writing R Extensions’
    manual.
Flavor: r-release-osx-x86_64-snowleopard