CRAN Package Check Results for Package weights

Last updated on 2018-04-23 03:51:03 CEST.

Flavor Version Tinstall Tcheck Ttotal Status Flags
r-devel-linux-x86_64-debian-clang 0.85 8.76 66.33 75.09 NOTE
r-devel-linux-x86_64-debian-gcc 0.85 6.44 60.22 66.66 NOTE
r-devel-linux-x86_64-fedora-clang 0.85 103.17 NOTE
r-devel-linux-x86_64-fedora-gcc 0.85 97.39 NOTE
r-devel-windows-ix86+x86_64 0.85 23.00 112.00 135.00 OK
r-devel-osx-x86_64 0.85 OK
r-patched-linux-x86_64 0.85 8.85 75.20 84.05 NOTE
r-patched-solaris-x86 0.85 148.50 OK
r-release-linux-x86_64 0.85 6.66 76.44 83.10 NOTE
r-release-windows-ix86+x86_64 0.85 17.00 167.00 184.00 OK
r-release-osx-x86_64 0.85 OK
r-oldrel-windows-ix86+x86_64 0.85 22.00 112.00 134.00 OK

Check Details

Version: 0.85
Check: compiled code
Result: NOTE
    File ‘weights/libs/weights.so’:
     Found no calls to: ‘R_registerRoutines’, ‘R_useDynamicSymbols’
    
    It is good practice to register native routines and to disable symbol
    search.
    
    See ‘Writing portable packages’ in the ‘Writing R Extensions’ manual.
Flavors: r-devel-linux-x86_64-debian-clang, r-devel-linux-x86_64-debian-gcc, r-devel-linux-x86_64-fedora-clang, r-devel-linux-x86_64-fedora-gcc, r-patched-linux-x86_64, r-release-linux-x86_64