CRAN Package Check Results for Package weights

Last updated on 2017-06-29 06:53:28.

Flavor Version Tinstall Tcheck Ttotal Status Flags
r-devel-linux-x86_64-debian-clang 0.85 4.40 47.99 52.38 NOTE
r-devel-linux-x86_64-debian-gcc 0.85 4.35 46.75 51.10 NOTE
r-devel-linux-x86_64-fedora-clang 0.85 113.95 NOTE
r-devel-linux-x86_64-fedora-gcc 0.85 111.88 NOTE
r-devel-windows-ix86+x86_64 0.85 21.00 109.00 130.00 OK
r-patched-linux-x86_64 0.85 4.42 46.94 51.36 NOTE
r-patched-solaris-sparc 0.85 634.90 OK
r-patched-solaris-x86 0.85 146.00 OK
r-release-linux-x86_64 0.85 4.31 47.38 51.69 NOTE
r-release-windows-ix86+x86_64 0.85 18.00 165.00 183.00 OK
r-release-osx-x86_64 0.85 OK
r-oldrel-windows-ix86+x86_64 0.85 24.00 164.00 188.00 OK
r-oldrel-osx-x86_64 0.85 OK

Check Details

Version: 0.85
Check: compiled code
Result: NOTE
    File ‘weights/libs/weights.so’:
     Found no calls to: ‘R_registerRoutines’, ‘R_useDynamicSymbols’
    
    It is good practice to register native routines and to disable symbol
    search.
    
    See ‘Writing portable packages’ in the ‘Writing R Extensions’ manual.
Flavors: r-devel-linux-x86_64-debian-clang, r-devel-linux-x86_64-debian-gcc, r-devel-linux-x86_64-fedora-clang, r-devel-linux-x86_64-fedora-gcc, r-patched-linux-x86_64, r-release-linux-x86_64