CRAN Package Check Results for Package wethepeople

Last updated on 2014-04-24 09:49:13.

Flavor Version Tinstall Tcheck Ttotal Status Flags
r-devel-linux-x86_64-debian-clang 0.6.1 2.60 46.35 48.96 NOTE
r-devel-linux-x86_64-debian-gcc 0.6.1 2.59 46.00 48.59 NOTE
r-devel-linux-x86_64-fedora-clang 0.6.1 89.03 NOTE
r-devel-linux-x86_64-fedora-gcc 0.6.1 84.60 NOTE
r-devel-osx-x86_64-clang 0.6.1 97.04 NOTE
r-devel-osx-x86_64-gcc 0.6.1 ERROR
r-devel-windows-ix86+x86_64 0.6.1 10.00 66.00 76.00 NOTE
r-patched-linux-x86_64 0.6.1 2.63 45.36 48.00 NOTE
r-patched-solaris-sparc 0.6.1 509.70 NOTE
r-patched-solaris-x86 0.6.1 108.50 NOTE
r-release-linux-ix86 0.6.1 4.00 80.00 84.00 NOTE
r-release-linux-x86_64 0.6.1 2.64 48.88 51.51 NOTE
r-release-osx-x86_64-mavericks 0.6.1 WARN
r-release-osx-x86_64-snowleopard 0.6.1 NOTE
r-release-windows-ix86+x86_64 0.6.1 9.00 71.00 80.00 NOTE
r-oldrel-windows-ix86+x86_64 0.6.1 11.00 73.00 84.00 NOTE

Check Details

Version: 0.6.1
Check: package dependencies
Result: NOTE
    Depends: includes the non-default packages:
     ‘rjson’ ‘ggplot2’ ‘plyr’ ‘reshape’ ‘tm’ ‘wordcloud’ ‘RColorBrewer’
     ‘RCurl’
    Adding so many packages to the search path is excessive and importing
    selectively is preferable.
Flavors: r-devel-linux-x86_64-debian-clang, r-devel-linux-x86_64-debian-gcc, r-devel-linux-x86_64-fedora-clang, r-devel-linux-x86_64-fedora-gcc, r-patched-linux-x86_64, r-release-linux-ix86, r-release-linux-x86_64, r-release-osx-x86_64-snowleopard

Version: 0.6.1
Check: dependencies in R code
Result: NOTE
    Packages in Depends field not imported from:
     ‘RColorBrewer’ ‘plyr’
     These packages need to be imported from (in the NAMESPACE file)
     for when this namespace is loaded but not attached.
    See the information on DESCRIPTION files in the chapter ‘Creating R
    packages’ of the ‘Writing R Extensions’ manual.
Flavors: r-devel-linux-x86_64-debian-clang, r-devel-linux-x86_64-debian-gcc, r-devel-linux-x86_64-fedora-clang, r-devel-linux-x86_64-fedora-gcc, r-devel-osx-x86_64-clang, r-devel-windows-ix86+x86_64, r-patched-linux-x86_64, r-patched-solaris-sparc, r-patched-solaris-x86, r-release-linux-ix86, r-release-linux-x86_64, r-release-osx-x86_64-mavericks, r-release-windows-ix86+x86_64, r-oldrel-windows-ix86+x86_64

Version: 0.6.1
Check: data for non-ASCII characters
Result: NOTE
     Note: found 79 marked UTF-8 strings
Flavors: r-devel-linux-x86_64-debian-clang, r-devel-linux-x86_64-debian-gcc, r-devel-linux-x86_64-fedora-clang, r-devel-linux-x86_64-fedora-gcc, r-devel-osx-x86_64-clang, r-devel-windows-ix86+x86_64, r-patched-linux-x86_64, r-patched-solaris-sparc, r-patched-solaris-x86, r-release-linux-ix86, r-release-linux-x86_64, r-release-osx-x86_64-mavericks, r-release-osx-x86_64-snowleopard, r-release-windows-ix86+x86_64, r-oldrel-windows-ix86+x86_64

Version: 0.6.1
Check: package dependencies
Result: NOTE
    Package suggested but not available for checking: ‘RMySQL’
    
    Depends: includes the non-default packages:
     ‘rjson’ ‘ggplot2’ ‘plyr’ ‘reshape’ ‘tm’ ‘wordcloud’ ‘RColorBrewer’
     ‘RCurl’
    Adding so many packages to the search path is excessive and importing
    selectively is preferable.
Flavors: r-devel-osx-x86_64-clang, r-devel-windows-ix86+x86_64, r-patched-solaris-sparc, r-patched-solaris-x86, r-release-osx-x86_64-mavericks, r-release-windows-ix86+x86_64

Version: 0.6.1
Check: R code for possible problems
Result: NOTE
    WeThePeopleMySQLClient: no visible global function definition for
     ‘dbConnect’
    WeThePeopleMySQLClient: no visible global function definition for
     ‘MySQL’
    WeThePeopleMySQLClient : getQuery: no visible global function
     definition for ‘dbGetQuery’
Flavors: r-devel-osx-x86_64-clang, r-devel-windows-ix86+x86_64, r-patched-solaris-sparc, r-patched-solaris-x86, r-release-osx-x86_64-mavericks, r-release-windows-ix86+x86_64, r-oldrel-windows-ix86+x86_64

Version: 0.6.1
Check: package dependencies
Result: ERROR
    Packages required but not available: ‘ggplot2’ ‘tm’
    
    Depends: includes the non-default packages:
     ‘rjson’ ‘ggplot2’ ‘plyr’ ‘reshape’ ‘tm’ ‘wordcloud’ ‘RColorBrewer’
     ‘RCurl’
    Adding so many packages to the search path is excessive and importing
    selectively is preferable.
    
    See the information on DESCRIPTION files in the chapter ‘Creating R
    packages’ of the ‘Writing R Extensions’ manual.
Flavor: r-devel-osx-x86_64-gcc

Version: 0.6.1
Check: PDF version of manual
Result: WARNING
    LaTeX errors when creating PDF version.
    This typically indicates Rd problems.
    LaTeX errors found:
    ! LaTeX Error: File `upquote.sty' not found.
    
    Type X to quit or <RETURN> to proceed,
    or enter new name. (Default extension: sty)
    
    13cdad5/Rd2.tex:8: ==> Fatal error occurred, no output PDF file produced!
Flavor: r-release-osx-x86_64-mavericks

Version: 0.6.1
Check: dependencies in R code
Result: NOTE
    Packages in Depends field not imported from:
     'RColorBrewer' 'plyr'
     These packages need to be imported from for the case when
     this namespace is loaded but not attached.
    See the information on DESCRIPTION files in the chapter 'Creating R
    packages' of the 'Writing R Extensions' manual.
Flavor: r-release-osx-x86_64-snowleopard

Version: 0.6.1
Check: package dependencies
Result: NOTE
    Package suggested but not available for checking: 'RMySQL'
Flavor: r-oldrel-windows-ix86+x86_64