CRAN Package Check Results for Package wfe

Last updated on 2014-04-24 19:54:11.

Flavor Version Tinstall Tcheck Ttotal Status Flags
r-devel-linux-x86_64-debian-clang 1.2 6.50 60.97 67.47 WARN
r-devel-linux-x86_64-debian-gcc 1.2 7.26 60.58 67.85 WARN
r-devel-linux-x86_64-fedora-clang 1.2 118.40 WARN
r-devel-linux-x86_64-fedora-gcc 1.2 148.94 WARN
r-devel-osx-x86_64-clang 1.2 129.52 WARN
r-devel-osx-x86_64-gcc 1.2 NOTE
r-devel-windows-ix86+x86_64 1.2 19.00 103.00 122.00 WARN
r-patched-linux-x86_64 1.2 7.23 60.47 67.70 WARN
r-patched-solaris-sparc 1.2 806.00 NOTE
r-patched-solaris-x86 1.2 185.30 NOTE
r-release-linux-ix86 1.2 10.00 92.00 102.00 WARN
r-release-linux-x86_64 1.2 7.17 60.80 67.97 WARN
r-release-osx-x86_64-mavericks 1.2 WARN
r-release-osx-x86_64-snowleopard 1.2 NOTE
r-release-windows-ix86+x86_64 1.2 19.00 110.00 129.00 WARN
r-oldrel-windows-ix86+x86_64 1.2 18.00 106.00 124.00 NOTE

Check Details

Version: 1.2
Check: whether package can be installed
Result: WARNING
    Found the following significant warnings:
     wfe.c:1008:1: warning: control reaches end of non-void function [-Wreturn-type]
     wfe.c:1444:1: warning: control reaches end of non-void function [-Wreturn-type]
    See ‘/home/hornik/tmp/R.check/r-devel-clang/Work/PKGS/wfe.Rcheck/00install.out’ for details.
Flavor: r-devel-linux-x86_64-debian-clang

Version: 1.2
Check: dependencies in R code
Result: NOTE
    Package in Depends field not imported from: ‘arm’
     These packages need to be imported from (in the NAMESPACE file)
     for when this namespace is loaded but not attached.
    See the information on DESCRIPTION files in the chapter ‘Creating R
    packages’ of the ‘Writing R Extensions’ manual.
Flavors: r-devel-linux-x86_64-debian-clang, r-devel-linux-x86_64-debian-gcc, r-devel-linux-x86_64-fedora-clang, r-devel-linux-x86_64-fedora-gcc, r-devel-osx-x86_64-clang, r-devel-osx-x86_64-gcc, r-devel-windows-ix86+x86_64, r-patched-linux-x86_64, r-patched-solaris-sparc, r-patched-solaris-x86, r-release-linux-ix86, r-release-linux-x86_64, r-release-osx-x86_64-mavericks, r-release-windows-ix86+x86_64, r-oldrel-windows-ix86+x86_64

Version: 1.2
Check: whether package can be installed
Result: WARNING
    Found the following significant warnings:
     wfe.c:1008:1: warning: control reaches end of non-void function [-Wreturn-type]
     wfe.c:1444:1: warning: control reaches end of non-void function [-Wreturn-type]
    See ‘/home/hornik/tmp/R.check/r-devel-gcc/Work/PKGS/wfe.Rcheck/00install.out’ for details.
Flavor: r-devel-linux-x86_64-debian-gcc

Version: 1.2
Check: whether package can be installed
Result: WARNING
    Found the following significant warnings:
     wfe.c:1008:1: warning: control reaches end of non-void function [-Wreturn-type]
     wfe.c:1444:1: warning: control reaches end of non-void function [-Wreturn-type]
    See ‘/data/gannet/ripley/R/packages/tests-clang/wfe.Rcheck/00install.out’ for details.
Flavor: r-devel-linux-x86_64-fedora-clang

Version: 1.2
Check: whether package can be installed
Result: WARNING
    Found the following significant warnings:
     wfe.c:1008:1: warning: control reaches end of non-void function [-Wreturn-type]
     wfe.c:1444:1: warning: control reaches end of non-void function [-Wreturn-type]
    See ‘/data/gannet/ripley/R/packages/tests-devel/wfe.Rcheck/00install.out’ for details.
Flavor: r-devel-linux-x86_64-fedora-gcc

Version: 1.2
Check: whether package can be installed
Result: WARNING
    Found the following significant warnings:
     wfe.c:1008:1: warning: control reaches end of non-void function [-Wreturn-type]
     wfe.c:1444:1: warning: control reaches end of non-void function [-Wreturn-type]
    See ‘/Users/ripley/R/packages/tests-devel/wfe.Rcheck/00install.out’ for details.
Flavor: r-devel-osx-x86_64-clang

Version: 1.2
Check: whether package can be installed
Result: WARNING
    Found the following significant warnings:
     wfe.c:1444:1: warning: control reaches end of non-void function [-Wreturn-type]
     wfe.c:1008:1: warning: control reaches end of non-void function [-Wreturn-type]
    See 'd:/Rcompile/CRANpkg/local/3.2/wfe.Rcheck/00install.out' for details.
Flavor: r-devel-windows-ix86+x86_64

Version: 1.2
Check: whether package can be installed
Result: WARNING
    Found the following significant warnings:
     wfe.c:1008:1: warning: control reaches end of non-void function [-Wreturn-type]
     wfe.c:1444:1: warning: control reaches end of non-void function [-Wreturn-type]
    See ‘/home/hornik/tmp/R.check/r-patched-gcc/Work/PKGS/wfe.Rcheck/00install.out’ for details.
Flavor: r-patched-linux-x86_64

Version: 1.2
Check: whether package can be installed
Result: WARNING
    Found the following significant warnings:
     wfe.c:1008:1: warning: control reaches end of non-void function [-Wreturn-type]
     wfe.c:1444:1: warning: control reaches end of non-void function [-Wreturn-type]
    See ‘/home/hornik/tmp/R.check/r-release-gcc/Work/PKGS/wfe.Rcheck/00install.out’ for details.
Flavors: r-release-linux-ix86, r-release-linux-x86_64

Version: 1.2
Check: whether package can be installed
Result: WARNING
    Found the following significant warnings:
     wfe.c:1008:1: warning: control reaches end of non-void function [-Wreturn-type]
     wfe.c:1444:1: warning: control reaches end of non-void function [-Wreturn-type]
    See ‘/Builds/CRAN-QA-Simon/packages/mavericks-x86_64/results/3.1/wfe.Rcheck/00install.out’ for details.
Flavor: r-release-osx-x86_64-mavericks

Version: 1.2
Check: dependencies in R code
Result: NOTE
    Package in Depends field not imported from: 'arm'
     These packages need to be imported from for the case when
     this namespace is loaded but not attached.
    See the information on DESCRIPTION files in the chapter 'Creating R
    packages' of the 'Writing R Extensions' manual.
Flavor: r-release-osx-x86_64-snowleopard

Version: 1.2
Check: whether package can be installed
Result: WARNING
    Found the following significant warnings:
     wfe.c:1444:1: warning: control reaches end of non-void function [-Wreturn-type]
     wfe.c:1008:1: warning: control reaches end of non-void function [-Wreturn-type]
     wfe.c:1444:1: warning: control reaches end of non-void function [-Wreturn-type]
     wfe.c:1008:1: warning: control reaches end of non-void function [-Wreturn-type]
    See 'd:/Rcompile/CRANpkg/local/3.1/wfe.Rcheck/00install.out' for details.
Flavor: r-release-windows-ix86+x86_64