CRAN Package Check Results for Package wfe

Last updated on 2014-07-31 11:51:19.

Flavor Version Tinstall Tcheck Ttotal Status Flags
r-devel-linux-x86_64-debian-clang 1.2 6.22 58.60 64.82 WARN
r-devel-linux-x86_64-debian-gcc 1.2 7.17 56.98 64.16 WARN
r-devel-linux-x86_64-fedora-clang 1.2 150.89 WARN
r-devel-linux-x86_64-fedora-gcc 1.2 144.10 WARN
r-devel-osx-x86_64-clang 1.2 123.16 WARN
r-devel-windows-ix86+x86_64 1.2 19.00 101.00 120.00 WARN
r-patched-linux-x86_64 1.2 7.26 58.28 65.54 WARN
r-patched-solaris-sparc 1.2 783.30 NOTE
r-patched-solaris-x86 1.2 186.70 NOTE
r-release-linux-ix86 1.2 8.17 69.20 77.36 WARN
r-release-linux-x86_64 1.2 7.32 58.40 65.72 WARN
r-release-osx-x86_64-mavericks 1.2 WARN
r-release-osx-x86_64-snowleopard 1.2 NOTE
r-release-windows-ix86+x86_64 1.2 30.00 154.00 184.00 WARN
r-oldrel-windows-ix86+x86_64 1.2 21.00 149.00 170.00 NOTE

Check Details

Version: 1.2
Check: whether package can be installed
Result: WARNING
    Found the following significant warnings:
     wfe.c:1008:1: warning: control reaches end of non-void function [-Wreturn-type]
     wfe.c:1444:1: warning: control reaches end of non-void function [-Wreturn-type]
Flavors: r-devel-linux-x86_64-debian-clang, r-devel-linux-x86_64-debian-gcc, r-devel-linux-x86_64-fedora-clang, r-devel-linux-x86_64-fedora-gcc, r-devel-osx-x86_64-clang, r-patched-linux-x86_64, r-release-linux-ix86, r-release-linux-x86_64, r-release-osx-x86_64-mavericks

Version: 1.2
Check: dependencies in R code
Result: NOTE
    Package in Depends field not imported from: arm
     These packages need to be imported from (in the NAMESPACE file)
     for when this namespace is loaded but not attached.
    See the information on DESCRIPTION files in the chapter Creating R
    packages of the Writing R Extensions manual.
Flavors: r-devel-linux-x86_64-debian-clang, r-devel-linux-x86_64-debian-gcc, r-devel-linux-x86_64-fedora-clang, r-devel-linux-x86_64-fedora-gcc, r-devel-osx-x86_64-clang, r-devel-windows-ix86+x86_64, r-patched-linux-x86_64, r-patched-solaris-sparc, r-patched-solaris-x86, r-release-linux-ix86, r-release-linux-x86_64, r-release-osx-x86_64-mavericks, r-release-windows-ix86+x86_64, r-oldrel-windows-ix86+x86_64

Version: 1.2
Check: whether package can be installed
Result: WARNING
    Found the following significant warnings:
     wfe.c:1444:1: warning: control reaches end of non-void function [-Wreturn-type]
     wfe.c:1008:1: warning: control reaches end of non-void function [-Wreturn-type]
Flavors: r-devel-windows-ix86+x86_64, r-release-windows-ix86+x86_64

Version: 1.2
Check: dependencies in R code
Result: NOTE
    Package in Depends field not imported from: 'arm'
     These packages need to be imported from for the case when
     this namespace is loaded but not attached.
    See the information on DESCRIPTION files in the chapter 'Creating R
    packages' of the 'Writing R Extensions' manual.
Flavor: r-release-osx-x86_64-snowleopard