CRAN Package Check Results for Package wfe

Last updated on 2017-06-22 19:47:30.

Flavor Version Tinstall Tcheck Ttotal Status Flags
r-devel-linux-x86_64-debian-clang 1.3 6.66 46.09 52.76 NOTE
r-devel-linux-x86_64-debian-gcc 1.3 6.54 45.42 51.96 NOTE
r-devel-linux-x86_64-fedora-clang 1.3 110.93 NOTE
r-devel-linux-x86_64-fedora-gcc 1.3 108.99 NOTE
r-devel-windows-ix86+x86_64 1.3 26.00 108.00 134.00 NOTE
r-patched-linux-x86_64 1.3 5.93 44.73 50.66 NOTE
r-patched-solaris-sparc 1.3 636.80 NOTE
r-patched-solaris-x86 1.3 148.50 NOTE
r-release-linux-x86_64 1.3 5.63 43.80 49.43 NOTE
r-release-windows-ix86+x86_64 1.3 25.00 164.00 189.00 NOTE
r-release-osx-x86_64 1.3 NOTE
r-oldrel-windows-ix86+x86_64 1.3 23.00 91.00 114.00 NOTE
r-oldrel-osx-x86_64 1.3 NOTE

Check Details

Version: 1.3
Check: R code for possible problems
Result: NOTE
    .ls.objects: no visible binding for global variable ‘object.size’
    .onAttach: no visible global function definition for
     ‘packageDescription’
    print.summary.pwfe: no visible global function definition for
     ‘printCoefmat’
    print.summary.wfe: no visible global function definition for
     ‘printCoefmat’
    print.summary.wfedid: no visible global function definition for
     ‘printCoefmat’
    pwfe: no visible global function definition for ‘na.omit’
    pwfe: no visible global function definition for ‘as.formula’
    pwfe: no visible global function definition for ‘flush.console’
    pwfe: no visible global function definition for ‘binomial’
    pwfe: no visible global function definition for ‘fitted’
    pwfe: no visible global function definition for ‘lm’
    pwfe: no visible global function definition for ‘model.frame’
    pwfe: no visible global function definition for ‘model.matrix’
    pwfe: no visible global function definition for ‘model.response’
    pwfe: no visible global function definition for ‘resid’
    pwfe: no visible global function definition for ‘vcov’
    pwfe: no visible global function definition for ‘pchisq’
    summary.pwfe: no visible global function definition for ‘coef’
    summary.pwfe: no visible global function definition for ‘pt’
    summary.wfe: no visible global function definition for ‘coef’
    summary.wfe: no visible global function definition for ‘pt’
    summary.wfedid: no visible global function definition for ‘pt’
    wfe: no visible global function definition for ‘model.frame’
    wfe: no visible global function definition for ‘model.matrix’
    wfe: no visible global function definition for ‘model.response’
    wfe: no visible global function definition for ‘na.omit’
    wfe: no visible global function definition for ‘flush.console’
    wfe: no visible global function definition for ‘as.formula’
    wfe: no visible global function definition for ‘lm’
    wfe: no visible global function definition for ‘vcov’
    wfe: no visible global function definition for ‘pchisq’
    wfe: no visible global function definition for ‘as’
    Undefined global functions or variables:
     as as.formula binomial coef fitted flush.console lm model.frame
     model.matrix model.response na.omit object.size packageDescription
     pchisq printCoefmat pt resid vcov
    Consider adding
     importFrom("methods", "as")
     importFrom("stats", "as.formula", "binomial", "coef", "fitted", "lm",
     "model.frame", "model.matrix", "model.response", "na.omit",
     "pchisq", "printCoefmat", "pt", "resid", "vcov")
     importFrom("utils", "flush.console", "object.size",
     "packageDescription")
    to your NAMESPACE file (and ensure that your DESCRIPTION Imports field
    contains 'methods').
Flavors: r-devel-linux-x86_64-debian-clang, r-devel-linux-x86_64-debian-gcc, r-devel-linux-x86_64-fedora-clang, r-devel-linux-x86_64-fedora-gcc, r-devel-windows-ix86+x86_64, r-patched-linux-x86_64, r-patched-solaris-sparc, r-patched-solaris-x86, r-release-linux-x86_64, r-release-windows-ix86+x86_64, r-release-osx-x86_64, r-oldrel-windows-ix86+x86_64, r-oldrel-osx-x86_64

Version: 1.3
Check: compiled code
Result: NOTE
    File ‘wfe/libs/wfe.so’:
     Found no calls to: ‘R_registerRoutines’, ‘R_useDynamicSymbols’
    
    It is good practice to register native routines and to disable symbol
    search.
    
    See ‘Writing portable packages’ in the ‘Writing R Extensions’ manual.
Flavors: r-devel-linux-x86_64-debian-clang, r-devel-linux-x86_64-debian-gcc, r-devel-linux-x86_64-fedora-clang, r-devel-linux-x86_64-fedora-gcc, r-patched-linux-x86_64, r-release-linux-x86_64