CRAN Package Check Results for Package wfe

Last updated on 2015-07-06 06:47:07.

Flavor Version Tinstall Tcheck Ttotal Status Flags
r-devel-linux-x86_64-debian-clang 1.3 5.07 43.16 48.23 NOTE
r-devel-linux-x86_64-debian-gcc 1.3 5.88 42.79 48.67 NOTE
r-devel-linux-x86_64-fedora-clang 1.3 99.92 NOTE
r-devel-linux-x86_64-fedora-gcc 1.3 95.16 NOTE
r-devel-osx-x86_64-clang 1.3 77.59 OK
r-devel-windows-ix86+x86_64 1.3 18.00 89.00 107.00 NOTE
r-patched-linux-x86_64 1.3 6.45 44.16 50.61 OK
r-patched-solaris-sparc 1.3 609.40 OK
r-patched-solaris-x86 1.3 139.40 OK
r-release-linux-x86_64 1.3 5.88 47.52 53.40 OK
r-release-osx-x86_64-mavericks 1.3 OK
r-release-windows-ix86+x86_64 1.3 26.00 85.00 111.00 OK
r-oldrel-windows-ix86+x86_64 1.3 31.00 160.00 191.00 OK

Check Details

Version: 1.3
Check: R code for possible problems
Result: NOTE
    .ls.objects: no visible binding for global variable ‘object.size’
    .onAttach: no visible global function definition for
     ‘packageDescription’
    print.summary.pwfe: no visible global function definition for
     ‘printCoefmat’
    print.summary.wfe: no visible global function definition for
     ‘printCoefmat’
    print.summary.wfedid: no visible global function definition for
     ‘printCoefmat’
    pwfe: no visible global function definition for ‘na.omit’
    pwfe: no visible global function definition for ‘as.formula’
    pwfe: no visible global function definition for ‘flush.console’
    pwfe: Error while checking: invalid ‘envir’ argument
    summary.pwfe: no visible global function definition for ‘coef’
    summary.pwfe: no visible global function definition for ‘pt’
    summary.wfe: no visible global function definition for ‘coef’
    summary.wfe: no visible global function definition for ‘pt’
    summary.wfedid: no visible global function definition for ‘pt’
    wfe: no visible global function definition for ‘model.frame’
    wfe: no visible global function definition for ‘model.matrix’
    wfe: no visible global function definition for ‘model.response’
    wfe: no visible global function definition for ‘na.omit’
    wfe: no visible global function definition for ‘flush.console’
    wfe: no visible global function definition for ‘as.formula’
    wfe: no visible global function definition for ‘lm’
    wfe: no visible global function definition for ‘vcov’
    wfe: no visible global function definition for ‘pchisq’
    wfe: no visible global function definition for ‘as’
    Undefined global functions or variables:
     as as.formula coef flush.console lm model.frame model.matrix
     model.response na.omit object.size packageDescription pchisq
     printCoefmat pt vcov
Flavors: r-devel-linux-x86_64-debian-clang, r-devel-linux-x86_64-debian-gcc, r-devel-linux-x86_64-fedora-clang, r-devel-linux-x86_64-fedora-gcc

Version: 1.3
Check: R code for possible problems
Result: NOTE
    .ls.objects: no visible binding for global variable 'object.size'
    .onAttach: no visible global function definition for
     'packageDescription'
    print.summary.pwfe: no visible global function definition for
     'printCoefmat'
    print.summary.wfe: no visible global function definition for
     'printCoefmat'
    print.summary.wfedid: no visible global function definition for
     'printCoefmat'
    pwfe: no visible global function definition for 'na.omit'
    pwfe: no visible global function definition for 'as.formula'
    pwfe: no visible global function definition for 'flush.console'
    pwfe: no visible global function definition for 'binomial'
    pwfe: no visible global function definition for 'fitted'
    pwfe: no visible global function definition for 'lm'
    pwfe: no visible global function definition for 'model.frame'
    pwfe: no visible global function definition for 'model.matrix'
    pwfe: no visible global function definition for 'model.response'
    pwfe: no visible global function definition for 'resid'
    pwfe: no visible global function definition for 'vcov'
    pwfe: no visible global function definition for 'pchisq'
    summary.pwfe: no visible global function definition for 'coef'
    summary.pwfe: no visible global function definition for 'pt'
    summary.wfe: no visible global function definition for 'coef'
    summary.wfe: no visible global function definition for 'pt'
    summary.wfedid: no visible global function definition for 'pt'
    wfe: no visible global function definition for 'model.frame'
    wfe: no visible global function definition for 'model.matrix'
    wfe: no visible global function definition for 'model.response'
    wfe: no visible global function definition for 'na.omit'
    wfe: no visible global function definition for 'flush.console'
    wfe: no visible global function definition for 'as.formula'
    wfe: no visible global function definition for 'lm'
    wfe: no visible global function definition for 'vcov'
    wfe: no visible global function definition for 'pchisq'
    wfe: no visible global function definition for 'as'
    Undefined global functions or variables:
     as as.formula binomial coef fitted flush.console lm model.frame
     model.matrix model.response na.omit object.size packageDescription
     pchisq printCoefmat pt resid vcov
Flavor: r-devel-windows-ix86+x86_64