CRAN Package Check Results for Package wfe

Last updated on 2015-08-04 21:47:27.

Flavor Version Tinstall Tcheck Ttotal Status Flags
r-devel-linux-x86_64-debian-clang 1.3 5.01 46.28 51.28 NOTE
r-devel-linux-x86_64-debian-gcc 1.3 5.97 46.07 52.04 NOTE
r-devel-linux-x86_64-fedora-clang 1.3 103.67 NOTE
r-devel-linux-x86_64-fedora-gcc 1.3 98.47 NOTE
r-devel-osx-x86_64-clang 1.3 86.30 OK
r-devel-windows-ix86+x86_64 1.3 23.00 97.00 120.00 NOTE
r-patched-linux-x86_64 1.3 6.04 43.22 49.26 OK
r-patched-solaris-sparc 1.3 617.20 OK
r-patched-solaris-x86 1.3 139.80 OK
r-release-linux-x86_64 1.3 6.12 45.20 51.31 OK
r-release-osx-x86_64-mavericks 1.3 OK
r-release-windows-ix86+x86_64 1.3 25.00 146.00 171.00 OK
r-oldrel-windows-ix86+x86_64 1.3 23.00 125.00 148.00 OK

Check Details

Version: 1.3
Check: R code for possible problems
Result: NOTE
    .ls.objects: no visible binding for global variable ‘object.size’
    .onAttach: no visible global function definition for
     ‘packageDescription’
    print.summary.pwfe: no visible global function definition for
     ‘printCoefmat’
    print.summary.wfe: no visible global function definition for
     ‘printCoefmat’
    print.summary.wfedid: no visible global function definition for
     ‘printCoefmat’
    pwfe: no visible global function definition for ‘na.omit’
    pwfe: no visible global function definition for ‘as.formula’
    pwfe: no visible global function definition for ‘flush.console’
    pwfe: no visible global function definition for ‘binomial’
    pwfe: no visible global function definition for ‘fitted’
    pwfe: no visible global function definition for ‘lm’
    pwfe: no visible global function definition for ‘model.frame’
    pwfe: no visible global function definition for ‘model.matrix’
    pwfe: no visible global function definition for ‘model.response’
    pwfe: no visible global function definition for ‘resid’
    pwfe: no visible global function definition for ‘vcov’
    pwfe: no visible global function definition for ‘pchisq’
    summary.pwfe: no visible global function definition for ‘coef’
    summary.pwfe: no visible global function definition for ‘pt’
    summary.wfe: no visible global function definition for ‘coef’
    summary.wfe: no visible global function definition for ‘pt’
    summary.wfedid: no visible global function definition for ‘pt’
    wfe: no visible global function definition for ‘model.frame’
    wfe: no visible global function definition for ‘model.matrix’
    wfe: no visible global function definition for ‘model.response’
    wfe: no visible global function definition for ‘na.omit’
    wfe: no visible global function definition for ‘flush.console’
    wfe: no visible global function definition for ‘as.formula’
    wfe: no visible global function definition for ‘lm’
    wfe: no visible global function definition for ‘vcov’
    wfe: no visible global function definition for ‘pchisq’
    wfe: no visible global function definition for ‘as’
    Undefined global functions or variables:
     as as.formula binomial coef fitted flush.console lm model.frame
     model.matrix model.response na.omit object.size packageDescription
     pchisq printCoefmat pt resid vcov
    Consider adding
     importFrom("methods", "as")
     importFrom("stats", "as.formula", "binomial", "coef", "fitted", "lm",
     "model.frame", "model.matrix", "model.response", "na.omit",
     "pchisq", "printCoefmat", "pt", "resid", "vcov")
     importFrom("utils", "flush.console", "object.size",
     "packageDescription")
    to your NAMESPACE.
Flavors: r-devel-linux-x86_64-debian-clang, r-devel-linux-x86_64-debian-gcc, r-devel-linux-x86_64-fedora-clang, r-devel-linux-x86_64-fedora-gcc, r-devel-windows-ix86+x86_64