CRAN Package Check Results for Package wfe

Last updated on 2017-12-13 23:14:51 CET.

Flavor Version Tinstall Tcheck Ttotal Status Flags
r-devel-linux-x86_64-debian-clang 1.6 8.75 45.26 54.01 FAIL
r-devel-linux-x86_64-debian-gcc 1.6 6.70 41.35 48.05 FAIL
r-devel-linux-x86_64-fedora-clang 1.6 86.97 OK
r-devel-linux-x86_64-fedora-gcc 1.6 86.15 OK
r-devel-windows-ix86+x86_64 1.6 25.00 97.00 122.00 OK
r-patched-linux-x86_64 1.6 7.98 66.79 74.77 OK
r-patched-solaris-x86 1.6 136.90 OK
r-release-linux-x86_64 1.6 8.57 64.64 73.21 OK
r-release-windows-ix86+x86_64 1.6 17.00 122.00 139.00 OK
r-release-osx-x86_64 1.6 OK
r-oldrel-windows-ix86+x86_64 1.6 17.00 105.00 122.00 OK
r-oldrel-osx-x86_64 1.6 OK

Check Details

Version: 1.6
Check: pragmas in C/C++ headers and code
Result: FAIL
    
Flavors: r-devel-linux-x86_64-debian-clang, r-devel-linux-x86_64-debian-gcc