CRAN Package Check Results for Package whisker

Last updated on 2017-06-28 10:48:47.

Flavor Version Tinstall Tcheck Ttotal Status Flags
r-devel-linux-x86_64-debian-clang 0.3-2 0.69 11.55 12.25 NOTE
r-devel-linux-x86_64-debian-gcc 0.3-2 0.64 10.94 11.57 NOTE
r-devel-linux-x86_64-fedora-clang 0.3-2 18.65 NOTE
r-devel-linux-x86_64-fedora-gcc 0.3-2 17.37 NOTE
r-devel-windows-ix86+x86_64 0.3-2 5.00 27.00 32.00 NOTE
r-patched-linux-x86_64 0.3-2 0.81 11.06 11.87 NOTE
r-patched-solaris-sparc 0.3-2 111.30 NOTE
r-patched-solaris-x86 0.3-2 26.10 NOTE
r-release-linux-x86_64 0.3-2 0.67 11.23 11.89 NOTE
r-release-windows-ix86+x86_64 0.3-2 5.00 36.00 41.00 NOTE
r-release-osx-x86_64 0.3-2 NOTE
r-oldrel-windows-ix86+x86_64 0.3-2 4.00 33.00 37.00 NOTE
r-oldrel-osx-x86_64 0.3-2 NOTE

Check Details

Version: 0.3-2
Check: DESCRIPTION meta-information
Result: NOTE
    Malformed Description field: should contain one or more complete sentences.
Flavors: r-devel-linux-x86_64-debian-clang, r-devel-linux-x86_64-debian-gcc, r-devel-linux-x86_64-fedora-clang, r-devel-linux-x86_64-fedora-gcc, r-devel-windows-ix86+x86_64, r-patched-linux-x86_64, r-patched-solaris-sparc, r-patched-solaris-x86, r-release-linux-x86_64, r-release-windows-ix86+x86_64, r-release-osx-x86_64, r-oldrel-windows-ix86+x86_64, r-oldrel-osx-x86_64

Version: 0.3-2
Check: dependencies in R code
Result: NOTE
    'library' or 'require' call to ‘markdown’ in package code.
     Please use :: or requireNamespace() instead.
     See section 'Suggested packages' in the 'Writing R Extensions' manual.
Flavors: r-devel-linux-x86_64-debian-clang, r-devel-linux-x86_64-debian-gcc, r-devel-linux-x86_64-fedora-clang, r-devel-linux-x86_64-fedora-gcc, r-devel-windows-ix86+x86_64, r-patched-linux-x86_64, r-patched-solaris-sparc, r-patched-solaris-x86, r-release-linux-x86_64, r-release-windows-ix86+x86_64, r-release-osx-x86_64, r-oldrel-windows-ix86+x86_64, r-oldrel-osx-x86_64