CRAN Package Check Results for Package whisker

Last updated on 2015-08-29 06:48:03.

Flavor Version Tinstall Tcheck Ttotal Status Flags
r-devel-linux-x86_64-debian-clang 0.3-2 0.53 8.38 8.92 NOTE
r-devel-linux-x86_64-debian-gcc 0.3-2 0.58 7.98 8.56 NOTE
r-devel-linux-x86_64-fedora-clang 0.3-2 16.28 NOTE
r-devel-linux-x86_64-fedora-gcc 0.3-2 15.22 NOTE
r-devel-osx-x86_64-clang 0.3-2 17.41 NOTE
r-devel-windows-ix86+x86_64 0.3-2 5.00 19.00 24.00 NOTE
r-patched-linux-x86_64 0.3-2 0.56 9.00 9.57 NOTE
r-patched-solaris-sparc 0.3-2 117.70 NOTE
r-patched-solaris-x86 0.3-2 26.40 NOTE
r-release-linux-x86_64 0.3-2 0.62 9.68 10.31 NOTE
r-release-osx-x86_64-mavericks 0.3-2 NOTE
r-release-windows-ix86+x86_64 0.3-2 4.00 17.00 21.00 NOTE
r-oldrel-windows-ix86+x86_64 0.3-2 6.00 18.00 24.00 NOTE

Check Details

Version: 0.3-2
Check: DESCRIPTION meta-information
Result: NOTE
    Malformed Description field: should contain one or more complete sentences.
Flavors: r-devel-linux-x86_64-debian-clang, r-devel-linux-x86_64-debian-gcc, r-devel-linux-x86_64-fedora-clang, r-devel-linux-x86_64-fedora-gcc, r-devel-osx-x86_64-clang, r-devel-windows-ix86+x86_64, r-patched-linux-x86_64, r-patched-solaris-sparc, r-patched-solaris-x86, r-release-linux-x86_64, r-release-osx-x86_64-mavericks, r-release-windows-ix86+x86_64

Version: 0.3-2
Check: dependencies in R code
Result: NOTE
    'library' or 'require' call to ‘markdown’ in package code.
     Please use :: or requireNamespace() instead.
     See section 'Suggested packages' in the 'Writing R Extensions' manual.
Flavors: r-devel-linux-x86_64-debian-clang, r-devel-linux-x86_64-debian-gcc, r-devel-linux-x86_64-fedora-clang, r-devel-linux-x86_64-fedora-gcc, r-devel-osx-x86_64-clang, r-devel-windows-ix86+x86_64, r-patched-linux-x86_64, r-patched-solaris-sparc, r-patched-solaris-x86, r-release-linux-x86_64, r-release-osx-x86_64-mavericks, r-release-windows-ix86+x86_64, r-oldrel-windows-ix86+x86_64