CRAN Package Check Results for Package whisker

Last updated on 2016-05-25 17:50:43.

Flavor Version Tinstall Tcheck Ttotal Status Flags
r-devel-linux-x86_64-debian-gcc 0.3-2 0.68 8.77 9.45 NOTE
r-devel-linux-x86_64-fedora-clang 0.3-2 15.12 NOTE
r-devel-linux-x86_64-fedora-gcc 0.3-2 13.82 NOTE
r-devel-osx-x86_64-clang 0.3-2 19.05 NOTE
r-devel-windows-ix86+x86_64 0.3-2 2.00 26.00 28.00 NOTE
r-patched-linux-x86_64 0.3-2 0.61 8.78 9.39 NOTE
r-patched-solaris-sparc 0.3-2 100.00 NOTE
r-patched-solaris-x86 0.3-2 24.50 NOTE
r-release-linux-x86_64 0.3-2 0.59 8.92 9.51 NOTE
r-release-osx-x86_64-mavericks 0.3-2 NOTE
r-release-windows-ix86+x86_64 0.3-2 3.00 24.00 27.00 NOTE
r-oldrel-windows-ix86+x86_64 0.3-2 3.00 29.00 32.00 NOTE

Check Details

Version: 0.3-2
Check: DESCRIPTION meta-information
Result: NOTE
    Malformed Description field: should contain one or more complete sentences.
Flavors: r-devel-linux-x86_64-debian-gcc, r-devel-linux-x86_64-fedora-clang, r-devel-linux-x86_64-fedora-gcc, r-devel-osx-x86_64-clang, r-devel-windows-ix86+x86_64, r-patched-linux-x86_64, r-patched-solaris-sparc, r-patched-solaris-x86, r-release-linux-x86_64, r-release-osx-x86_64-mavericks, r-release-windows-ix86+x86_64, r-oldrel-windows-ix86+x86_64

Version: 0.3-2
Check: dependencies in R code
Result: NOTE
    'library' or 'require' call to ‘markdown’ in package code.
     Please use :: or requireNamespace() instead.
     See section 'Suggested packages' in the 'Writing R Extensions' manual.
Flavors: r-devel-linux-x86_64-debian-gcc, r-devel-linux-x86_64-fedora-clang, r-devel-linux-x86_64-fedora-gcc, r-devel-osx-x86_64-clang, r-devel-windows-ix86+x86_64, r-patched-linux-x86_64, r-patched-solaris-sparc, r-patched-solaris-x86, r-release-linux-x86_64, r-release-osx-x86_64-mavericks, r-release-windows-ix86+x86_64, r-oldrel-windows-ix86+x86_64