CRAN Package Check Results for Package whisker

Last updated on 2015-07-27 23:48:22.

Flavor Version Tinstall Tcheck Ttotal Status Flags
r-devel-linux-x86_64-debian-clang 0.3-2 0.55 8.46 9.01 NOTE
r-devel-linux-x86_64-debian-gcc 0.3-2 0.54 8.51 9.04 NOTE
r-devel-linux-x86_64-fedora-clang 0.3-2 16.87 NOTE
r-devel-linux-x86_64-fedora-gcc 0.3-2 15.53 NOTE
r-devel-osx-x86_64-clang 0.3-2 16.43 NOTE
r-devel-windows-ix86+x86_64 0.3-2 3.00 15.00 18.00 NOTE
r-patched-linux-x86_64 0.3-2 0.60 9.11 9.71 NOTE
r-patched-solaris-sparc 0.3-2 117.70 NOTE
r-patched-solaris-x86 0.3-2 26.00 NOTE
r-release-linux-x86_64 0.3-2 0.62 8.90 9.52 NOTE
r-release-osx-x86_64-mavericks 0.3-2 NOTE
r-release-windows-ix86+x86_64 0.3-2 4.00 24.00 28.00 NOTE
r-oldrel-windows-ix86+x86_64 0.3-2 4.00 16.00 20.00 NOTE

Check Details

Version: 0.3-2
Check: DESCRIPTION meta-information
Result: NOTE
    Malformed Description field: should contain one or more complete sentences.
Flavors: r-devel-linux-x86_64-debian-clang, r-devel-linux-x86_64-debian-gcc, r-devel-linux-x86_64-fedora-clang, r-devel-linux-x86_64-fedora-gcc, r-devel-osx-x86_64-clang, r-devel-windows-ix86+x86_64, r-patched-linux-x86_64, r-patched-solaris-sparc, r-patched-solaris-x86, r-release-linux-x86_64, r-release-osx-x86_64-mavericks, r-release-windows-ix86+x86_64

Version: 0.3-2
Check: dependencies in R code
Result: NOTE
    'library' or 'require' call to ‘markdown’ in package code.
     Please use :: or requireNamespace() instead.
     See section 'Suggested packages' in the 'Writing R Extensions' manual.
Flavors: r-devel-linux-x86_64-debian-clang, r-devel-linux-x86_64-debian-gcc, r-devel-linux-x86_64-fedora-clang, r-devel-linux-x86_64-fedora-gcc, r-devel-osx-x86_64-clang, r-devel-windows-ix86+x86_64, r-patched-linux-x86_64, r-patched-solaris-sparc, r-patched-solaris-x86, r-release-linux-x86_64, r-release-osx-x86_64-mavericks, r-release-windows-ix86+x86_64, r-oldrel-windows-ix86+x86_64