CRAN Package Check Results for Package whisker

Last updated on 2015-01-31 16:47:10.

Flavor Version Tinstall Tcheck Ttotal Status Flags
r-devel-linux-x86_64-debian-clang 0.3-2 0.69 9.08 9.77 NOTE
r-devel-linux-x86_64-debian-gcc 0.3-2 0.58 8.70 9.28 NOTE
r-devel-linux-x86_64-fedora-clang 0.3-2 19.89 NOTE
r-devel-linux-x86_64-fedora-gcc 0.3-2 19.92 NOTE
r-devel-osx-x86_64-clang 0.3-2 23.58 NOTE
r-devel-windows-ix86+x86_64 0.3-2 5.00 15.00 20.00 NOTE
r-patched-linux-x86_64 0.3-2 0.62 9.91 10.52 OK
r-patched-solaris-sparc 0.3-2 111.60 OK
r-patched-solaris-x86 0.3-2 29.20 OK
r-release-linux-ix86 0.3-2 0.86 15.20 16.06 OK
r-release-linux-x86_64 0.3-2 0.61 9.58 10.19 OK
r-release-osx-x86_64-mavericks 0.3-2 OK
r-release-windows-ix86+x86_64 0.3-2 3.00 19.00 22.00 OK
r-oldrel-windows-ix86+x86_64 0.3-2 3.00 29.00 32.00 OK

Check Details

Version: 0.3-2
Check: dependencies in R code
Result: NOTE
    'library' or 'require' call to ‘markdown’ in package code.
     Please use :: or requireNamespace() instead.
     See section 'Suggested packages' in the 'Writing R Extensions' manual.
Flavors: r-devel-linux-x86_64-debian-clang, r-devel-linux-x86_64-debian-gcc, r-devel-linux-x86_64-fedora-clang, r-devel-linux-x86_64-fedora-gcc, r-devel-osx-x86_64-clang, r-devel-windows-ix86+x86_64