CRAN Package Check Results for Package whisker

Last updated on 2017-08-18 00:50:29.

Flavor Version Tinstall Tcheck Ttotal Status Flags
r-devel-linux-x86_64-debian-clang 0.3-2 0.72 11.39 12.11 NOTE
r-devel-linux-x86_64-debian-gcc 0.3-2 0.68 10.93 11.61 NOTE
r-devel-linux-x86_64-fedora-clang 0.3-2 18.79 NOTE
r-devel-linux-x86_64-fedora-gcc 0.3-2 18.49 NOTE
r-devel-windows-ix86+x86_64 0.3-2 3.00 51.00 54.00 NOTE
r-patched-linux-x86_64 0.3-2 0.76 11.63 12.39 NOTE
r-patched-solaris-x86 0.3-2 27.70 NOTE
r-release-linux-x86_64 0.3-2 0.62 11.32 11.95 NOTE
r-release-windows-ix86+x86_64 0.3-2 3.00 26.00 29.00 NOTE
r-release-osx-x86_64 0.3-2 NOTE
r-oldrel-windows-ix86+x86_64 0.3-2 3.00 32.00 35.00 NOTE
r-oldrel-osx-x86_64 0.3-2 NOTE

Check Details

Version: 0.3-2
Check: DESCRIPTION meta-information
Result: NOTE
    Malformed Description field: should contain one or more complete sentences.
Flavors: r-devel-linux-x86_64-debian-clang, r-devel-linux-x86_64-debian-gcc, r-devel-linux-x86_64-fedora-clang, r-devel-linux-x86_64-fedora-gcc, r-devel-windows-ix86+x86_64, r-patched-linux-x86_64, r-patched-solaris-x86, r-release-linux-x86_64, r-release-windows-ix86+x86_64, r-release-osx-x86_64, r-oldrel-windows-ix86+x86_64, r-oldrel-osx-x86_64

Version: 0.3-2
Check: dependencies in R code
Result: NOTE
    'library' or 'require' call to ‘markdown’ in package code.
     Please use :: or requireNamespace() instead.
     See section 'Suggested packages' in the 'Writing R Extensions' manual.
Flavors: r-devel-linux-x86_64-debian-clang, r-devel-linux-x86_64-debian-gcc, r-devel-linux-x86_64-fedora-clang, r-devel-linux-x86_64-fedora-gcc, r-devel-windows-ix86+x86_64, r-patched-linux-x86_64, r-patched-solaris-x86, r-release-linux-x86_64, r-release-windows-ix86+x86_64, r-release-osx-x86_64, r-oldrel-windows-ix86+x86_64, r-oldrel-osx-x86_64