CRAN Package Check Results for Package whisker

Last updated on 2016-08-26 17:49:29.

Flavor Version Tinstall Tcheck Ttotal Status Flags
r-devel-linux-x86_64-debian-clang 0.3-2 0.61 9.15 9.75 NOTE
r-devel-linux-x86_64-debian-gcc 0.3-2 0.85 11.54 12.39 NOTE
r-devel-linux-x86_64-fedora-clang 0.3-2 15.80 NOTE
r-devel-linux-x86_64-fedora-gcc 0.3-2 14.65 NOTE
r-devel-osx-x86_64-clang 0.3-2 14.62 NOTE
r-devel-windows-ix86+x86_64 0.3-2 3.00 22.00 25.00 NOTE
r-patched-linux-x86_64 0.3-2 0.63 8.83 9.45 NOTE
r-patched-solaris-sparc 0.3-2 102.20 NOTE
r-patched-solaris-x86 0.3-2 23.50 NOTE
r-release-linux-x86_64 0.3-2 0.75 8.97 9.73 NOTE
r-release-osx-x86_64-mavericks 0.3-2 NOTE
r-release-windows-ix86+x86_64 0.3-2 2.00 23.00 25.00 NOTE
r-oldrel-windows-ix86+x86_64 0.3-2 2.00 39.00 41.00 NOTE

Check Details

Version: 0.3-2
Check: DESCRIPTION meta-information
Result: NOTE
    Malformed Description field: should contain one or more complete sentences.
Flavors: r-devel-linux-x86_64-debian-clang, r-devel-linux-x86_64-debian-gcc, r-devel-linux-x86_64-fedora-clang, r-devel-linux-x86_64-fedora-gcc, r-devel-osx-x86_64-clang, r-devel-windows-ix86+x86_64, r-patched-linux-x86_64, r-patched-solaris-sparc, r-patched-solaris-x86, r-release-linux-x86_64, r-release-osx-x86_64-mavericks, r-release-windows-ix86+x86_64, r-oldrel-windows-ix86+x86_64

Version: 0.3-2
Check: dependencies in R code
Result: NOTE
    'library' or 'require' call to ‘markdown’ in package code.
     Please use :: or requireNamespace() instead.
     See section 'Suggested packages' in the 'Writing R Extensions' manual.
Flavors: r-devel-linux-x86_64-debian-clang, r-devel-linux-x86_64-debian-gcc, r-devel-linux-x86_64-fedora-clang, r-devel-linux-x86_64-fedora-gcc, r-devel-osx-x86_64-clang, r-devel-windows-ix86+x86_64, r-patched-linux-x86_64, r-patched-solaris-sparc, r-patched-solaris-x86, r-release-linux-x86_64, r-release-osx-x86_64-mavericks, r-release-windows-ix86+x86_64, r-oldrel-windows-ix86+x86_64