CRAN Package Check Results for Package whisker

Last updated on 2018-05-21 04:49:34 CEST.

Flavor Version Tinstall Tcheck Ttotal Status Flags
r-devel-linux-x86_64-debian-clang 0.3-2 1.25 15.93 17.18 NOTE
r-devel-linux-x86_64-debian-gcc 0.3-2 0.93 13.90 14.83 NOTE
r-devel-linux-x86_64-fedora-clang 0.3-2 22.31 NOTE
r-devel-linux-x86_64-fedora-gcc 0.3-2 20.83 NOTE
r-devel-windows-ix86+x86_64 0.3-2 5.00 36.00 41.00 NOTE
r-patched-linux-x86_64 0.3-2 1.00 16.47 17.47 NOTE
r-patched-solaris-x86 0.3-2 33.70 NOTE
r-release-linux-x86_64 0.3-2 1.04 16.29 17.33 NOTE
r-release-windows-ix86+x86_64 0.3-2 3.00 30.00 33.00 NOTE
r-release-osx-x86_64 0.3-2 NOTE
r-oldrel-windows-ix86+x86_64 0.3-2 4.00 36.00 40.00 NOTE
r-oldrel-osx-x86_64 0.3-2 NOTE

Check Details

Version: 0.3-2
Check: DESCRIPTION meta-information
Result: NOTE
    Malformed Description field: should contain one or more complete sentences.
Flavors: r-devel-linux-x86_64-debian-clang, r-devel-linux-x86_64-debian-gcc, r-devel-linux-x86_64-fedora-clang, r-devel-linux-x86_64-fedora-gcc, r-devel-windows-ix86+x86_64, r-patched-linux-x86_64, r-patched-solaris-x86, r-release-linux-x86_64, r-release-windows-ix86+x86_64, r-release-osx-x86_64, r-oldrel-windows-ix86+x86_64, r-oldrel-osx-x86_64

Version: 0.3-2
Check: dependencies in R code
Result: NOTE
    'library' or 'require' call to ‘markdown’ in package code.
     Please use :: or requireNamespace() instead.
     See section 'Suggested packages' in the 'Writing R Extensions' manual.
Flavors: r-devel-linux-x86_64-debian-clang, r-devel-linux-x86_64-debian-gcc, r-devel-linux-x86_64-fedora-clang, r-devel-linux-x86_64-fedora-gcc, r-devel-windows-ix86+x86_64, r-patched-linux-x86_64, r-patched-solaris-x86, r-release-linux-x86_64, r-release-windows-ix86+x86_64, r-release-osx-x86_64, r-oldrel-windows-ix86+x86_64, r-oldrel-osx-x86_64