CRAN Package Check Results for Package whisker

Last updated on 2017-01-18 23:52:26.

Flavor Version Tinstall Tcheck Ttotal Status Flags
r-devel-linux-x86_64-debian-clang 0.3-2 0.72 11.05 11.77 NOTE
r-devel-linux-x86_64-debian-gcc 0.3-2 0.64 10.58 11.22 NOTE
r-devel-linux-x86_64-fedora-clang 0.3-2 18.15 NOTE --no-stop-on-test-error
r-devel-linux-x86_64-fedora-gcc 0.3-2 18.72 NOTE --no-stop-on-test-error
r-devel-macos-x86_64-clang 0.3-2 16.82 NOTE --no-stop-on-test-error
r-devel-windows-ix86+x86_64 0.3-2 6.00 23.00 29.00 NOTE
r-patched-linux-x86_64 0.3-2 0.59 9.08 9.67 NOTE
r-patched-solaris-sparc 0.3-2 103.30 NOTE
r-patched-solaris-x86 0.3-2 23.70 NOTE
r-release-linux-x86_64 0.3-2 0.59 9.29 9.89 NOTE
r-release-osx-x86_64-mavericks 0.3-2 NOTE
r-release-windows-ix86+x86_64 0.3-2 3.00 32.00 35.00 NOTE
r-oldrel-windows-ix86+x86_64 0.3-2 3.00 30.00 33.00 NOTE

Check Details

Version: 0.3-2
Check: DESCRIPTION meta-information
Result: NOTE
    Malformed Description field: should contain one or more complete sentences.
Flavors: r-devel-linux-x86_64-debian-clang, r-devel-linux-x86_64-debian-gcc, r-devel-windows-ix86+x86_64, r-patched-linux-x86_64, r-patched-solaris-sparc, r-patched-solaris-x86, r-release-linux-x86_64, r-release-osx-x86_64-mavericks, r-release-windows-ix86+x86_64, r-oldrel-windows-ix86+x86_64

Version: 0.3-2
Check: dependencies in R code
Result: NOTE
    'library' or 'require' call to ‘markdown’ in package code.
     Please use :: or requireNamespace() instead.
     See section 'Suggested packages' in the 'Writing R Extensions' manual.
Flavors: r-devel-linux-x86_64-debian-clang, r-devel-linux-x86_64-debian-gcc, r-devel-windows-ix86+x86_64, r-patched-linux-x86_64, r-patched-solaris-sparc, r-patched-solaris-x86, r-release-linux-x86_64, r-release-osx-x86_64-mavericks, r-release-windows-ix86+x86_64, r-oldrel-windows-ix86+x86_64

Version: 0.3-2
Flags: --no-stop-on-test-error
Check: DESCRIPTION meta-information
Result: NOTE
    Malformed Description field: should contain one or more complete sentences.
Flavors: r-devel-linux-x86_64-fedora-clang, r-devel-linux-x86_64-fedora-gcc, r-devel-macos-x86_64-clang

Version: 0.3-2
Flags: --no-stop-on-test-error
Check: dependencies in R code
Result: NOTE
    'library' or 'require' call to ‘markdown’ in package code.
     Please use :: or requireNamespace() instead.
     See section 'Suggested packages' in the 'Writing R Extensions' manual.
Flavors: r-devel-linux-x86_64-fedora-clang, r-devel-linux-x86_64-fedora-gcc, r-devel-macos-x86_64-clang