CRAN Package Check Results for Package whisker

Last updated on 2015-03-04 03:47:05.

Flavor Version Tinstall Tcheck Ttotal Status Flags
r-devel-linux-x86_64-debian-clang 0.3-2 0.64 9.39 10.03 NOTE
r-devel-linux-x86_64-debian-gcc 0.3-2 0.60 8.84 9.44 NOTE
r-devel-linux-x86_64-fedora-clang 0.3-2 17.87 NOTE
r-devel-linux-x86_64-fedora-gcc 0.3-2 16.96 NOTE
r-devel-osx-x86_64-clang 0.3-2 22.68 NOTE
r-devel-windows-ix86+x86_64 0.3-2 2.00 16.00 18.00 NOTE
r-patched-linux-x86_64 0.3-2 0.61 9.66 10.27 NOTE
r-patched-solaris-sparc 0.3-2 129.90 NOTE
r-patched-solaris-x86 0.3-2 30.90 NOTE
r-release-linux-ix86 0.3-2 0.82 15.38 16.20 OK
r-release-linux-x86_64 0.3-2 0.60 10.32 10.92 OK
r-release-osx-x86_64-mavericks 0.3-2 OK
r-release-windows-ix86+x86_64 0.3-2 3.00 17.00 20.00 OK
r-oldrel-windows-ix86+x86_64 0.3-2 3.00 17.00 20.00 OK

Check Details

Version: 0.3-2
Check: DESCRIPTION meta-information
Result: NOTE
    Malformed Description field: should contain one or more complete sentences.
Flavors: r-devel-linux-x86_64-debian-clang, r-devel-linux-x86_64-debian-gcc, r-devel-linux-x86_64-fedora-clang, r-devel-linux-x86_64-fedora-gcc, r-devel-osx-x86_64-clang, r-devel-windows-ix86+x86_64

Version: 0.3-2
Check: dependencies in R code
Result: NOTE
    'library' or 'require' call to ‘markdown’ in package code.
     Please use :: or requireNamespace() instead.
     See section 'Suggested packages' in the 'Writing R Extensions' manual.
Flavors: r-devel-linux-x86_64-debian-clang, r-devel-linux-x86_64-debian-gcc, r-devel-linux-x86_64-fedora-clang, r-devel-linux-x86_64-fedora-gcc, r-devel-osx-x86_64-clang, r-devel-windows-ix86+x86_64, r-patched-linux-x86_64, r-patched-solaris-sparc, r-patched-solaris-x86