CRAN Package Check Results for Package whisker

Last updated on 2014-04-23 20:47:24.

Flavor Version Tinstall Tcheck Ttotal Status Flags
r-devel-linux-x86_64-debian-clang 0.3-2 0.61 10.02 10.63 OK
r-devel-linux-x86_64-debian-gcc 0.3-2 0.60 9.67 10.27 OK
r-devel-linux-x86_64-fedora-clang 0.3-2 19.05 OK
r-devel-linux-x86_64-fedora-gcc 0.3-2 18.24 OK
r-devel-osx-x86_64-clang 0.3-2 22.13 OK
r-devel-osx-x86_64-gcc 0.3-2 OK
r-devel-windows-ix86+x86_64 0.3-2 2.00 15.00 17.00 OK
r-patched-linux-x86_64 0.3-2 0.65 9.30 9.94 OK
r-patched-solaris-sparc 0.3-2 121.00 OK
r-patched-solaris-x86 0.3-2 28.70 OK
r-release-linux-ix86 0.3-2 1.00 22.00 23.00 OK
r-release-linux-x86_64 0.3-2 0.60 9.42 10.02 OK
r-release-osx-x86_64-mavericks 0.3-2 WARN
r-release-windows-ix86+x86_64 0.3-2 2.00 15.00 17.00 OK
r-oldrel-windows-ix86+x86_64 0.3-2 2.00 16.00 18.00 OK

Check Details

Version: 0.3-2
Check: PDF version of manual
Result: WARNING
    LaTeX errors when creating PDF version.
    This typically indicates Rd problems.
    LaTeX errors found:
    ! LaTeX Error: File `upquote.sty' not found.
    
    Type X to quit or <RETURN> to proceed,
    or enter new name. (Default extension: sty)
    
    087ccd1/Rd2.tex:8: ==> Fatal error occurred, no output PDF file produced!
Flavor: r-release-osx-x86_64-mavericks