CRAN Package Check Results for Package whisker

Last updated on 2015-04-01 23:49:30.

Flavor Version Tinstall Tcheck Ttotal Status Flags
r-devel-linux-x86_64-debian-clang 0.3-2 0.60 9.23 9.83 NOTE
r-devel-linux-x86_64-debian-gcc 0.3-2 0.63 9.02 9.65 NOTE
r-devel-linux-x86_64-fedora-clang 0.3-2 18.35 NOTE
r-devel-linux-x86_64-fedora-gcc 0.3-2 16.71 NOTE
r-devel-osx-x86_64-clang 0.3-2 23.96 NOTE
r-prerel-windows-ix86+x86_64 0.3-2 5.00 17.00 22.00 NOTE
r-prerel-linux-x86_64 0.3-2 0.60 8.99 9.59 NOTE
r-prerel-solaris-sparc 0.3-2 116.40 NOTE
r-prerel-solaris-x86 0.3-2 25.40 NOTE
r-release-linux-x86_64 0.3-2 0.63 9.49 10.12 NOTE
r-release-osx-x86_64-mavericks 0.3-2 OK
r-release-windows-ix86+x86_64 0.3-2 3.00 17.00 20.00 NOTE
r-oldrel-windows-ix86+x86_64 0.3-2 3.00 17.00 20.00 OK

Check Details

Version: 0.3-2
Check: DESCRIPTION meta-information
Result: NOTE
    Malformed Description field: should contain one or more complete sentences.
Flavors: r-devel-linux-x86_64-debian-clang, r-devel-linux-x86_64-debian-gcc, r-devel-linux-x86_64-fedora-clang, r-devel-linux-x86_64-fedora-gcc, r-devel-osx-x86_64-clang, r-prerel-windows-ix86+x86_64, r-prerel-linux-x86_64, r-prerel-solaris-sparc, r-prerel-solaris-x86

Version: 0.3-2
Check: dependencies in R code
Result: NOTE
    'library' or 'require' call to ‘markdown’ in package code.
     Please use :: or requireNamespace() instead.
     See section 'Suggested packages' in the 'Writing R Extensions' manual.
Flavors: r-devel-linux-x86_64-debian-clang, r-devel-linux-x86_64-debian-gcc, r-devel-linux-x86_64-fedora-clang, r-devel-linux-x86_64-fedora-gcc, r-devel-osx-x86_64-clang, r-prerel-windows-ix86+x86_64, r-prerel-linux-x86_64, r-prerel-solaris-sparc, r-prerel-solaris-x86, r-release-linux-x86_64, r-release-windows-ix86+x86_64