CRAN Package Check Results for Package whisker

Last updated on 2017-12-17 09:49:13 CET.

Flavor Version Tinstall Tcheck Ttotal Status Flags
r-devel-linux-x86_64-debian-clang 0.3-2 0.58 16.34 16.92 NOTE
r-devel-linux-x86_64-debian-gcc 0.3-2 0.54 13.82 14.36 NOTE
r-devel-linux-x86_64-fedora-clang 0.3-2 20.05 NOTE
r-devel-linux-x86_64-fedora-gcc 0.3-2 19.60 NOTE
r-devel-windows-ix86+x86_64 0.3-2 3.00 25.00 28.00 NOTE
r-patched-linux-x86_64 0.3-2 0.69 15.28 15.97 NOTE
r-patched-solaris-x86 0.3-2 26.80 NOTE
r-release-linux-x86_64 0.3-2 0.71 15.02 15.73 NOTE
r-release-windows-ix86+x86_64 0.3-2 3.00 28.00 31.00 NOTE
r-release-osx-x86_64 0.3-2 NOTE
r-oldrel-windows-ix86+x86_64 0.3-2 4.00 30.00 34.00 NOTE
r-oldrel-osx-x86_64 0.3-2 NOTE

Check Details

Version: 0.3-2
Check: DESCRIPTION meta-information
Result: NOTE
    Malformed Description field: should contain one or more complete sentences.
Flavors: r-devel-linux-x86_64-debian-clang, r-devel-linux-x86_64-debian-gcc, r-devel-linux-x86_64-fedora-clang, r-devel-linux-x86_64-fedora-gcc, r-devel-windows-ix86+x86_64, r-patched-linux-x86_64, r-patched-solaris-x86, r-release-linux-x86_64, r-release-windows-ix86+x86_64, r-release-osx-x86_64, r-oldrel-windows-ix86+x86_64, r-oldrel-osx-x86_64

Version: 0.3-2
Check: dependencies in R code
Result: NOTE
    'library' or 'require' call to ‘markdown’ in package code.
     Please use :: or requireNamespace() instead.
     See section 'Suggested packages' in the 'Writing R Extensions' manual.
Flavors: r-devel-linux-x86_64-debian-clang, r-devel-linux-x86_64-debian-gcc, r-devel-linux-x86_64-fedora-clang, r-devel-linux-x86_64-fedora-gcc, r-devel-windows-ix86+x86_64, r-patched-linux-x86_64, r-patched-solaris-x86, r-release-linux-x86_64, r-release-windows-ix86+x86_64, r-release-osx-x86_64, r-oldrel-windows-ix86+x86_64, r-oldrel-osx-x86_64