CRAN Package Check Results for Package whisker

Last updated on 2016-12-07 17:52:57.

Flavor Version Tinstall Tcheck Ttotal Status Flags
r-devel-linux-x86_64-debian-clang 0.3-2 0.67 10.92 11.59 NOTE
r-devel-linux-x86_64-debian-gcc 0.3-2 0.64 10.56 11.20 NOTE
r-devel-linux-x86_64-fedora-clang 0.3-2 20.24 NOTE --no-stop-on-test-error
r-devel-linux-x86_64-fedora-gcc 0.3-2 17.81 NOTE --no-stop-on-test-error
r-devel-macos-x86_64-clang 0.3-2 17.40 NOTE
r-devel-windows-ix86+x86_64 0.3-2 3.00 32.00 35.00 NOTE
r-patched-linux-x86_64 0.3-2 0.57 9.06 9.63 NOTE
r-patched-solaris-sparc 0.3-2 102.20 NOTE
r-patched-solaris-x86 0.3-2 23.10 NOTE
r-release-linux-x86_64 0.3-2 0.66 8.97 9.63 NOTE
r-release-osx-x86_64-mavericks 0.3-2 NOTE
r-release-windows-ix86+x86_64 0.3-2 2.00 36.00 38.00 NOTE
r-oldrel-windows-ix86+x86_64 0.3-2 4.00 23.00 27.00 NOTE

Check Details

Version: 0.3-2
Check: DESCRIPTION meta-information
Result: NOTE
    Malformed Description field: should contain one or more complete sentences.
Flavors: r-devel-linux-x86_64-debian-clang, r-devel-linux-x86_64-debian-gcc, r-devel-macos-x86_64-clang, r-devel-windows-ix86+x86_64, r-patched-linux-x86_64, r-patched-solaris-sparc, r-patched-solaris-x86, r-release-linux-x86_64, r-release-osx-x86_64-mavericks, r-release-windows-ix86+x86_64, r-oldrel-windows-ix86+x86_64

Version: 0.3-2
Check: dependencies in R code
Result: NOTE
    'library' or 'require' call to ‘markdown’ in package code.
     Please use :: or requireNamespace() instead.
     See section 'Suggested packages' in the 'Writing R Extensions' manual.
Flavors: r-devel-linux-x86_64-debian-clang, r-devel-linux-x86_64-debian-gcc, r-devel-macos-x86_64-clang, r-devel-windows-ix86+x86_64, r-patched-linux-x86_64, r-patched-solaris-sparc, r-patched-solaris-x86, r-release-linux-x86_64, r-release-osx-x86_64-mavericks, r-release-windows-ix86+x86_64, r-oldrel-windows-ix86+x86_64

Version: 0.3-2
Flags: --no-stop-on-test-error
Check: DESCRIPTION meta-information
Result: NOTE
    Malformed Description field: should contain one or more complete sentences.
Flavors: r-devel-linux-x86_64-fedora-clang, r-devel-linux-x86_64-fedora-gcc

Version: 0.3-2
Flags: --no-stop-on-test-error
Check: dependencies in R code
Result: NOTE
    'library' or 'require' call to ‘markdown’ in package code.
     Please use :: or requireNamespace() instead.
     See section 'Suggested packages' in the 'Writing R Extensions' manual.
Flavors: r-devel-linux-x86_64-fedora-clang, r-devel-linux-x86_64-fedora-gcc