CRAN Package Check Results for Package whitestrap

Last updated on 2024-03-04 04:51:47 CET.

Flavor Version Tinstall Tcheck Ttotal Status Flags
r-devel-linux-x86_64-debian-clang 0.0.1 1.89 35.69 37.58 NOTE
r-devel-linux-x86_64-debian-gcc 0.0.1 1.49 27.20 28.69 NOTE
r-devel-linux-x86_64-fedora-clang 0.0.1 46.36 NOTE
r-devel-linux-x86_64-fedora-gcc 0.0.1 44.25 NOTE
r-devel-windows-x86_64 0.0.1 3.00 49.00 52.00 NOTE
r-patched-linux-x86_64 0.0.1 2.21 34.47 36.68 NOTE
r-release-linux-x86_64 0.0.1 1.75 35.02 36.77 NOTE
r-release-macos-arm64 0.0.1 19.00 NOTE
r-release-macos-x86_64 0.0.1 28.00 NOTE
r-release-windows-x86_64 0.0.1 2.00 52.00 54.00 NOTE
r-oldrel-macos-arm64 0.0.1 24.00 NOTE
r-oldrel-windows-x86_64 0.0.1 4.00 55.00 59.00 NOTE

Check Details

Version: 0.0.1
Check: LazyData
Result: NOTE 'LazyData' is specified without a 'data' directory Flavors: r-devel-linux-x86_64-debian-clang, r-devel-linux-x86_64-debian-gcc, r-devel-linux-x86_64-fedora-clang, r-devel-linux-x86_64-fedora-gcc, r-devel-windows-x86_64, r-patched-linux-x86_64, r-release-linux-x86_64, r-release-macos-arm64, r-release-macos-x86_64, r-release-windows-x86_64, r-oldrel-macos-arm64, r-oldrel-windows-x86_64