CRAN Package Check Results for Package widals

Last updated on 2014-09-24 05:47:59.

Flavor Version Tinstall Tcheck Ttotal Status Flags
r-devel-linux-x86_64-debian-clang 0.5.4 1.32 149.56 150.89 NOTE
r-devel-linux-x86_64-debian-gcc 0.5.4 1.26 152.20 153.47 NOTE
r-devel-linux-x86_64-fedora-clang 0.5.4 53.61 NOTE
r-devel-linux-x86_64-fedora-gcc 0.5.4 46.85 NOTE
r-devel-osx-x86_64-clang 0.5.4 214.63 NOTE
r-devel-windows-ix86+x86_64 0.5.4 6.00 185.00 191.00 NOTE
r-patched-linux-x86_64 0.5.4 1.34 140.43 141.77 OK
r-patched-solaris-sparc 0.5.4 224.00 OK --no-vignettes
r-patched-solaris-x86 0.5.4 496.10 OK
r-release-linux-ix86 0.5.4 1.93 212.81 214.74 OK
r-release-linux-x86_64 0.5.4 1.42 140.06 141.47 OK
r-release-osx-x86_64-mavericks 0.5.4 NOTE
r-release-osx-x86_64-snowleopard 0.5.4 OK
r-release-windows-ix86+x86_64 0.5.4 7.00 197.00 204.00 OK
r-oldrel-windows-ix86+x86_64 0.5.4 7.00 191.00 198.00 OK

Check Details

Version: 0.5.4
Check: R code for possible problems
Result: NOTE
    fun.load.hals.a: no visible global function definition for ‘sfExport’
    fun.load.hals.a: no visible global function definition for ‘sfLibrary’
    fun.load.hals.fill: no visible global function definition for
     ‘sfExport’
    fun.load.hals.fill: no visible global function definition for
     ‘sfLibrary’
    fun.load.widals.a: no visible global function definition for ‘sfExport’
    fun.load.widals.a: no visible global function definition for
     ‘sfLibrary’
    fun.load.widals.fill: no visible global function definition for
     ‘sfExport’
    fun.load.widals.fill: no visible global function definition for
     ‘sfLibrary’
Flavors: r-devel-linux-x86_64-debian-clang, r-devel-linux-x86_64-debian-gcc, r-devel-linux-x86_64-fedora-clang, r-devel-linux-x86_64-fedora-gcc, r-devel-osx-x86_64-clang, r-devel-windows-ix86+x86_64

Version: 0.5.4
Check: re-building of vignette outputs
Result: NOTE
    Error in re-building vignettes:
     ...
    Error in texi2dvi(file = file, pdf = TRUE, clean = clean, quiet = quiet, :
     Running 'texi2dvi' on 'funwithfunload.tex' failed.
    LaTeX errors:
    ! LaTeX Error: File `supertabular.sty' not found.
    
    Type X to quit or <RETURN> to proceed,
    or enter new name. (Default extension: sty)
    
    test/widals/vignettes/funwithfunload.tex:12: ==> Fatal error occurred, no outp
    ut PDF file produced!
    Calls: buildVignettes -> texi2pdf -> texi2dvi
    Execution halted
Flavor: r-release-osx-x86_64-mavericks