CRAN Package Check Results for Package widals

Last updated on 2014-10-25 01:49:56.

Flavor Version Tinstall Tcheck Ttotal Status Flags
r-devel-linux-x86_64-debian-clang 0.5.4 1.38 153.15 154.52 NOTE
r-devel-linux-x86_64-debian-gcc 0.5.4 1.40 157.28 158.68 NOTE
r-devel-linux-x86_64-fedora-clang 0.5.4 51.40 NOTE
r-devel-linux-x86_64-fedora-gcc 0.5.4 47.90 NOTE
r-devel-osx-x86_64-clang 0.5.4 219.75 NOTE
r-devel-windows-ix86+x86_64 0.5.4 6.00 194.00 200.00 NOTE
r-patched-linux-x86_64 0.5.4 1.41 142.66 144.06 NOTE
r-patched-solaris-sparc 0.5.4 308.10 NOTE --no-vignettes
r-patched-solaris-x86 0.5.4 494.60 NOTE
r-release-linux-ix86 0.5.4 1.91 215.29 217.20 OK
r-release-linux-x86_64 0.5.4 1.36 139.96 141.32 OK
r-release-osx-x86_64-mavericks 0.5.4 NOTE
r-release-osx-x86_64-snowleopard 0.5.4 OK
r-release-windows-ix86+x86_64 0.5.4 7.00 197.00 204.00 OK
r-oldrel-windows-ix86+x86_64 0.5.4 7.00 191.00 198.00 OK

Check Details

Version: 0.5.4
Check: R code for possible problems
Result: NOTE
    fun.load.hals.a: no visible global function definition for ‘sfExport’
    fun.load.hals.a: no visible global function definition for ‘sfLibrary’
    fun.load.hals.fill: no visible global function definition for
     ‘sfExport’
    fun.load.hals.fill: no visible global function definition for
     ‘sfLibrary’
    fun.load.widals.a: no visible global function definition for ‘sfExport’
    fun.load.widals.a: no visible global function definition for
     ‘sfLibrary’
    fun.load.widals.fill: no visible global function definition for
     ‘sfExport’
    fun.load.widals.fill: no visible global function definition for
     ‘sfLibrary’
Flavors: r-devel-linux-x86_64-debian-clang, r-devel-linux-x86_64-debian-gcc, r-devel-linux-x86_64-fedora-clang, r-devel-linux-x86_64-fedora-gcc, r-devel-osx-x86_64-clang, r-devel-windows-ix86+x86_64, r-patched-linux-x86_64, r-patched-solaris-x86

Version: 0.5.4
Flags: --no-vignettes
Check: R code for possible problems
Result: NOTE
    fun.load.hals.a: no visible global function definition for ‘sfExport’
    fun.load.hals.a: no visible global function definition for ‘sfLibrary’
    fun.load.hals.fill: no visible global function definition for
     ‘sfExport’
    fun.load.hals.fill: no visible global function definition for
     ‘sfLibrary’
    fun.load.widals.a: no visible global function definition for ‘sfExport’
    fun.load.widals.a: no visible global function definition for
     ‘sfLibrary’
    fun.load.widals.fill: no visible global function definition for
     ‘sfExport’
    fun.load.widals.fill: no visible global function definition for
     ‘sfLibrary’
Flavor: r-patched-solaris-sparc

Version: 0.5.4
Check: re-building of vignette outputs
Result: NOTE
    Error in re-building vignettes:
     ...
    Error in texi2dvi(file = file, pdf = TRUE, clean = clean, quiet = quiet, :
     Running 'texi2dvi' on 'funwithfunload.tex' failed.
    LaTeX errors:
    ! LaTeX Error: File `supertabular.sty' not found.
    
    Type X to quit or <RETURN> to proceed,
    or enter new name. (Default extension: sty)
    
    test/widals/vignettes/funwithfunload.tex:12: ==> Fatal error occurred, no outp
    ut PDF file produced!
    Calls: buildVignettes -> texi2pdf -> texi2dvi
    Execution halted
Flavor: r-release-osx-x86_64-mavericks