CRAN Package Check Results for Package widals

Last updated on 2015-01-27 12:47:44.

Flavor Version Tinstall Tcheck Ttotal Status Flags
r-devel-linux-x86_64-debian-clang 0.5.4 1.38 157.67 159.04 NOTE
r-devel-linux-x86_64-debian-gcc 0.5.4 1.35 165.46 166.81 NOTE
r-devel-linux-x86_64-fedora-clang 0.5.4 55.39 NOTE
r-devel-linux-x86_64-fedora-gcc 0.5.4 51.48 NOTE
r-devel-osx-x86_64-clang 0.5.4 215.71 NOTE
r-devel-windows-ix86+x86_64 0.5.4 7.00 210.00 217.00 NOTE
r-patched-linux-x86_64 0.5.4 1.41 144.14 145.55 NOTE
r-patched-solaris-sparc 0.5.4 230.30 NOTE --no-vignettes
r-patched-solaris-x86 0.5.4 485.30 NOTE
r-release-linux-ix86 0.5.4 1.91 217.90 219.81 NOTE
r-release-linux-x86_64 0.5.4 1.42 149.42 150.84 NOTE
r-release-osx-x86_64-mavericks 0.5.4 NOTE
r-release-osx-x86_64-snowleopard 0.5.4 OK
r-release-windows-ix86+x86_64 0.5.4 8.00 198.00 206.00 NOTE
r-oldrel-windows-ix86+x86_64 0.5.4 7.00 191.00 198.00 OK

Check Details

Version: 0.5.4
Check: R code for possible problems
Result: NOTE
    fun.load.hals.a: no visible global function definition for ‘sfExport’
    fun.load.hals.a: no visible global function definition for ‘sfLibrary’
    fun.load.hals.fill: no visible global function definition for
     ‘sfExport’
    fun.load.hals.fill: no visible global function definition for
     ‘sfLibrary’
    fun.load.widals.a: no visible global function definition for ‘sfExport’
    fun.load.widals.a: no visible global function definition for
     ‘sfLibrary’
    fun.load.widals.fill: no visible global function definition for
     ‘sfExport’
    fun.load.widals.fill: no visible global function definition for
     ‘sfLibrary’
Flavors: r-devel-linux-x86_64-debian-clang, r-devel-linux-x86_64-debian-gcc, r-devel-linux-x86_64-fedora-clang, r-devel-linux-x86_64-fedora-gcc, r-devel-osx-x86_64-clang, r-devel-windows-ix86+x86_64, r-patched-linux-x86_64, r-patched-solaris-x86, r-release-linux-ix86, r-release-linux-x86_64, r-release-osx-x86_64-mavericks, r-release-windows-ix86+x86_64

Version: 0.5.4
Flags: --no-vignettes
Check: R code for possible problems
Result: NOTE
    fun.load.hals.a: no visible global function definition for ‘sfExport’
    fun.load.hals.a: no visible global function definition for ‘sfLibrary’
    fun.load.hals.fill: no visible global function definition for
     ‘sfExport’
    fun.load.hals.fill: no visible global function definition for
     ‘sfLibrary’
    fun.load.widals.a: no visible global function definition for ‘sfExport’
    fun.load.widals.a: no visible global function definition for
     ‘sfLibrary’
    fun.load.widals.fill: no visible global function definition for
     ‘sfExport’
    fun.load.widals.fill: no visible global function definition for
     ‘sfLibrary’
Flavor: r-patched-solaris-sparc