CRAN Package Check Results for Package widals

Last updated on 2014-04-24 17:49:56.

Flavor Version Tinstall Tcheck Ttotal Status Flags
r-devel-linux-x86_64-debian-clang 0.5.4 1.42 140.24 141.67 OK
r-devel-linux-x86_64-debian-gcc 0.5.4 1.43 140.63 142.06 OK
r-devel-linux-x86_64-fedora-clang 0.5.4 50.79 OK
r-devel-linux-x86_64-fedora-gcc 0.5.4 49.57 OK
r-devel-osx-x86_64-clang 0.5.4 220.98 OK
r-devel-osx-x86_64-gcc 0.5.4 OK
r-devel-windows-ix86+x86_64 0.5.4 5.00 207.00 212.00 OK
r-patched-linux-x86_64 0.5.4 1.47 138.80 140.27 OK
r-patched-solaris-sparc 0.5.4 241.90 OK --no-vignettes
r-patched-solaris-x86 0.5.4 489.20 OK
r-release-linux-ix86 0.5.4 3.00 262.00 265.00 OK
r-release-linux-x86_64 0.5.4 1.46 140.95 142.41 OK
r-release-osx-x86_64-mavericks 0.5.4 WARN
r-release-osx-x86_64-snowleopard 0.5.4 OK
r-release-windows-ix86+x86_64 0.5.4 9.00 193.00 202.00 OK
r-oldrel-windows-ix86+x86_64 0.5.4 7.00 193.00 200.00 OK

Check Details

Version: 0.5.4
Check: re-building of vignette outputs
Result: NOTE
    Error in re-building vignettes:
     ...
    Error in texi2dvi(file = file, pdf = TRUE, clean = clean, quiet = quiet, :
     Running 'texi2dvi' on 'funwithfunload.tex' failed.
    LaTeX errors:
    ! LaTeX Error: File `supertabular.sty' not found.
    
    Type X to quit or <RETURN> to proceed,
    or enter new name. (Default extension: sty)
    
    test/widals/vignettes/funwithfunload.tex:12: ==> Fatal error occurred, no outp
    ut PDF file produced!
    Calls: buildVignettes -> texi2pdf -> texi2dvi
    Execution halted
Flavor: r-release-osx-x86_64-mavericks

Version: 0.5.4
Check: PDF version of manual
Result: WARNING
    LaTeX errors when creating PDF version.
    This typically indicates Rd problems.
    LaTeX errors found:
    ! LaTeX Error: File `upquote.sty' not found.
    
    Type X to quit or <RETURN> to proceed,
    or enter new name. (Default extension: sty)
    
    3969ca6/Rd2.tex:8: ==> Fatal error occurred, no output PDF file produced!
Flavor: r-release-osx-x86_64-mavericks