CRAN Package Check Results for Package widals

Last updated on 2014-07-23 08:49:57.

Flavor Version Tinstall Tcheck Ttotal Status Flags
r-devel-linux-x86_64-debian-clang 0.5.4 1.29 135.95 137.24 OK
r-devel-linux-x86_64-debian-gcc 0.5.4 1.34 139.70 141.04 OK
r-devel-linux-x86_64-fedora-clang 0.5.4 51.49 OK
r-devel-linux-x86_64-fedora-gcc 0.5.4 48.87 OK
r-devel-osx-x86_64-clang 0.5.4 220.83 OK
r-devel-windows-ix86+x86_64 0.5.4 5.00 214.00 219.00 OK
r-patched-linux-x86_64 0.5.4 1.39 137.88 139.27 OK
r-patched-solaris-sparc 0.5.4 241.90 OK --no-vignettes
r-patched-solaris-x86 0.5.4 492.10 OK
r-release-linux-ix86 0.5.4 1.92 232.02 233.94 OK
r-release-linux-x86_64 0.5.4 1.35 138.85 140.20 OK
r-release-osx-x86_64-mavericks 0.5.4 NOTE
r-release-osx-x86_64-snowleopard 0.5.4 OK
r-release-windows-ix86+x86_64 0.5.4 6.00 268.00 274.00 OK
r-oldrel-windows-ix86+x86_64 0.5.4 7.00 190.00 197.00 OK

Check Details

Version: 0.5.4
Check: re-building of vignette outputs
Result: NOTE
    Error in re-building vignettes:
     ...
    Error in texi2dvi(file = file, pdf = TRUE, clean = clean, quiet = quiet, :
     Running 'texi2dvi' on 'funwithfunload.tex' failed.
    LaTeX errors:
    ! LaTeX Error: File `supertabular.sty' not found.
    
    Type X to quit or <RETURN> to proceed,
    or enter new name. (Default extension: sty)
    
    test/widals/vignettes/funwithfunload.tex:12: ==> Fatal error occurred, no outp
    ut PDF file produced!
    Calls: buildVignettes -> texi2pdf -> texi2dvi
    Execution halted
Flavor: r-release-osx-x86_64-mavericks