CRAN Package Check Results for Package widals

Last updated on 2016-07-25 03:47:26.

Flavor Version Tinstall Tcheck Ttotal Status Flags
r-devel-linux-x86_64-debian-clang 0.5.4 1.66 92.51 94.17 NOTE
r-devel-linux-x86_64-debian-gcc 0.5.4 1.69 89.52 91.20 NOTE
r-devel-linux-x86_64-fedora-clang 0.5.4 40.67 NOTE
r-devel-linux-x86_64-fedora-gcc 0.5.4 37.93 NOTE
r-devel-osx-x86_64-clang 0.5.4 36.64 NOTE
r-devel-windows-ix86+x86_64 0.5.4 10.00 169.00 179.00 NOTE
r-patched-linux-x86_64 0.5.4 1.53 89.48 91.00 NOTE
r-patched-solaris-sparc 0.5.4 203.40 NOTE --no-vignettes
r-patched-solaris-x86 0.5.4 243.40 NOTE
r-release-linux-x86_64 0.5.4 1.64 89.80 91.45 NOTE
r-release-osx-x86_64-mavericks 0.5.4 NOTE
r-release-windows-ix86+x86_64 0.5.4 9.00 180.00 189.00 NOTE
r-oldrel-windows-ix86+x86_64 0.5.4 10.00 228.00 238.00 NOTE

Check Details

Version: 0.5.4
Check: DESCRIPTION meta-information
Result: NOTE
    Malformed Description field: should contain one or more complete sentences.
Flavors: r-devel-linux-x86_64-debian-clang, r-devel-linux-x86_64-debian-gcc, r-devel-linux-x86_64-fedora-clang, r-devel-linux-x86_64-fedora-gcc, r-devel-osx-x86_64-clang, r-devel-windows-ix86+x86_64, r-patched-linux-x86_64, r-patched-solaris-x86, r-release-linux-x86_64, r-release-osx-x86_64-mavericks, r-release-windows-ix86+x86_64, r-oldrel-windows-ix86+x86_64

Version: 0.5.4
Check: R code for possible problems
Result: NOTE
    dlog.norm: no visible global function definition for ‘rnorm’
    fun.load.hals.a: no visible global function definition for ‘sfExport’
    fun.load.hals.a: no visible global function definition for ‘sfLibrary’
    fun.load.hals.fill: no visible global function definition for
     ‘sfExport’
    fun.load.hals.fill: no visible global function definition for
     ‘sfLibrary’
    fun.load.widals.a: no visible global function definition for ‘sfExport’
    fun.load.widals.a: no visible global function definition for
     ‘sfLibrary’
    fun.load.widals.fill: no visible global function definition for
     ‘sfExport’
    fun.load.widals.fill: no visible global function definition for
     ‘sfLibrary’
    unif.mh: no visible global function definition for ‘runif’
    Undefined global functions or variables:
     rnorm runif sfExport sfLibrary
    Consider adding
     importFrom("stats", "rnorm", "runif")
    to your NAMESPACE file.
Flavors: r-devel-linux-x86_64-debian-clang, r-devel-linux-x86_64-debian-gcc, r-devel-linux-x86_64-fedora-clang, r-devel-linux-x86_64-fedora-gcc, r-devel-osx-x86_64-clang, r-devel-windows-ix86+x86_64, r-patched-linux-x86_64, r-patched-solaris-x86, r-release-linux-x86_64, r-release-osx-x86_64-mavericks, r-release-windows-ix86+x86_64

Version: 0.5.4
Flags: --no-vignettes
Check: DESCRIPTION meta-information
Result: NOTE
    Malformed Description field: should contain one or more complete sentences.
Flavor: r-patched-solaris-sparc

Version: 0.5.4
Flags: --no-vignettes
Check: R code for possible problems
Result: NOTE
    dlog.norm: no visible global function definition for ‘rnorm’
    fun.load.hals.a: no visible global function definition for ‘sfExport’
    fun.load.hals.a: no visible global function definition for ‘sfLibrary’
    fun.load.hals.fill: no visible global function definition for
     ‘sfExport’
    fun.load.hals.fill: no visible global function definition for
     ‘sfLibrary’
    fun.load.widals.a: no visible global function definition for ‘sfExport’
    fun.load.widals.a: no visible global function definition for
     ‘sfLibrary’
    fun.load.widals.fill: no visible global function definition for
     ‘sfExport’
    fun.load.widals.fill: no visible global function definition for
     ‘sfLibrary’
    unif.mh: no visible global function definition for ‘runif’
    Undefined global functions or variables:
     rnorm runif sfExport sfLibrary
    Consider adding
     importFrom("stats", "rnorm", "runif")
    to your NAMESPACE file.
Flavor: r-patched-solaris-sparc

Version: 0.5.4
Check: R code for possible problems
Result: NOTE
    fun.load.hals.a: no visible global function definition for 'sfExport'
    fun.load.hals.a: no visible global function definition for 'sfLibrary'
    fun.load.hals.fill: no visible global function definition for
     'sfExport'
    fun.load.hals.fill: no visible global function definition for
     'sfLibrary'
    fun.load.widals.a: no visible global function definition for 'sfExport'
    fun.load.widals.a: no visible global function definition for
     'sfLibrary'
    fun.load.widals.fill: no visible global function definition for
     'sfExport'
    fun.load.widals.fill: no visible global function definition for
     'sfLibrary'
Flavor: r-oldrel-windows-ix86+x86_64