CRAN Package Check Results for Package widals

Last updated on 2014-08-21 13:48:23.

Flavor Version Tinstall Tcheck Ttotal Status Flags
r-devel-linux-x86_64-debian-clang 0.5.4 1.25 144.02 145.27 OK
r-devel-linux-x86_64-debian-gcc 0.5.4 1.28 147.87 149.14 OK
r-devel-linux-x86_64-fedora-clang 0.5.4 52.98 NOTE
r-devel-linux-x86_64-fedora-gcc 0.5.4 46.73 NOTE
r-devel-osx-x86_64-clang 0.5.4 208.13 NOTE
r-devel-windows-ix86+x86_64 0.5.4 6.00 205.00 211.00 OK
r-patched-linux-x86_64 0.5.4 1.39 140.86 142.25 OK
r-patched-solaris-sparc 0.5.4 224.00 OK --no-vignettes
r-patched-solaris-x86 0.5.4 488.10 OK
r-release-linux-ix86 0.5.4 1.92 238.16 240.08 OK
r-release-linux-x86_64 0.5.4 1.44 143.97 145.41 OK
r-release-osx-x86_64-mavericks 0.5.4 NOTE
r-release-osx-x86_64-snowleopard 0.5.4 OK
r-release-windows-ix86+x86_64 0.5.4 6.00 268.00 274.00 OK
r-oldrel-windows-ix86+x86_64 0.5.4 7.00 190.00 197.00 OK

Check Details

Version: 0.5.4
Check: R code for possible problems
Result: NOTE
    fun.load.hals.a: no visible global function definition for ‘sfExport’
    fun.load.hals.a: no visible global function definition for ‘sfLibrary’
    fun.load.hals.fill: no visible global function definition for
     ‘sfExport’
    fun.load.hals.fill: no visible global function definition for
     ‘sfLibrary’
    fun.load.widals.a: no visible global function definition for ‘sfExport’
    fun.load.widals.a: no visible global function definition for
     ‘sfLibrary’
    fun.load.widals.fill: no visible global function definition for
     ‘sfExport’
    fun.load.widals.fill: no visible global function definition for
     ‘sfLibrary’
Flavors: r-devel-linux-x86_64-fedora-clang, r-devel-linux-x86_64-fedora-gcc, r-devel-osx-x86_64-clang

Version: 0.5.4
Check: re-building of vignette outputs
Result: NOTE
    Error in re-building vignettes:
     ...
    Error in texi2dvi(file = file, pdf = TRUE, clean = clean, quiet = quiet, :
     Running 'texi2dvi' on 'funwithfunload.tex' failed.
    LaTeX errors:
    ! LaTeX Error: File `supertabular.sty' not found.
    
    Type X to quit or <RETURN> to proceed,
    or enter new name. (Default extension: sty)
    
    test/widals/vignettes/funwithfunload.tex:12: ==> Fatal error occurred, no outp
    ut PDF file produced!
    Calls: buildVignettes -> texi2pdf -> texi2dvi
    Execution halted
Flavor: r-release-osx-x86_64-mavericks