CRAN Package Check Results for Package widals

Last updated on 2016-02-10 10:48:04.

Flavor Version Tinstall Tcheck Ttotal Status Flags
r-devel-linux-x86_64-debian-gcc 0.5.4 1.33 81.67 83.00 NOTE
r-devel-linux-x86_64-fedora-clang 0.5.4 40.09 NOTE
r-devel-linux-x86_64-fedora-gcc 0.5.4 38.57 NOTE
r-devel-osx-x86_64-clang 0.5.4 138.09 NOTE
r-devel-windows-ix86+x86_64 0.5.4 6.00 153.00 159.00 NOTE
r-patched-linux-x86_64 0.5.4 1.56 147.22 148.78 NOTE
r-patched-solaris-sparc 0.5.4 204.90 NOTE --no-vignettes
r-patched-solaris-x86 0.5.4 429.00 NOTE
r-release-linux-x86_64 0.5.4 1.45 151.64 153.09 NOTE
r-release-osx-x86_64-mavericks 0.5.4 NOTE
r-release-windows-ix86+x86_64 0.5.4 10.00 279.00 289.00 NOTE
r-oldrel-windows-ix86+x86_64 0.5.4 11.00 297.00 308.00 NOTE

Check Details

Version: 0.5.4
Check: DESCRIPTION meta-information
Result: NOTE
    Malformed Description field: should contain one or more complete sentences.
Flavors: r-devel-linux-x86_64-debian-gcc, r-devel-linux-x86_64-fedora-clang, r-devel-linux-x86_64-fedora-gcc, r-devel-osx-x86_64-clang, r-devel-windows-ix86+x86_64, r-patched-linux-x86_64, r-patched-solaris-x86, r-release-linux-x86_64, r-release-osx-x86_64-mavericks, r-release-windows-ix86+x86_64

Version: 0.5.4
Check: R code for possible problems
Result: NOTE
    dlog.norm: no visible global function definition for ‘rnorm’
    fun.load.hals.a: no visible global function definition for ‘sfExport’
    fun.load.hals.a: no visible global function definition for ‘sfLibrary’
    fun.load.hals.fill: no visible global function definition for
     ‘sfExport’
    fun.load.hals.fill: no visible global function definition for
     ‘sfLibrary’
    fun.load.widals.a: no visible global function definition for ‘sfExport’
    fun.load.widals.a: no visible global function definition for
     ‘sfLibrary’
    fun.load.widals.fill: no visible global function definition for
     ‘sfExport’
    fun.load.widals.fill: no visible global function definition for
     ‘sfLibrary’
    unif.mh: no visible global function definition for ‘runif’
    Undefined global functions or variables:
     rnorm runif sfExport sfLibrary
    Consider adding
     importFrom("stats", "rnorm", "runif")
    to your NAMESPACE file.
Flavors: r-devel-linux-x86_64-debian-gcc, r-devel-linux-x86_64-fedora-clang, r-devel-linux-x86_64-fedora-gcc, r-devel-osx-x86_64-clang, r-devel-windows-ix86+x86_64

Version: 0.5.4
Check: R code for possible problems
Result: NOTE
    fun.load.hals.a: no visible global function definition for ‘sfExport’
    fun.load.hals.a: no visible global function definition for ‘sfLibrary’
    fun.load.hals.fill: no visible global function definition for
     ‘sfExport’
    fun.load.hals.fill: no visible global function definition for
     ‘sfLibrary’
    fun.load.widals.a: no visible global function definition for ‘sfExport’
    fun.load.widals.a: no visible global function definition for
     ‘sfLibrary’
    fun.load.widals.fill: no visible global function definition for
     ‘sfExport’
    fun.load.widals.fill: no visible global function definition for
     ‘sfLibrary’
Flavors: r-patched-linux-x86_64, r-patched-solaris-x86, r-release-linux-x86_64, r-release-osx-x86_64-mavericks, r-release-windows-ix86+x86_64, r-oldrel-windows-ix86+x86_64

Version: 0.5.4
Flags: --no-vignettes
Check: DESCRIPTION meta-information
Result: NOTE
    Malformed Description field: should contain one or more complete sentences.
Flavor: r-patched-solaris-sparc

Version: 0.5.4
Flags: --no-vignettes
Check: R code for possible problems
Result: NOTE
    fun.load.hals.a: no visible global function definition for ‘sfExport’
    fun.load.hals.a: no visible global function definition for ‘sfLibrary’
    fun.load.hals.fill: no visible global function definition for
     ‘sfExport’
    fun.load.hals.fill: no visible global function definition for
     ‘sfLibrary’
    fun.load.widals.a: no visible global function definition for ‘sfExport’
    fun.load.widals.a: no visible global function definition for
     ‘sfLibrary’
    fun.load.widals.fill: no visible global function definition for
     ‘sfExport’
    fun.load.widals.fill: no visible global function definition for
     ‘sfLibrary’
Flavor: r-patched-solaris-sparc