CRAN Package Check Results for Package widals

Last updated on 2015-05-29 15:47:16.

Flavor Version Tinstall Tcheck Ttotal Status Flags
r-devel-linux-x86_64-debian-clang 0.5.4 1.29 152.24 153.52 NOTE
r-devel-linux-x86_64-debian-gcc 0.5.4 1.28 164.94 166.23 NOTE
r-devel-linux-x86_64-fedora-clang 0.5.4 46.91 NOTE
r-devel-linux-x86_64-fedora-gcc 0.5.4 44.15 NOTE
r-devel-osx-x86_64-clang 0.5.4 192.45 NOTE
r-devel-windows-ix86+x86_64 0.5.4 7.00 199.00 206.00 NOTE
r-patched-linux-x86_64 0.5.4 1.27 160.31 161.58 NOTE
r-patched-solaris-sparc 0.5.4 217.50 NOTE --no-vignettes
r-patched-solaris-x86 0.5.4 451.40 NOTE
r-release-linux-x86_64 0.5.4 1.25 154.24 155.48 NOTE
r-release-osx-x86_64-mavericks 0.5.4 NOTE
r-release-osx-x86_64-snowleopard 0.5.4 NOTE
r-release-windows-ix86+x86_64 0.5.4 6.00 234.00 240.00 NOTE
r-oldrel-windows-ix86+x86_64 0.5.4 8.00 209.00 217.00 NOTE

Check Details

Version: 0.5.4
Check: DESCRIPTION meta-information
Result: NOTE
    Malformed Description field: should contain one or more complete sentences.
Flavors: r-devel-linux-x86_64-debian-clang, r-devel-linux-x86_64-debian-gcc, r-devel-linux-x86_64-fedora-clang, r-devel-linux-x86_64-fedora-gcc, r-devel-osx-x86_64-clang, r-devel-windows-ix86+x86_64, r-patched-linux-x86_64, r-patched-solaris-x86, r-release-linux-x86_64, r-release-osx-x86_64-mavericks, r-release-osx-x86_64-snowleopard, r-release-windows-ix86+x86_64

Version: 0.5.4
Check: R code for possible problems
Result: NOTE
    fun.load.hals.a: no visible global function definition for ‘sfExport’
    fun.load.hals.a: no visible global function definition for ‘sfLibrary’
    fun.load.hals.fill: no visible global function definition for
     ‘sfExport’
    fun.load.hals.fill: no visible global function definition for
     ‘sfLibrary’
    fun.load.widals.a: no visible global function definition for ‘sfExport’
    fun.load.widals.a: no visible global function definition for
     ‘sfLibrary’
    fun.load.widals.fill: no visible global function definition for
     ‘sfExport’
    fun.load.widals.fill: no visible global function definition for
     ‘sfLibrary’
Flavors: r-devel-linux-x86_64-debian-clang, r-devel-linux-x86_64-debian-gcc, r-devel-linux-x86_64-fedora-clang, r-devel-linux-x86_64-fedora-gcc, r-devel-osx-x86_64-clang, r-devel-windows-ix86+x86_64, r-patched-linux-x86_64, r-patched-solaris-x86, r-release-linux-x86_64, r-release-osx-x86_64-mavericks, r-release-osx-x86_64-snowleopard, r-release-windows-ix86+x86_64, r-oldrel-windows-ix86+x86_64

Version: 0.5.4
Flags: --no-vignettes
Check: DESCRIPTION meta-information
Result: NOTE
    Malformed Description field: should contain one or more complete sentences.
Flavor: r-patched-solaris-sparc

Version: 0.5.4
Flags: --no-vignettes
Check: R code for possible problems
Result: NOTE
    fun.load.hals.a: no visible global function definition for ‘sfExport’
    fun.load.hals.a: no visible global function definition for ‘sfLibrary’
    fun.load.hals.fill: no visible global function definition for
     ‘sfExport’
    fun.load.hals.fill: no visible global function definition for
     ‘sfLibrary’
    fun.load.widals.a: no visible global function definition for ‘sfExport’
    fun.load.widals.a: no visible global function definition for
     ‘sfLibrary’
    fun.load.widals.fill: no visible global function definition for
     ‘sfExport’
    fun.load.widals.fill: no visible global function definition for
     ‘sfLibrary’
Flavor: r-patched-solaris-sparc