CRAN Package Check Results for Package widenet

Last updated on 2014-04-24 17:49:56.

Flavor Version Tinstall Tcheck Ttotal Status Flags
r-devel-linux-x86_64-debian-clang 0.1-2 3.91 43.64 47.55 OK
r-devel-linux-x86_64-debian-gcc 0.1-2 3.84 42.93 46.76 OK
r-devel-linux-x86_64-fedora-clang 0.1-2 109.57 OK
r-devel-linux-x86_64-fedora-gcc 0.1-2 106.03 OK
r-devel-osx-x86_64-clang 0.1-2 95.69 OK
r-devel-osx-x86_64-gcc 0.1-2 NOTE
r-devel-windows-ix86+x86_64 0.1-2 12.00 85.00 97.00 NOTE
r-patched-linux-x86_64 0.1-2 3.71 42.56 46.28 OK
r-patched-solaris-sparc 0.1-2 582.30 OK
r-patched-solaris-x86 0.1-2 135.50 OK
r-release-linux-ix86 0.1-2 6.00 99.00 105.00 OK
r-release-linux-x86_64 0.1-2 3.72 43.07 46.79 OK
r-release-osx-x86_64-mavericks 0.1-2 WARN
r-release-osx-x86_64-snowleopard 0.1-2 NOTE
r-release-windows-ix86+x86_64 0.1-2 10.00 85.00 95.00 NOTE
r-oldrel-windows-ix86+x86_64 0.1-2 10.00 79.00 89.00 NOTE

Check Details

Version: 0.1-2
Check: package dependencies
Result: NOTE
    Package suggested but not available for checking: ‘genefilter’
Flavors: r-devel-osx-x86_64-gcc, r-release-osx-x86_64-mavericks, r-release-osx-x86_64-snowleopard

Version: 0.1-2
Check: R code for possible problems
Result: NOTE
    screen.ttest: no visible global function definition for ‘colttests’
Flavors: r-devel-osx-x86_64-gcc, r-release-osx-x86_64-mavericks, r-release-osx-x86_64-snowleopard

Version: 0.1-2
Check: R code for possible problems
Result: NOTE
    widenet: no visible global function definition for 'mc.reset.stream'
Flavors: r-devel-windows-ix86+x86_64, r-release-windows-ix86+x86_64, r-oldrel-windows-ix86+x86_64

Version: 0.1-2
Check: PDF version of manual
Result: WARNING
    LaTeX errors when creating PDF version.
    This typically indicates Rd problems.
    LaTeX errors found:
    ! LaTeX Error: File `upquote.sty' not found.
    
    Type X to quit or <RETURN> to proceed,
    or enter new name. (Default extension: sty)
    
    ed547ca/Rd2.tex:8: ==> Fatal error occurred, no output PDF file produced!
Flavor: r-release-osx-x86_64-mavericks