CRAN Package Check Results for Package widenet

Last updated on 2017-02-27 03:50:49.

Flavor Version Tinstall Tcheck Ttotal Status Flags
r-devel-linux-x86_64-debian-clang 0.1-2 2.81 32.69 35.50 NOTE
r-devel-linux-x86_64-debian-gcc 0.1-2 2.72 32.02 34.73 NOTE
r-devel-linux-x86_64-fedora-clang 0.1-2 77.41 NOTE --no-stop-on-test-error
r-devel-linux-x86_64-fedora-gcc 0.1-2 81.71 NOTE --no-stop-on-test-error
r-devel-macos-x86_64-clang 0.1-2 61.81 NOTE --no-stop-on-test-error
r-devel-windows-ix86+x86_64 0.1-2 10.00 104.00 114.00 NOTE
r-patched-linux-x86_64 0.1-2 2.48 28.47 30.95 NOTE
r-patched-solaris-sparc 0.1-2 387.10 NOTE
r-patched-solaris-x86 0.1-2 79.70 NOTE
r-release-linux-x86_64 0.1-2 2.56 28.45 31.01 NOTE
r-release-osx-x86_64-mavericks 0.1-2 NOTE
r-release-windows-ix86+x86_64 0.1-2 23.00 69.00 92.00 NOTE
r-oldrel-windows-ix86+x86_64 0.1-2 13.00 113.00 126.00 NOTE

Check Details

Version: 0.1-2
Check: dependencies in R code
Result: NOTE
    'library' or 'require' calls in package code:
     ‘genefilter’ ‘parallel’
     Please use :: or requireNamespace() instead.
     See section 'Suggested packages' in the 'Writing R Extensions' manual.
Flavors: r-devel-linux-x86_64-debian-clang, r-devel-linux-x86_64-debian-gcc, r-devel-windows-ix86+x86_64, r-patched-linux-x86_64, r-patched-solaris-sparc, r-patched-solaris-x86, r-release-linux-x86_64, r-release-osx-x86_64-mavericks, r-release-windows-ix86+x86_64, r-oldrel-windows-ix86+x86_64

Version: 0.1-2
Check: R code for possible problems
Result: NOTE
    .onAttach: no visible global function definition for
     ‘packageDescription’
    .relax.cvcompute: no visible binding for global variable
     ‘weighted.mean’
    .relax.widenet.cv.elnet: no visible global function definition for
     ‘predict’
    .relax.widenet.cv.elnet: no visible binding for global variable
     ‘weighted.mean’
    .relax.widenet.cv.lognet: no visible global function definition for
     ‘predict’
    .relax.widenet.cv.lognet: no visible binding for global variable
     ‘weighted.mean’
    .widenet.cv.elnet: no visible global function definition for ‘predict’
    .widenet.cv.elnet: no visible binding for global variable
     ‘weighted.mean’
    .widenet.cv.lognet: no visible global function definition for ‘predict’
    .widenet.cv.lognet: no visible binding for global variable
     ‘weighted.mean’
    predict.widenet: no visible global function definition for ‘predict’
    screen.cor : <anonymous>: no visible global function definition for
     ‘var’
    screen.cor : <anonymous>: no visible global function definition for
     ‘cor.test’
    screen.ttest: no visible global function definition for ‘colttests’
    widenet: no visible global function definition for ‘mc.reset.stream’
    widenet: no visible global function definition for ‘mclapply’
    widenet: no visible global function definition for ‘predict’
    Undefined global functions or variables:
     colttests cor.test mc.reset.stream mclapply packageDescription
     predict var weighted.mean
    Consider adding
     importFrom("stats", "cor.test", "predict", "var", "weighted.mean")
     importFrom("utils", "packageDescription")
    to your NAMESPACE file.
Flavors: r-devel-linux-x86_64-debian-clang, r-devel-linux-x86_64-debian-gcc, r-devel-windows-ix86+x86_64, r-patched-linux-x86_64, r-patched-solaris-sparc, r-patched-solaris-x86, r-release-linux-x86_64, r-release-osx-x86_64-mavericks, r-release-windows-ix86+x86_64

Version: 0.1-2
Check: compiled code
Result: NOTE
    File ‘widenet/libs/widenet.so’:
     Found no calls to: ‘R_registerRoutines’, ‘R_useDynamicSymbols’
    
    It is good practice to register native routines and to disable symbol
    search.
    
    See ‘Writing portable packages’ in the ‘Writing R Extensions’ manual.
Flavors: r-devel-linux-x86_64-debian-clang, r-devel-linux-x86_64-debian-gcc

Version: 0.1-2
Flags: --no-stop-on-test-error
Check: dependencies in R code
Result: NOTE
    'library' or 'require' calls in package code:
     ‘genefilter’ ‘parallel’
     Please use :: or requireNamespace() instead.
     See section 'Suggested packages' in the 'Writing R Extensions' manual.
Flavors: r-devel-linux-x86_64-fedora-clang, r-devel-linux-x86_64-fedora-gcc, r-devel-macos-x86_64-clang

Version: 0.1-2
Flags: --no-stop-on-test-error
Check: R code for possible problems
Result: NOTE
    .onAttach: no visible global function definition for
     ‘packageDescription’
    .relax.cvcompute: no visible binding for global variable
     ‘weighted.mean’
    .relax.widenet.cv.elnet: no visible global function definition for
     ‘predict’
    .relax.widenet.cv.elnet: no visible binding for global variable
     ‘weighted.mean’
    .relax.widenet.cv.lognet: no visible global function definition for
     ‘predict’
    .relax.widenet.cv.lognet: no visible binding for global variable
     ‘weighted.mean’
    .widenet.cv.elnet: no visible global function definition for ‘predict’
    .widenet.cv.elnet: no visible binding for global variable
     ‘weighted.mean’
    .widenet.cv.lognet: no visible global function definition for ‘predict’
    .widenet.cv.lognet: no visible binding for global variable
     ‘weighted.mean’
    predict.widenet: no visible global function definition for ‘predict’
    screen.cor : <anonymous>: no visible global function definition for
     ‘var’
    screen.cor : <anonymous>: no visible global function definition for
     ‘cor.test’
    screen.ttest: no visible global function definition for ‘colttests’
    widenet: no visible global function definition for ‘mc.reset.stream’
    widenet: no visible global function definition for ‘mclapply’
    widenet: no visible global function definition for ‘predict’
    Undefined global functions or variables:
     colttests cor.test mc.reset.stream mclapply packageDescription
     predict var weighted.mean
    Consider adding
     importFrom("stats", "cor.test", "predict", "var", "weighted.mean")
     importFrom("utils", "packageDescription")
    to your NAMESPACE file.
Flavors: r-devel-linux-x86_64-fedora-clang, r-devel-linux-x86_64-fedora-gcc, r-devel-macos-x86_64-clang

Version: 0.1-2
Flags: --no-stop-on-test-error
Check: compiled code
Result: NOTE
    File ‘widenet/libs/widenet.so’:
     Found no calls to: ‘R_registerRoutines’, ‘R_useDynamicSymbols’
    
    It is good practice to register native routines and to disable symbol
    search.
    
    See ‘Writing portable packages’ in the ‘Writing R Extensions’ manual.
Flavors: r-devel-linux-x86_64-fedora-clang, r-devel-linux-x86_64-fedora-gcc, r-devel-macos-x86_64-clang

Version: 0.1-2
Check: R code for possible problems
Result: NOTE
    screen.ttest: no visible global function definition for 'colttests'
    widenet: no visible global function definition for 'mc.reset.stream'
    widenet: no visible global function definition for 'mclapply'
Flavor: r-oldrel-windows-ix86+x86_64