CRAN Package Check Results for Package widenet

Last updated on 2014-09-02 15:49:11.

Flavor Version Tinstall Tcheck Ttotal Status Flags
r-devel-linux-x86_64-debian-clang 0.1-2 3.47 38.29 41.76 NOTE
r-devel-linux-x86_64-debian-gcc 0.1-2 3.43 37.84 41.27 NOTE
r-devel-linux-x86_64-fedora-clang 0.1-2 101.12 NOTE
r-devel-linux-x86_64-fedora-gcc 0.1-2 95.67 NOTE
r-devel-osx-x86_64-clang 0.1-2 85.86 NOTE
r-devel-windows-ix86+x86_64 0.1-2 12.00 71.00 83.00 NOTE
r-patched-linux-x86_64 0.1-2 3.67 41.81 45.48 OK
r-patched-solaris-sparc 0.1-2 564.50 OK
r-patched-solaris-x86 0.1-2 136.00 OK
r-release-linux-ix86 0.1-2 4.47 71.18 75.66 OK
r-release-linux-x86_64 0.1-2 3.74 43.11 46.84 OK
r-release-osx-x86_64-mavericks 0.1-2 NOTE
r-release-osx-x86_64-snowleopard 0.1-2 NOTE
r-release-windows-ix86+x86_64 0.1-2 10.00 86.00 96.00 NOTE
r-oldrel-windows-ix86+x86_64 0.1-2 11.00 82.00 93.00 NOTE

Check Details

Version: 0.1-2
Check: R code for possible problems
Result: NOTE
    screen.ttest: no visible global function definition for ‘colttests’
    widenet: no visible global function definition for ‘mc.reset.stream’
    widenet: no visible global function definition for ‘mclapply’
Flavors: r-devel-linux-x86_64-debian-clang, r-devel-linux-x86_64-debian-gcc, r-devel-linux-x86_64-fedora-clang, r-devel-linux-x86_64-fedora-gcc, r-devel-osx-x86_64-clang, r-devel-windows-ix86+x86_64

Version: 0.1-2
Check: package dependencies
Result: NOTE
    Package suggested but not available for checking: ‘genefilter’
Flavors: r-release-osx-x86_64-mavericks, r-release-osx-x86_64-snowleopard

Version: 0.1-2
Check: R code for possible problems
Result: NOTE
    screen.ttest: no visible global function definition for ‘colttests’
Flavors: r-release-osx-x86_64-mavericks, r-release-osx-x86_64-snowleopard

Version: 0.1-2
Check: R code for possible problems
Result: NOTE
    widenet: no visible global function definition for 'mc.reset.stream'
Flavors: r-release-windows-ix86+x86_64, r-oldrel-windows-ix86+x86_64