CRAN Package Check Results for Package widenet

Last updated on 2014-11-26 11:48:51.

Flavor Version Tinstall Tcheck Ttotal Status Flags
r-devel-linux-x86_64-debian-clang 0.1-2 3.52 40.04 43.56 NOTE
r-devel-linux-x86_64-debian-gcc 0.1-2 3.55 38.98 42.52 NOTE
r-devel-linux-x86_64-fedora-clang 0.1-2 102.05 NOTE
r-devel-linux-x86_64-fedora-gcc 0.1-2 95.85 NOTE
r-devel-osx-x86_64-clang 0.1-2 92.21 NOTE
r-devel-windows-ix86+x86_64 0.1-2 11.00 70.00 81.00 NOTE
r-patched-linux-x86_64 0.1-2 3.92 39.49 43.41 NOTE
r-patched-solaris-sparc 0.1-2 655.00 NOTE
r-patched-solaris-x86 0.1-2 131.00 NOTE
r-release-linux-ix86 0.1-2 4.30 60.35 64.65 NOTE
r-release-linux-x86_64 0.1-2 3.66 40.09 43.75 NOTE
r-release-osx-x86_64-mavericks 0.1-2 NOTE
r-release-osx-x86_64-snowleopard 0.1-2 NOTE
r-release-windows-ix86+x86_64 0.1-2 10.00 80.00 90.00 NOTE
r-oldrel-windows-ix86+x86_64 0.1-2 12.00 77.00 89.00 NOTE

Check Details

Version: 0.1-2
Check: R code for possible problems
Result: NOTE
    screen.ttest: no visible global function definition for ‘colttests’
    widenet: no visible global function definition for ‘mc.reset.stream’
    widenet: no visible global function definition for ‘mclapply’
Flavors: r-devel-linux-x86_64-debian-clang, r-devel-linux-x86_64-debian-gcc, r-devel-linux-x86_64-fedora-clang, r-devel-linux-x86_64-fedora-gcc, r-devel-osx-x86_64-clang, r-devel-windows-ix86+x86_64, r-patched-linux-x86_64, r-patched-solaris-sparc, r-patched-solaris-x86, r-release-linux-ix86, r-release-linux-x86_64, r-release-windows-ix86+x86_64

Version: 0.1-2
Check: package dependencies
Result: NOTE
    Package suggested but not available for checking: ‘genefilter’
Flavors: r-release-osx-x86_64-mavericks, r-release-osx-x86_64-snowleopard

Version: 0.1-2
Check: R code for possible problems
Result: NOTE
    screen.ttest: no visible global function definition for ‘colttests’
Flavors: r-release-osx-x86_64-mavericks, r-release-osx-x86_64-snowleopard

Version: 0.1-2
Check: R code for possible problems
Result: NOTE
    widenet: no visible global function definition for 'mc.reset.stream'
Flavor: r-oldrel-windows-ix86+x86_64