CRAN Package Check Results for Package widenet

Last updated on 2015-03-07 03:50:26.

Flavor Version Tinstall Tcheck Ttotal Status Flags
r-devel-linux-x86_64-debian-clang 0.1-2 2.94 33.34 36.28 NOTE
r-devel-linux-x86_64-debian-gcc 0.1-2 2.84 32.26 35.10 NOTE
r-devel-linux-x86_64-fedora-clang 0.1-2 72.72 NOTE
r-devel-linux-x86_64-fedora-gcc 0.1-2 68.86 NOTE
r-devel-osx-x86_64-clang 0.1-2 73.33 NOTE
r-devel-windows-ix86+x86_64 0.1-2 16.00 64.00 80.00 NOTE
r-patched-linux-x86_64 0.1-2 3.81 41.22 45.03 NOTE
r-patched-solaris-sparc 0.1-2 570.70 NOTE
r-patched-solaris-x86 0.1-2 134.30 NOTE
r-release-linux-ix86 0.1-2 4.44 60.15 64.58 NOTE
r-release-linux-x86_64 0.1-2 3.90 41.03 44.93 NOTE
r-release-osx-x86_64-mavericks 0.1-2 NOTE
r-release-osx-x86_64-snowleopard 0.1-2 NOTE
r-release-windows-ix86+x86_64 0.1-2 11.00 86.00 97.00 NOTE
r-oldrel-windows-ix86+x86_64 0.1-2 11.00 121.00 132.00 NOTE

Check Details

Version: 0.1-2
Check: dependencies in R code
Result: NOTE
    'library' or 'require' calls in package code:
     ‘genefilter’ ‘parallel’
     Please use :: or requireNamespace() instead.
     See section 'Suggested packages' in the 'Writing R Extensions' manual.
Flavors: r-devel-linux-x86_64-debian-clang, r-devel-linux-x86_64-debian-gcc, r-devel-linux-x86_64-fedora-clang, r-devel-linux-x86_64-fedora-gcc, r-devel-osx-x86_64-clang, r-devel-windows-ix86+x86_64, r-patched-linux-x86_64, r-patched-solaris-sparc, r-patched-solaris-x86

Version: 0.1-2
Check: R code for possible problems
Result: NOTE
    screen.ttest: no visible global function definition for ‘colttests’
    widenet: no visible global function definition for ‘mc.reset.stream’
    widenet: no visible global function definition for ‘mclapply’
Flavors: r-devel-linux-x86_64-debian-clang, r-devel-linux-x86_64-debian-gcc, r-devel-linux-x86_64-fedora-clang, r-devel-linux-x86_64-fedora-gcc, r-devel-osx-x86_64-clang, r-devel-windows-ix86+x86_64, r-patched-linux-x86_64, r-patched-solaris-sparc, r-patched-solaris-x86, r-release-linux-ix86, r-release-linux-x86_64, r-release-osx-x86_64-mavericks, r-release-windows-ix86+x86_64

Version: 0.1-2
Check: package dependencies
Result: NOTE
    Package suggested but not available for checking: ‘genefilter’
Flavors: r-release-osx-x86_64-mavericks, r-release-osx-x86_64-snowleopard

Version: 0.1-2
Check: R code for possible problems
Result: NOTE
    screen.ttest: no visible global function definition for 'colttests'
Flavor: r-release-osx-x86_64-snowleopard

Version: 0.1-2
Check: R code for possible problems
Result: NOTE
    widenet: no visible global function definition for 'mc.reset.stream'
Flavor: r-oldrel-windows-ix86+x86_64