CRAN Package Check Results for Package widenet

Last updated on 2014-07-25 10:52:07.

Flavor Version Tinstall Tcheck Ttotal Status Flags
r-devel-linux-x86_64-debian-clang 0.1-2 3.75 42.37 46.12 OK
r-devel-linux-x86_64-debian-gcc 0.1-2 3.58 41.55 45.12 OK
r-devel-linux-x86_64-fedora-clang 0.1-2 109.50 OK
r-devel-linux-x86_64-fedora-gcc 0.1-2 104.47 OK
r-devel-osx-x86_64-clang 0.1-2 94.84 OK
r-devel-windows-ix86+x86_64 0.1-2 12.00 81.00 93.00 NOTE
r-patched-linux-x86_64 0.1-2 3.61 41.64 45.25 OK
r-patched-solaris-sparc 0.1-2 582.30 OK
r-patched-solaris-x86 0.1-2 136.50 OK
r-release-linux-ix86 0.1-2 4.48 70.76 75.24 OK
r-release-linux-x86_64 0.1-2 3.82 42.46 46.28 OK
r-release-osx-x86_64-mavericks 0.1-2 NOTE
r-release-osx-x86_64-snowleopard 0.1-2 NOTE
r-release-windows-ix86+x86_64 0.1-2 10.00 84.00 94.00 NOTE
r-oldrel-windows-ix86+x86_64 0.1-2 12.00 76.00 88.00 NOTE

Check Details

Version: 0.1-2
Check: R code for possible problems
Result: NOTE
    widenet: no visible global function definition for 'mc.reset.stream'
Flavors: r-devel-windows-ix86+x86_64, r-release-windows-ix86+x86_64, r-oldrel-windows-ix86+x86_64

Version: 0.1-2
Check: package dependencies
Result: NOTE
    Package suggested but not available for checking: ‘genefilter’
Flavors: r-release-osx-x86_64-mavericks, r-release-osx-x86_64-snowleopard

Version: 0.1-2
Check: R code for possible problems
Result: NOTE
    screen.ttest: no visible global function definition for ‘colttests’
Flavors: r-release-osx-x86_64-mavericks, r-release-osx-x86_64-snowleopard