CRAN Package Check Results for Package widenet

Last updated on 2014-10-25 05:48:52.

Flavor Version Tinstall Tcheck Ttotal Status Flags
r-devel-linux-x86_64-debian-clang 0.1-2 3.64 38.93 42.57 NOTE
r-devel-linux-x86_64-debian-gcc 0.1-2 3.45 38.48 41.93 NOTE
r-devel-linux-x86_64-fedora-clang 0.1-2 99.65 NOTE
r-devel-linux-x86_64-fedora-gcc 0.1-2 95.24 NOTE
r-devel-osx-x86_64-clang 0.1-2 92.57 NOTE
r-devel-windows-ix86+x86_64 0.1-2 10.00 72.00 82.00 NOTE
r-patched-linux-x86_64 0.1-2 3.63 39.61 43.24 NOTE
r-patched-solaris-sparc 0.1-2 655.00 NOTE
r-patched-solaris-x86 0.1-2 131.30 NOTE
r-release-linux-ix86 0.1-2 4.52 78.49 83.01 OK
r-release-linux-x86_64 0.1-2 3.73 42.51 46.24 OK
r-release-osx-x86_64-mavericks 0.1-2 NOTE
r-release-osx-x86_64-snowleopard 0.1-2 NOTE
r-release-windows-ix86+x86_64 0.1-2 11.00 81.00 92.00 NOTE
r-oldrel-windows-ix86+x86_64 0.1-2 11.00 81.00 92.00 NOTE

Check Details

Version: 0.1-2
Check: R code for possible problems
Result: NOTE
    screen.ttest: no visible global function definition for ‘colttests’
    widenet: no visible global function definition for ‘mc.reset.stream’
    widenet: no visible global function definition for ‘mclapply’
Flavors: r-devel-linux-x86_64-debian-clang, r-devel-linux-x86_64-debian-gcc, r-devel-linux-x86_64-fedora-clang, r-devel-linux-x86_64-fedora-gcc, r-devel-osx-x86_64-clang, r-devel-windows-ix86+x86_64, r-patched-linux-x86_64, r-patched-solaris-sparc, r-patched-solaris-x86

Version: 0.1-2
Check: package dependencies
Result: NOTE
    Package suggested but not available for checking: ‘genefilter’
Flavors: r-release-osx-x86_64-mavericks, r-release-osx-x86_64-snowleopard

Version: 0.1-2
Check: R code for possible problems
Result: NOTE
    screen.ttest: no visible global function definition for ‘colttests’
Flavors: r-release-osx-x86_64-mavericks, r-release-osx-x86_64-snowleopard

Version: 0.1-2
Check: R code for possible problems
Result: NOTE
    widenet: no visible global function definition for 'mc.reset.stream'
Flavors: r-release-windows-ix86+x86_64, r-oldrel-windows-ix86+x86_64