CRAN Package Check Results for Package widenet

Last updated on 2016-05-03 23:47:09.

Flavor Version Tinstall Tcheck Ttotal Status Flags
r-devel-linux-x86_64-debian-gcc 0.1-2 3.02 31.96 34.99 NOTE
r-devel-linux-x86_64-fedora-clang 0.1-2 67.24 NOTE
r-devel-linux-x86_64-fedora-gcc 0.1-2 62.23 NOTE
r-devel-osx-x86_64-clang 0.1-2 75.19 NOTE
r-devel-windows-ix86+x86_64 0.1-2 11.00 75.00 86.00 NOTE
r-patched-linux-x86_64 0.1-2 3.00 31.12 34.12 NOTE
r-patched-solaris-sparc 0.1-2 387.70 NOTE
r-patched-solaris-x86 0.1-2 88.00 NOTE
r-release-linux-x86_64 0.1-2 3.13 34.10 37.23 NOTE
r-release-osx-x86_64-mavericks 0.1-2 NOTE
r-release-windows-ix86+x86_64 0.1-2 9.00 95.00 104.00 NOTE
r-oldrel-windows-ix86+x86_64 0.1-2 18.00 101.00 119.00 NOTE

Check Details

Version: 0.1-2
Check: dependencies in R code
Result: NOTE
    'library' or 'require' calls in package code:
     ‘genefilter’ ‘parallel’
     Please use :: or requireNamespace() instead.
     See section 'Suggested packages' in the 'Writing R Extensions' manual.
Flavors: r-devel-linux-x86_64-debian-gcc, r-devel-linux-x86_64-fedora-clang, r-devel-linux-x86_64-fedora-gcc, r-devel-osx-x86_64-clang, r-devel-windows-ix86+x86_64, r-patched-linux-x86_64, r-patched-solaris-sparc, r-patched-solaris-x86, r-release-linux-x86_64, r-release-osx-x86_64-mavericks, r-release-windows-ix86+x86_64, r-oldrel-windows-ix86+x86_64

Version: 0.1-2
Check: R code for possible problems
Result: NOTE
    .onAttach: no visible global function definition for
     ‘packageDescription’
    .relax.cvcompute: no visible binding for global variable
     ‘weighted.mean’
    .relax.widenet.cv.elnet: no visible global function definition for
     ‘predict’
    .relax.widenet.cv.elnet: no visible binding for global variable
     ‘weighted.mean’
    .relax.widenet.cv.lognet: no visible global function definition for
     ‘predict’
    .relax.widenet.cv.lognet: no visible binding for global variable
     ‘weighted.mean’
    .widenet.cv.elnet: no visible global function definition for ‘predict’
    .widenet.cv.elnet: no visible binding for global variable
     ‘weighted.mean’
    .widenet.cv.lognet: no visible global function definition for ‘predict’
    .widenet.cv.lognet: no visible binding for global variable
     ‘weighted.mean’
    predict.widenet: no visible global function definition for ‘predict’
    screen.cor : <anonymous>: no visible global function definition for
     ‘var’
    screen.cor : <anonymous>: no visible global function definition for
     ‘cor.test’
    screen.ttest: no visible global function definition for ‘colttests’
    widenet: no visible global function definition for ‘mc.reset.stream’
    widenet: no visible global function definition for ‘mclapply’
    widenet: no visible global function definition for ‘predict’
    Undefined global functions or variables:
     colttests cor.test mc.reset.stream mclapply packageDescription
     predict var weighted.mean
    Consider adding
     importFrom("stats", "cor.test", "predict", "var", "weighted.mean")
     importFrom("utils", "packageDescription")
    to your NAMESPACE file.
Flavors: r-devel-linux-x86_64-debian-gcc, r-devel-linux-x86_64-fedora-clang, r-devel-linux-x86_64-fedora-gcc, r-devel-osx-x86_64-clang, r-devel-windows-ix86+x86_64, r-patched-linux-x86_64, r-patched-solaris-sparc, r-patched-solaris-x86

Version: 0.1-2
Check: R code for possible problems
Result: NOTE
    screen.ttest: no visible global function definition for ‘colttests’
    widenet: no visible global function definition for ‘mc.reset.stream’
    widenet: no visible global function definition for ‘mclapply’
Flavors: r-release-linux-x86_64, r-release-osx-x86_64-mavericks, r-release-windows-ix86+x86_64, r-oldrel-windows-ix86+x86_64

Version: 0.1-2
Check: package dependencies
Result: NOTE
    Package suggested but not available for checking: ‘genefilter’
Flavor: r-release-osx-x86_64-mavericks