CRAN Package Check Results for Package widenet

Last updated on 2015-08-05 06:48:06.

Flavor Version Tinstall Tcheck Ttotal Status Flags
r-devel-linux-x86_64-debian-clang 0.1-2 2.89 33.33 36.22 NOTE
r-devel-linux-x86_64-debian-gcc 0.1-2 2.91 34.29 37.20 NOTE
r-devel-linux-x86_64-fedora-clang 0.1-2 73.88 NOTE
r-devel-linux-x86_64-fedora-gcc 0.1-2 68.33 NOTE
r-devel-osx-x86_64-clang 0.1-2 64.20 NOTE
r-devel-windows-ix86+x86_64 0.1-2 15.00 97.00 112.00 NOTE
r-patched-linux-x86_64 0.1-2 3.03 32.94 35.98 NOTE
r-patched-solaris-sparc 0.1-2 458.00 NOTE
r-patched-solaris-x86 0.1-2 101.30 NOTE
r-release-linux-x86_64 0.1-2 3.08 33.44 36.52 NOTE
r-release-osx-x86_64-mavericks 0.1-2 NOTE
r-release-windows-ix86+x86_64 0.1-2 14.00 102.00 116.00 NOTE
r-oldrel-windows-ix86+x86_64 0.1-2 18.00 98.00 116.00 NOTE

Check Details

Version: 0.1-2
Check: dependencies in R code
Result: NOTE
    'library' or 'require' calls in package code:
     ‘genefilter’ ‘parallel’
     Please use :: or requireNamespace() instead.
     See section 'Suggested packages' in the 'Writing R Extensions' manual.
Flavors: r-devel-linux-x86_64-debian-clang, r-devel-linux-x86_64-debian-gcc, r-devel-linux-x86_64-fedora-clang, r-devel-linux-x86_64-fedora-gcc, r-devel-osx-x86_64-clang, r-devel-windows-ix86+x86_64, r-patched-linux-x86_64, r-patched-solaris-sparc, r-patched-solaris-x86, r-release-linux-x86_64, r-release-osx-x86_64-mavericks, r-release-windows-ix86+x86_64, r-oldrel-windows-ix86+x86_64

Version: 0.1-2
Check: R code for possible problems
Result: NOTE
    .onAttach: no visible global function definition for
     ‘packageDescription’
    .relax.cvcompute: no visible binding for global variable
     ‘weighted.mean’
    .relax.widenet.cv.elnet: no visible global function definition for
     ‘predict’
    .relax.widenet.cv.elnet: no visible binding for global variable
     ‘weighted.mean’
    .relax.widenet.cv.lognet: no visible global function definition for
     ‘predict’
    .relax.widenet.cv.lognet: no visible binding for global variable
     ‘weighted.mean’
    .widenet.cv.elnet: no visible global function definition for ‘predict’
    .widenet.cv.elnet: no visible binding for global variable
     ‘weighted.mean’
    .widenet.cv.lognet: no visible global function definition for ‘predict’
    .widenet.cv.lognet: no visible binding for global variable
     ‘weighted.mean’
    predict.widenet: no visible global function definition for ‘predict’
    screen.cor : <anonymous>: no visible global function definition for
     ‘var’
    screen.cor : <anonymous>: no visible global function definition for
     ‘cor.test’
    screen.ttest: no visible global function definition for ‘colttests’
    widenet: no visible global function definition for ‘mc.reset.stream’
    widenet: no visible global function definition for ‘mclapply’
    widenet: no visible global function definition for ‘predict’
    Undefined global functions or variables:
     colttests cor.test mc.reset.stream mclapply packageDescription
     predict var weighted.mean
    Consider adding
     importFrom("stats", "cor.test", "predict", "var", "weighted.mean")
     importFrom("utils", "packageDescription")
    to your NAMESPACE.
Flavors: r-devel-linux-x86_64-debian-clang, r-devel-linux-x86_64-debian-gcc, r-devel-linux-x86_64-fedora-clang, r-devel-linux-x86_64-fedora-gcc, r-devel-windows-ix86+x86_64

Version: 0.1-2
Check: R code for possible problems
Result: NOTE
    screen.ttest: no visible global function definition for ‘colttests’
    widenet: no visible global function definition for ‘mc.reset.stream’
    widenet: no visible global function definition for ‘mclapply’
    Undefined global functions or variables:
     colttests mc.reset.stream mclapply
Flavor: r-devel-osx-x86_64-clang

Version: 0.1-2
Check: R code for possible problems
Result: NOTE
    screen.ttest: no visible global function definition for ‘colttests’
    widenet: no visible global function definition for ‘mc.reset.stream’
    widenet: no visible global function definition for ‘mclapply’
Flavors: r-patched-linux-x86_64, r-patched-solaris-sparc, r-patched-solaris-x86, r-release-linux-x86_64, r-release-osx-x86_64-mavericks, r-release-windows-ix86+x86_64, r-oldrel-windows-ix86+x86_64

Version: 0.1-2
Check: package dependencies
Result: NOTE
    Package suggested but not available for checking: ‘genefilter’
Flavor: r-release-osx-x86_64-mavericks