CRAN Package Check Results for Package widenet

Last updated on 2015-05-30 03:49:04.

Flavor Version Tinstall Tcheck Ttotal Status Flags
r-devel-linux-x86_64-debian-clang 0.1-2 2.96 35.33 38.30 NOTE
r-devel-linux-x86_64-debian-gcc 0.1-2 2.93 32.89 35.82 NOTE
r-devel-linux-x86_64-fedora-clang 0.1-2 73.55 NOTE
r-devel-linux-x86_64-fedora-gcc 0.1-2 70.13 NOTE
r-devel-osx-x86_64-clang 0.1-2 68.79 NOTE
r-devel-windows-ix86+x86_64 0.1-2 10.00 64.00 74.00 NOTE
r-patched-linux-x86_64 0.1-2 2.92 33.54 36.46 NOTE
r-patched-solaris-sparc 0.1-2 447.40 NOTE
r-patched-solaris-x86 0.1-2 102.30 NOTE
r-release-linux-x86_64 0.1-2 3.02 33.82 36.84 NOTE
r-release-osx-x86_64-mavericks 0.1-2 NOTE
r-release-osx-x86_64-snowleopard 0.1-2 NOTE
r-release-windows-ix86+x86_64 0.1-2 10.00 68.00 78.00 NOTE
r-oldrel-windows-ix86+x86_64 0.1-2 11.00 80.00 91.00 NOTE

Check Details

Version: 0.1-2
Check: dependencies in R code
Result: NOTE
    'library' or 'require' calls in package code:
     ‘genefilter’ ‘parallel’
     Please use :: or requireNamespace() instead.
     See section 'Suggested packages' in the 'Writing R Extensions' manual.
Flavors: r-devel-linux-x86_64-debian-clang, r-devel-linux-x86_64-debian-gcc, r-devel-linux-x86_64-fedora-clang, r-devel-linux-x86_64-fedora-gcc, r-devel-osx-x86_64-clang, r-devel-windows-ix86+x86_64, r-patched-linux-x86_64, r-patched-solaris-sparc, r-patched-solaris-x86, r-release-linux-x86_64, r-release-osx-x86_64-mavericks, r-release-osx-x86_64-snowleopard, r-release-windows-ix86+x86_64, r-oldrel-windows-ix86+x86_64

Version: 0.1-2
Check: R code for possible problems
Result: NOTE
    screen.ttest: no visible global function definition for ‘colttests’
    widenet: no visible global function definition for ‘mc.reset.stream’
    widenet: no visible global function definition for ‘mclapply’
Flavors: r-devel-linux-x86_64-debian-clang, r-devel-linux-x86_64-debian-gcc, r-devel-linux-x86_64-fedora-clang, r-devel-linux-x86_64-fedora-gcc, r-devel-osx-x86_64-clang, r-devel-windows-ix86+x86_64, r-patched-linux-x86_64, r-patched-solaris-sparc, r-patched-solaris-x86, r-release-linux-x86_64, r-release-osx-x86_64-mavericks, r-release-osx-x86_64-snowleopard, r-release-windows-ix86+x86_64, r-oldrel-windows-ix86+x86_64

Version: 0.1-2
Check: package dependencies
Result: NOTE
    Package suggested but not available for checking: ‘genefilter’
Flavors: r-release-osx-x86_64-mavericks, r-release-osx-x86_64-snowleopard