CRAN Package Check Results for Package widenet

Last updated on 2014-08-01 17:48:34.

Flavor Version Tinstall Tcheck Ttotal Status Flags
r-devel-linux-x86_64-debian-clang 0.1-2 3.61 42.12 45.73 OK
r-devel-linux-x86_64-debian-gcc 0.1-2 3.60 42.50 46.10 OK
r-devel-linux-x86_64-fedora-clang 0.1-2 109.50 OK
r-devel-linux-x86_64-fedora-gcc 0.1-2 104.68 OK
r-devel-osx-x86_64-clang 0.1-2 94.34 OK
r-devel-windows-ix86+x86_64 0.1-2 12.00 81.00 93.00 NOTE
r-patched-linux-x86_64 0.1-2 3.74 41.62 45.36 OK
r-patched-solaris-sparc 0.1-2 564.50 OK
r-patched-solaris-x86 0.1-2 137.20 OK
r-release-linux-ix86 0.1-2 4.42 68.90 73.32 OK
r-release-linux-x86_64 0.1-2 4.36 42.21 46.57 OK
r-release-osx-x86_64-mavericks 0.1-2 NOTE
r-release-osx-x86_64-snowleopard 0.1-2 NOTE
r-release-windows-ix86+x86_64 0.1-2 18.00 108.00 126.00 NOTE
r-oldrel-windows-ix86+x86_64 0.1-2 16.00 106.00 122.00 NOTE

Check Details

Version: 0.1-2
Check: R code for possible problems
Result: NOTE
    widenet: no visible global function definition for 'mc.reset.stream'
Flavors: r-devel-windows-ix86+x86_64, r-release-windows-ix86+x86_64, r-oldrel-windows-ix86+x86_64

Version: 0.1-2
Check: package dependencies
Result: NOTE
    Package suggested but not available for checking: genefilter
Flavors: r-release-osx-x86_64-mavericks, r-release-osx-x86_64-snowleopard

Version: 0.1-2
Check: R code for possible problems
Result: NOTE
    screen.ttest: no visible global function definition for colttests
Flavors: r-release-osx-x86_64-mavericks, r-release-osx-x86_64-snowleopard