CRAN Package Check Results for Package widyr

Last updated on 2019-03-24 01:51:23 CET.

Flavor Version Tinstall Tcheck Ttotal Status Flags
r-devel-linux-x86_64-debian-clang 0.1.1 7.87 98.43 106.30 OK
r-devel-linux-x86_64-debian-gcc 0.1.1 6.57 77.41 83.98 OK
r-devel-linux-x86_64-fedora-clang 0.1.1 130.34 OK
r-devel-linux-x86_64-fedora-gcc 0.1.1 122.38 OK
r-devel-windows-ix86+x86_64 0.1.1 22.00 168.00 190.00 OK
r-patched-linux-x86_64 0.1.1 4.76 92.82 97.58 OK
r-patched-solaris-x86 0.1.1 180.50 OK
r-release-linux-x86_64 0.1.1 0.34 2.30 2.64 ERROR
r-release-windows-ix86+x86_64 0.1.1 11.00 129.00 140.00 OK
r-release-osx-x86_64 0.1.1 OK
r-oldrel-windows-ix86+x86_64 0.1.1 9.00 187.00 196.00 OK
r-oldrel-osx-x86_64 0.1.1 OK

Check Details

Version: 0.1.1
Check: whether package can be installed
Result: ERROR
    Installation failed.
Flavor: r-release-linux-x86_64