CRAN Package Check Results for Package wikifacts

Last updated on 2020-09-23 09:24:38 CEST.

Flavor Version Tinstall Tcheck Ttotal Status Flags
r-devel-linux-x86_64-debian-clang 0.4 2.19 24.83 27.02 OK
r-devel-linux-x86_64-debian-gcc 0.4 1.72 19.27 20.99 ERROR
r-devel-linux-x86_64-fedora-clang 0.4 44.18 NOTE
r-devel-linux-x86_64-fedora-gcc 0.4 31.00 NOTE
r-devel-windows-ix86+x86_64 0.4 5.00 48.00 53.00 OK
r-patched-linux-x86_64 0.4 1.82 23.82 25.64 OK
r-patched-solaris-x86 0.4 46.00 NOTE
r-release-linux-x86_64 0.4 1.94 24.12 26.06 OK
r-release-macos-x86_64 0.4 NOTE
r-release-windows-ix86+x86_64 0.4 4.00 55.00 59.00 OK
r-oldrel-macos-x86_64 0.4 NOTE
r-oldrel-windows-ix86+x86_64 0.4 3.00 40.00 43.00 OK

Check Details

Version: 0.4
Check: tests
Result: ERROR
     Running ‘testthat.R’ [2s/10s]
    Running the tests in ‘tests/testthat.R’ failed.
    Complete output:
     > library(testthat)
     > library(wikifacts)
     >
     > test_check("wikifacts")
     ── 1. Failure: wiki_onthisday() generates a valid fact (@test-onthisday.R#2) ──
     `.` not equal to "Did you know".
     1/1 mismatches
     x[1]: "I got nothin"
     y[1]: "Did you know"
    
     ── 2. Failure: wiki_randomfact() generates a valid didyouknow fact (@test-random
     `.` not equal to "Did you know".
     1/1 mismatches
     x[1]: "I got nothin"
     y[1]: "Did you know"
    
     ══ testthat results ═══════════════════════════════════════════════════════════
     [ OK: 14 | SKIPPED: 0 | WARNINGS: 0 | FAILED: 2 ]
     1. Failure: wiki_onthisday() generates a valid fact (@test-onthisday.R#2)
     2. Failure: wiki_randomfact() generates a valid didyouknow fact (@test-randomfact.R#2)
    
     Error: testthat unit tests failed
     Execution halted
Flavor: r-devel-linux-x86_64-debian-gcc

Version: 0.4
Check: dependencies in R code
Result: NOTE
    Namespace in Imports field not imported from: ‘curl’
     All declared Imports should be used.
Flavors: r-devel-linux-x86_64-fedora-clang, r-devel-linux-x86_64-fedora-gcc, r-patched-solaris-x86, r-release-macos-x86_64, r-oldrel-macos-x86_64